
CREATE TABLE `drup_actions` (
  `aid` varchar(255) NOT NULL DEFAULT '0' COMMENT 'Primary Key: Unique actions ID.',
  `type` varchar(32) NOT NULL DEFAULT '' COMMENT 'The object that that action acts on (node, user, comment, system or custom types.)',
  `callback` varchar(255) NOT NULL DEFAULT '' COMMENT 'The callback function that executes when the action runs.',
  `parameters` longblob NOT NULL COMMENT 'Parameters to be passed to the callback function.',
  `label` varchar(255) NOT NULL DEFAULT '0' COMMENT 'Label of the action.',
  PRIMARY KEY (`aid`)
) TYPE=InnoDB COMMENT='Stores action information.';

INSERT INTO `drup_actions` VALUES
('comment_publish_action', 'comment', 'comment_publish_action', '', 'Publish comment'),
('comment_save_action', 'comment', 'comment_save_action', '', 'Save comment'),
('comment_unpublish_action', 'comment', 'comment_unpublish_action', '', 'Unpublish comment'),
('node_make_sticky_action', 'node', 'node_make_sticky_action', '', 'Make content sticky'),
('node_make_unsticky_action', 'node', 'node_make_unsticky_action', '', 'Make content unsticky'),
('node_promote_action', 'node', 'node_promote_action', '', 'Promote content to front page'),
('node_publish_action', 'node', 'node_publish_action', '', 'Publish content'),
('node_save_action', 'node', 'node_save_action', '', 'Save content'),
('node_unpromote_action', 'node', 'node_unpromote_action', '', 'Remove content from front page'),
('node_unpublish_action', 'node', 'node_unpublish_action', '', 'Unpublish content'),
('system_block_ip_action', 'user', 'system_block_ip_action', '', 'Ban IP address of current user'),
('user_block_user_action', 'user', 'user_block_user_action', '', 'Block current user');

CREATE TABLE `drup_authmap` (
  `aid` int(10) unsigned NOT NULL AUTO_INCREMENT COMMENT 'Primary Key: Unique authmap ID.',
  `uid` int(11) NOT NULL DEFAULT '0' COMMENT 'User’s aVc3_users.uid.',
  `authname` varchar(128) NOT NULL DEFAULT '' COMMENT 'Unique authentication name.',
  `module` varchar(128) NOT NULL DEFAULT '' COMMENT 'Module which is controlling the authentication.',
  PRIMARY KEY (`aid`),
  UNIQUE KEY `authname` (`authname`)
) TYPE=InnoDB COMMENT='Stores distributed authentication mapping.';

CREATE TABLE `drup_batch` (
  `bid` int(10) unsigned NOT NULL COMMENT 'Primary Key: Unique batch ID.',
  `token` varchar(64) NOT NULL COMMENT 'A string token generated against the current user’s session id and the batch id, used to ensure that only the user who submitted the batch can effectively access it.',
  `timestamp` int(11) NOT NULL COMMENT 'A Unix timestamp indicating when this batch was submitted for processing. Stale batches are purged at cron time.',
  `batch` longblob COMMENT 'A serialized array containing the processing data for the batch.',
  PRIMARY KEY (`bid`),
  KEY `token` (`token`)
) TYPE=InnoDB COMMENT='Stores details about batches (processes that run in...';

CREATE TABLE `drup_block` (
  `bid` int(11) NOT NULL AUTO_INCREMENT COMMENT 'Primary Key: Unique block ID.',
  `module` varchar(64) NOT NULL DEFAULT '' COMMENT 'The module from which the block originates; for example, ’user’ for the Who’s Online block, and ’block’ for any custom blocks.',
  `delta` varchar(32) NOT NULL DEFAULT '0' COMMENT 'Unique ID for block within a module.',
  `theme` varchar(64) NOT NULL DEFAULT '' COMMENT 'The theme under which the block settings apply.',
  `status` tinyint(4) NOT NULL DEFAULT '0' COMMENT 'Block enabled status. (1 = enabled, 0 = disabled)',
  `weight` int(11) NOT NULL DEFAULT '0' COMMENT 'Block weight within region.',
  `region` varchar(64) NOT NULL DEFAULT '' COMMENT 'Theme region within which the block is set.',
  `custom` tinyint(4) NOT NULL DEFAULT '0' COMMENT 'Flag to indicate how users may control visibility of the block. (0 = Users cannot control, 1 = On by default, but can be hidden, 2 = Hidden by default, but can be shown)',
  `visibility` tinyint(4) NOT NULL DEFAULT '0' COMMENT 'Flag to indicate how to show blocks on pages. (0 = Show on all pages except listed pages, 1 = Show only on listed pages, 2 = Use custom PHP code to determine visibility)',
  `pages` text NOT NULL COMMENT 'Contents of the "Pages" block; contains either a list of paths on which to include/exclude the block or PHP code, depending on "visibility" setting.',
  `title` varchar(64) NOT NULL DEFAULT '' COMMENT 'Custom title for the block. (Empty string will use block default title, <none> will remove the title, text will cause block to use specified title.)',
  `cache` tinyint(4) NOT NULL DEFAULT '1' COMMENT 'Binary flag to indicate block cache mode. (-2: Custom cache, -1: Do not cache, 1: Cache per role, 2: Cache per user, 4: Cache per page, 8: Block cache global) See DRUPAL_CACHE_* constants in ../includes/common.inc for more detailed information.',
  PRIMARY KEY (`bid`),
  UNIQUE KEY `tmd` (`theme`,`module`,`delta`),
  KEY `list` (`theme`,`status`,`region`,`weight`,`module`)
) TYPE=InnoDB  COMMENT='Stores block settings, such as region and visibility...';

INSERT INTO `drup_block` VALUES
(1, 'system', 'main', 'bartik', 1, 0, 'content', 0, 0, '', '', -1),
(2, 'search', 'form', 'bartik', 1, -1, 'sidebar_first', 0, 0, '', '', -1),
(3, 'node', 'recent', 'seven', 1, 10, 'dashboard_main', 0, 0, '', '', -1),
(4, 'user', 'login', 'bartik', 1, 0, 'sidebar_first', 0, 0, '', '', -1),
(5, 'system', 'navigation', 'bartik', 1, 0, 'sidebar_first', 0, 0, '', '', -1),
(6, 'system', 'powered-by', 'bartik', 1, 10, 'footer', 0, 0, '', '', -1),
(7, 'system', 'help', 'bartik', 1, 0, 'help', 0, 0, '', '', -1),
(8, 'system', 'main', 'seven', 1, 0, 'content', 0, 0, '', '', -1),
(9, 'system', 'help', 'seven', 1, 0, 'help', 0, 0, '', '', -1),
(10, 'user', 'login', 'seven', 1, 10, 'content', 0, 0, '', '', -1),
(11, 'user', 'new', 'seven', 1, 0, 'dashboard_sidebar', 0, 0, '', '', -1),
(12, 'search', 'form', 'seven', 1, -10, 'dashboard_sidebar', 0, 0, '', '', -1),
(13, 'comment', 'recent', 'bartik', 0, 0, '-1', 0, 0, '', '', 1),
(14, 'node', 'syndicate', 'bartik', 0, 0, '-1', 0, 0, '', '', -1),
(15, 'node', 'recent', 'bartik', 0, 0, '-1', 0, 0, '', '', 1),
(16, 'shortcut', 'shortcuts', 'bartik', 0, 0, '-1', 0, 0, '', '', -1),
(17, 'system', 'management', 'bartik', 0, 0, '-1', 0, 0, '', '', -1),
(18, 'system', 'user-menu', 'bartik', 0, 0, '-1', 0, 0, '', '', -1),
(19, 'system', 'main-menu', 'bartik', 0, 0, '-1', 0, 0, '', '', -1),
(20, 'user', 'new', 'bartik', 0, 0, '-1', 0, 0, '', '', 1),
(21, 'user', 'online', 'bartik', 0, 0, '-1', 0, 0, '', '', -1),
(22, 'comment', 'recent', 'seven', 1, 0, 'dashboard_inactive', 0, 0, '', '', 1),
(23, 'node', 'syndicate', 'seven', 0, 0, '-1', 0, 0, '', '', -1),
(24, 'shortcut', 'shortcuts', 'seven', 0, 0, '-1', 0, 0, '', '', -1),
(25, 'system', 'powered-by', 'seven', 0, 10, '-1', 0, 0, '', '', -1),
(26, 'system', 'navigation', 'seven', 0, 0, '-1', 0, 0, '', '', -1),
(27, 'system', 'management', 'seven', 0, 0, '-1', 0, 0, '', '', -1),
(28, 'system', 'user-menu', 'seven', 0, 0, '-1', 0, 0, '', '', -1),
(29, 'system', 'main-menu', 'seven', 0, 0, '-1', 0, 0, '', '', -1),
(30, 'user', 'online', 'seven', 1, 0, 'dashboard_inactive', 0, 0, '', '', -1),
(31, 'locale', 'language', 'bartik', 0, 0, '-1', 0, 0, '', '', -1),
(32, 'locale', 'language', 'seven', 0, 0, '-1', 0, 0, '', '', -1);

CREATE TABLE `drup_blocked_ips` (
  `iid` int(10) unsigned NOT NULL AUTO_INCREMENT COMMENT 'Primary Key: unique ID for IP addresses.',
  `ip` varchar(40) NOT NULL DEFAULT '' COMMENT 'IP address',
  PRIMARY KEY (`iid`),
  KEY `blocked_ip` (`ip`)
) TYPE=InnoDB COMMENT='Stores blocked IP addresses.';

CREATE TABLE `drup_block_custom` (
  `bid` int(10) unsigned NOT NULL AUTO_INCREMENT COMMENT 'The block’s aVc3_block.bid.',
  `body` longtext COMMENT 'Block contents.',
  `info` varchar(128) NOT NULL DEFAULT '' COMMENT 'Block description.',
  `format` varchar(255) DEFAULT NULL COMMENT 'The aVc3_filter_format.format of the block body.',
  PRIMARY KEY (`bid`),
  UNIQUE KEY `info` (`info`)
) TYPE=InnoDB COMMENT='Stores contents of custom-made blocks.';

CREATE TABLE `drup_block_node_type` (
  `module` varchar(64) NOT NULL COMMENT 'The block’s origin module, from aVc3_block.module.',
  `delta` varchar(32) NOT NULL COMMENT 'The block’s unique delta within module, from aVc3_block.delta.',
  `type` varchar(32) NOT NULL COMMENT 'The machine-readable name of this type from aVc3_node_type.type.',
  PRIMARY KEY (`module`,`delta`,`type`),
  KEY `type` (`type`)
) TYPE=InnoDB COMMENT='Sets up display criteria for blocks based on content types';

CREATE TABLE `drup_block_role` (
  `module` varchar(64) NOT NULL COMMENT 'The block’s origin module, from aVc3_block.module.',
  `delta` varchar(32) NOT NULL COMMENT 'The block’s unique delta within module, from aVc3_block.delta.',
  `rid` int(10) unsigned NOT NULL COMMENT 'The user’s role ID from aVc3_users_roles.rid.',
  PRIMARY KEY (`module`,`delta`,`rid`),
  KEY `rid` (`rid`)
) TYPE=InnoDB COMMENT='Sets up access permissions for blocks based on user roles';

CREATE TABLE `drup_cache` (
  `cid` varchar(255) NOT NULL DEFAULT '' COMMENT 'Primary Key: Unique cache ID.',
  `data` longblob COMMENT 'A collection of data to cache.',
  `expire` int(11) NOT NULL DEFAULT '0' COMMENT 'A Unix timestamp indicating when the cache entry should expire, or 0 for never.',
  `created` int(11) NOT NULL DEFAULT '0' COMMENT 'A Unix timestamp indicating when the cache entry was created.',
  `serialized` smallint(6) NOT NULL DEFAULT '0' COMMENT 'A flag to indicate whether content is serialized (1) or not (0).',
  PRIMARY KEY (`cid`),
  KEY `expire` (`expire`)
) TYPE=InnoDB COMMENT='Generic cache table for caching things not separated out...';

CREATE TABLE `drup_cache_block` (
  `cid` varchar(255) NOT NULL DEFAULT '' COMMENT 'Primary Key: Unique cache ID.',
  `data` longblob COMMENT 'A collection of data to cache.',
  `expire` int(11) NOT NULL DEFAULT '0' COMMENT 'A Unix timestamp indicating when the cache entry should expire, or 0 for never.',
  `created` int(11) NOT NULL DEFAULT '0' COMMENT 'A Unix timestamp indicating when the cache entry was created.',
  `serialized` smallint(6) NOT NULL DEFAULT '0' COMMENT 'A flag to indicate whether content is serialized (1) or not (0).',
  PRIMARY KEY (`cid`),
  KEY `expire` (`expire`)
) TYPE=InnoDB COMMENT='Cache table for the Block module to store already built...';

CREATE TABLE `drup_cache_bootstrap` (
  `cid` varchar(255) NOT NULL DEFAULT '' COMMENT 'Primary Key: Unique cache ID.',
  `data` longblob COMMENT 'A collection of data to cache.',
  `expire` int(11) NOT NULL DEFAULT '0' COMMENT 'A Unix timestamp indicating when the cache entry should expire, or 0 for never.',
  `created` int(11) NOT NULL DEFAULT '0' COMMENT 'A Unix timestamp indicating when the cache entry was created.',
  `serialized` smallint(6) NOT NULL DEFAULT '0' COMMENT 'A flag to indicate whether content is serialized (1) or not (0).',
  PRIMARY KEY (`cid`),
  KEY `expire` (`expire`)
) TYPE=InnoDB COMMENT='Cache table for data required to bootstrap Drupal, may be...';

CREATE TABLE `drup_cache_field` (
  `cid` varchar(255) NOT NULL DEFAULT '' COMMENT 'Primary Key: Unique cache ID.',
  `data` longblob COMMENT 'A collection of data to cache.',
  `expire` int(11) NOT NULL DEFAULT '0' COMMENT 'A Unix timestamp indicating when the cache entry should expire, or 0 for never.',
  `created` int(11) NOT NULL DEFAULT '0' COMMENT 'A Unix timestamp indicating when the cache entry was created.',
  `serialized` smallint(6) NOT NULL DEFAULT '0' COMMENT 'A flag to indicate whether content is serialized (1) or not (0).',
  PRIMARY KEY (`cid`),
  KEY `expire` (`expire`)
) TYPE=InnoDB COMMENT='Generic cache table for caching things not separated out...';

CREATE TABLE `drup_cache_filter` (
  `cid` varchar(255) NOT NULL DEFAULT '' COMMENT 'Primary Key: Unique cache ID.',
  `data` longblob COMMENT 'A collection of data to cache.',
  `expire` int(11) NOT NULL DEFAULT '0' COMMENT 'A Unix timestamp indicating when the cache entry should expire, or 0 for never.',
  `created` int(11) NOT NULL DEFAULT '0' COMMENT 'A Unix timestamp indicating when the cache entry was created.',
  `serialized` smallint(6) NOT NULL DEFAULT '0' COMMENT 'A flag to indicate whether content is serialized (1) or not (0).',
  PRIMARY KEY (`cid`),
  KEY `expire` (`expire`)
) TYPE=InnoDB COMMENT='Cache table for the Filter module to store already...';

CREATE TABLE `drup_cache_form` (
  `cid` varchar(255) NOT NULL DEFAULT '' COMMENT 'Primary Key: Unique cache ID.',
  `data` longblob COMMENT 'A collection of data to cache.',
  `expire` int(11) NOT NULL DEFAULT '0' COMMENT 'A Unix timestamp indicating when the cache entry should expire, or 0 for never.',
  `created` int(11) NOT NULL DEFAULT '0' COMMENT 'A Unix timestamp indicating when the cache entry was created.',
  `serialized` smallint(6) NOT NULL DEFAULT '0' COMMENT 'A flag to indicate whether content is serialized (1) or not (0).',
  PRIMARY KEY (`cid`),
  KEY `expire` (`expire`)
) TYPE=InnoDB COMMENT='Cache table for the form system to store recently built...';

CREATE TABLE `drup_cache_image` (
  `cid` varchar(255) NOT NULL DEFAULT '' COMMENT 'Primary Key: Unique cache ID.',
  `data` longblob COMMENT 'A collection of data to cache.',
  `expire` int(11) NOT NULL DEFAULT '0' COMMENT 'A Unix timestamp indicating when the cache entry should expire, or 0 for never.',
  `created` int(11) NOT NULL DEFAULT '0' COMMENT 'A Unix timestamp indicating when the cache entry was created.',
  `serialized` smallint(6) NOT NULL DEFAULT '0' COMMENT 'A flag to indicate whether content is serialized (1) or not (0).',
  PRIMARY KEY (`cid`),
  KEY `expire` (`expire`)
) TYPE=InnoDB COMMENT='Cache table used to store information about image...';

CREATE TABLE `drup_cache_menu` (
  `cid` varchar(255) NOT NULL DEFAULT '' COMMENT 'Primary Key: Unique cache ID.',
  `data` longblob COMMENT 'A collection of data to cache.',
  `expire` int(11) NOT NULL DEFAULT '0' COMMENT 'A Unix timestamp indicating when the cache entry should expire, or 0 for never.',
  `created` int(11) NOT NULL DEFAULT '0' COMMENT 'A Unix timestamp indicating when the cache entry was created.',
  `serialized` smallint(6) NOT NULL DEFAULT '0' COMMENT 'A flag to indicate whether content is serialized (1) or not (0).',
  PRIMARY KEY (`cid`),
  KEY `expire` (`expire`)
) TYPE=InnoDB COMMENT='Cache table for the menu system to store router...';

CREATE TABLE `drup_cache_page` (
  `cid` varchar(255) NOT NULL DEFAULT '' COMMENT 'Primary Key: Unique cache ID.',
  `data` longblob COMMENT 'A collection of data to cache.',
  `expire` int(11) NOT NULL DEFAULT '0' COMMENT 'A Unix timestamp indicating when the cache entry should expire, or 0 for never.',
  `created` int(11) NOT NULL DEFAULT '0' COMMENT 'A Unix timestamp indicating when the cache entry was created.',
  `serialized` smallint(6) NOT NULL DEFAULT '0' COMMENT 'A flag to indicate whether content is serialized (1) or not (0).',
  PRIMARY KEY (`cid`),
  KEY `expire` (`expire`)
) TYPE=InnoDB COMMENT='Cache table used to store compressed pages for anonymous...';

CREATE TABLE `drup_cache_path` (
  `cid` varchar(255) NOT NULL DEFAULT '' COMMENT 'Primary Key: Unique cache ID.',
  `data` longblob COMMENT 'A collection of data to cache.',
  `expire` int(11) NOT NULL DEFAULT '0' COMMENT 'A Unix timestamp indicating when the cache entry should expire, or 0 for never.',
  `created` int(11) NOT NULL DEFAULT '0' COMMENT 'A Unix timestamp indicating when the cache entry was created.',
  `serialized` smallint(6) NOT NULL DEFAULT '0' COMMENT 'A flag to indicate whether content is serialized (1) or not (0).',
  PRIMARY KEY (`cid`),
  KEY `expire` (`expire`)
) TYPE=InnoDB COMMENT='Cache table for path alias lookup.';

CREATE TABLE `drup_comment` (
  `cid` int(11) NOT NULL AUTO_INCREMENT COMMENT 'Primary Key: Unique comment ID.',
  `pid` int(11) NOT NULL DEFAULT '0' COMMENT 'The aVc3_comment.cid to which this comment is a reply. If set to 0, this comment is not a reply to an existing comment.',
  `nid` int(11) NOT NULL DEFAULT '0' COMMENT 'The aVc3_node.nid to which this comment is a reply.',
  `uid` int(11) NOT NULL DEFAULT '0' COMMENT 'The aVc3_users.uid who authored the comment. If set to 0, this comment was created by an anonymous user.',
  `subject` varchar(64) NOT NULL DEFAULT '' COMMENT 'The comment title.',
  `hostname` varchar(128) NOT NULL DEFAULT '' COMMENT 'The author’s host name.',
  `created` int(11) NOT NULL DEFAULT '0' COMMENT 'The time that the comment was created, as a Unix timestamp.',
  `changed` int(11) NOT NULL DEFAULT '0' COMMENT 'The time that the comment was last edited, as a Unix timestamp.',
  `status` tinyint(3) unsigned NOT NULL DEFAULT '1',
  `thread` varchar(255) NOT NULL COMMENT 'The vancode representation of the comment’s place in a thread.',
  `name` varchar(60) DEFAULT NULL COMMENT 'The comment author’s name. Uses aVc3_users.name if the user is logged in, otherwise uses the value typed into the comment form.',
  `mail` varchar(64) DEFAULT NULL COMMENT 'The comment author’s e-mail address from the comment form, if user is anonymous, and the ’Anonymous users may/must leave their contact information’ setting is turned on.',
  `homepage` varchar(255) DEFAULT NULL COMMENT 'The comment author’s home page address from the comment form, if user is anonymous, and the ’Anonymous users may/must leave their contact information’ setting is turned on.',
  `language` varchar(12) NOT NULL DEFAULT '' COMMENT 'The aVc3_languages.language of this comment.',
  PRIMARY KEY (`cid`),
  KEY `comment_num_new` (`nid`,`status`,`created`,`cid`,`thread`),
  KEY `comment_uid` (`uid`),
  KEY `comment_nid_language` (`nid`,`language`),
  KEY `comment_created` (`created`),
  KEY `comment_status_pid` (`pid`,`status`)
) TYPE=InnoDB COMMENT='Stores comments and associated data.';

CREATE TABLE `drup_date_formats` (
  `dfid` int(10) unsigned NOT NULL AUTO_INCREMENT COMMENT 'The date format identifier.',
  `format` varchar(100) NOT NULL COMMENT 'The date format string.',
  `type` varchar(64) NOT NULL COMMENT 'The date format type, e.g. medium.',
  `locked` tinyint(4) NOT NULL DEFAULT '0' COMMENT 'Whether or not this format can be modified.',
  PRIMARY KEY (`dfid`),
  UNIQUE KEY `formats` (`format`,`type`)
) TYPE=InnoDB  COMMENT='Stores configured date formats.';

INSERT INTO `drup_date_formats` VALUES
(1, 'Y-m-d H:i', 'short', 1),
(2, 'm/d/Y - H:i', 'short', 1),
(3, 'd/m/Y - H:i', 'short', 1),
(4, 'Y/m/d - H:i', 'short', 1),
(5, 'd.m.Y - H:i', 'short', 1),
(6, 'm/d/Y - g:ia', 'short', 1),
(7, 'd/m/Y - g:ia', 'short', 1),
(8, 'Y/m/d - g:ia', 'short', 1),
(9, 'M j Y - H:i', 'short', 1),
(10, 'j M Y - H:i', 'short', 1),
(11, 'Y M j - H:i', 'short', 1),
(12, 'M j Y - g:ia', 'short', 1),
(13, 'j M Y - g:ia', 'short', 1),
(14, 'Y M j - g:ia', 'short', 1),
(15, 'D, Y-m-d H:i', 'medium', 1),
(16, 'D, m/d/Y - H:i', 'medium', 1),
(17, 'D, d/m/Y - H:i', 'medium', 1),
(18, 'D, Y/m/d - H:i', 'medium', 1),
(19, 'F j, Y - H:i', 'medium', 1),
(20, 'j F, Y - H:i', 'medium', 1),
(21, 'Y, F j - H:i', 'medium', 1),
(22, 'D, m/d/Y - g:ia', 'medium', 1),
(23, 'D, d/m/Y - g:ia', 'medium', 1),
(24, 'D, Y/m/d - g:ia', 'medium', 1),
(25, 'F j, Y - g:ia', 'medium', 1),
(26, 'j F Y - g:ia', 'medium', 1),
(27, 'Y, F j - g:ia', 'medium', 1),
(28, 'j. F Y - G:i', 'medium', 1),
(29, 'l, F j, Y - H:i', 'long', 1),
(30, 'l, j F, Y - H:i', 'long', 1),
(31, 'l, Y,  F j - H:i', 'long', 1),
(32, 'l, F j, Y - g:ia', 'long', 1),
(33, 'l, j F Y - g:ia', 'long', 1),
(34, 'l, Y,  F j - g:ia', 'long', 1),
(35, 'l, j. F Y - G:i', 'long', 1);

CREATE TABLE `drup_date_format_locale` (
  `format` varchar(100) NOT NULL COMMENT 'The date format string.',
  `type` varchar(64) NOT NULL COMMENT 'The date format type, e.g. medium.',
  `language` varchar(12) NOT NULL COMMENT 'A aVc3_languages.language for this format to be used with.',
  PRIMARY KEY (`type`,`language`)
) TYPE=InnoDB COMMENT='Stores configured date formats for each locale.';

CREATE TABLE `drup_date_format_type` (
  `type` varchar(64) NOT NULL COMMENT 'The date format type, e.g. medium.',
  `title` varchar(255) NOT NULL COMMENT 'The human readable name of the format type.',
  `locked` tinyint(4) NOT NULL DEFAULT '0' COMMENT 'Whether or not this is a system provided format.',
  PRIMARY KEY (`type`),
  KEY `title` (`title`)
) TYPE=InnoDB COMMENT='Stores configured date format types.';

INSERT INTO `drup_date_format_type` VALUES
('long', 'Long', 1),
('medium', 'Medium', 1),
('short', 'Short', 1);

CREATE TABLE `drup_field_config` (
  `id` int(11) NOT NULL AUTO_INCREMENT COMMENT 'The primary identifier for a field',
  `field_name` varchar(32) NOT NULL COMMENT 'The name of this field. Non-deleted field names are unique, but multiple deleted fields can have the same name.',
  `type` varchar(128) NOT NULL COMMENT 'The type of this field.',
  `module` varchar(128) NOT NULL DEFAULT '' COMMENT 'The module that implements the field type.',
  `active` tinyint(4) NOT NULL DEFAULT '0' COMMENT 'Boolean indicating whether the module that implements the field type is enabled.',
  `storage_type` varchar(128) NOT NULL COMMENT 'The storage backend for the field.',
  `storage_module` varchar(128) NOT NULL DEFAULT '' COMMENT 'The module that implements the storage backend.',
  `storage_active` tinyint(4) NOT NULL DEFAULT '0' COMMENT 'Boolean indicating whether the module that implements the storage backend is enabled.',
  `locked` tinyint(4) NOT NULL DEFAULT '0' COMMENT '@TODO',
  `data` longblob NOT NULL COMMENT 'Serialized data containing the field properties that do not warrant a dedicated column.',
  `cardinality` tinyint(4) NOT NULL DEFAULT '0',
  `translatable` tinyint(4) NOT NULL DEFAULT '0',
  `deleted` tinyint(4) NOT NULL DEFAULT '0',
  PRIMARY KEY (`id`),
  KEY `field_name` (`field_name`),
  KEY `active` (`active`),
  KEY `storage_active` (`storage_active`),
  KEY `deleted` (`deleted`),
  KEY `module` (`module`),
  KEY `storage_module` (`storage_module`),
  KEY `type` (`type`),
  KEY `storage_type` (`storage_type`)
) TYPE=InnoDB ;

INSERT INTO `drup_field_config` VALUES
(1, 'comment_body', 'text_long', 'text', 1, 'field_sql_storage', 'field_sql_storage', 1, 0, 0x613a363a7b733a31323a22656e746974795f7479706573223b613a313a7b693a303b733a373a22636f6d6d656e74223b7d733a31323a227472616e736c617461626c65223b623a303b733a383a2273657474696e6773223b613a303a7b7d733a373a2273746f72616765223b613a343a7b733a343a2274797065223b733a31373a226669656c645f73716c5f73746f72616765223b733a383a2273657474696e6773223b613a303a7b7d733a363a226d6f64756c65223b733a31373a226669656c645f73716c5f73746f72616765223b733a363a22616374697665223b693a313b7d733a31323a22666f726569676e206b657973223b613a313a7b733a363a22666f726d6174223b613a323a7b733a353a227461626c65223b733a31333a2266696c7465725f666f726d6174223b733a373a22636f6c756d6e73223b613a313a7b733a363a22666f726d6174223b733a363a22666f726d6174223b7d7d7d733a373a22696e6465786573223b613a313a7b733a363a22666f726d6174223b613a313a7b693a303b733a363a22666f726d6174223b7d7d7d, 1, 0, 0),
(2, 'body', 'text_with_summary', 'text', 1, 'field_sql_storage', 'field_sql_storage', 1, 0, 0x613a363a7b733a31323a22656e746974795f7479706573223b613a313a7b693a303b733a343a226e6f6465223b7d733a31323a227472616e736c617461626c65223b623a313b733a383a2273657474696e6773223b613a303a7b7d733a373a2273746f72616765223b613a343a7b733a343a2274797065223b733a31373a226669656c645f73716c5f73746f72616765223b733a383a2273657474696e6773223b613a303a7b7d733a363a226d6f64756c65223b733a31373a226669656c645f73716c5f73746f72616765223b733a363a22616374697665223b693a313b7d733a31323a22666f726569676e206b657973223b613a313a7b733a363a22666f726d6174223b613a323a7b733a353a227461626c65223b733a31333a2266696c7465725f666f726d6174223b733a373a22636f6c756d6e73223b613a313a7b733a363a22666f726d6174223b733a363a22666f726d6174223b7d7d7d733a373a22696e6465786573223b613a313a7b733a363a22666f726d6174223b613a313a7b693a303b733a363a22666f726d6174223b7d7d7d, 1, 1, 0),
(3, 'field_tags', 'taxonomy_term_reference', 'taxonomy', 1, 'field_sql_storage', 'field_sql_storage', 1, 0, 0x613a363a7b733a383a2273657474696e6773223b613a313a7b733a31343a22616c6c6f7765645f76616c756573223b613a313a7b693a303b613a323a7b733a31303a22766f636162756c617279223b733a343a2274616773223b733a363a22706172656e74223b693a303b7d7d7d733a31323a22656e746974795f7479706573223b613a303a7b7d733a31323a227472616e736c617461626c65223b623a303b733a373a2273746f72616765223b613a343a7b733a343a2274797065223b733a31373a226669656c645f73716c5f73746f72616765223b733a383a2273657474696e6773223b613a303a7b7d733a363a226d6f64756c65223b733a31373a226669656c645f73716c5f73746f72616765223b733a363a22616374697665223b693a313b7d733a31323a22666f726569676e206b657973223b613a313a7b733a333a22746964223b613a323a7b733a353a227461626c65223b733a31383a227461786f6e6f6d795f7465726d5f64617461223b733a373a22636f6c756d6e73223b613a313a7b733a333a22746964223b733a333a22746964223b7d7d7d733a373a22696e6465786573223b613a313a7b733a333a22746964223b613a313a7b693a303b733a333a22746964223b7d7d7d, -1, 0, 0),
(4, 'field_image', 'image', 'image', 1, 'field_sql_storage', 'field_sql_storage', 1, 0, 0x613a363a7b733a31323a227472616e736c617461626c65223b623a313b733a373a22696e6465786573223b613a313a7b733a333a22666964223b613a313a7b693a303b733a333a22666964223b7d7d733a383a2273657474696e6773223b613a323a7b733a31303a227572695f736368656d65223b733a363a227075626c6963223b733a31333a2264656661756c745f696d616765223b623a303b7d733a373a2273746f72616765223b613a343a7b733a343a2274797065223b733a31373a226669656c645f73716c5f73746f72616765223b733a383a2273657474696e6773223b613a303a7b7d733a363a226d6f64756c65223b733a31373a226669656c645f73716c5f73746f72616765223b733a363a22616374697665223b693a313b7d733a31323a22656e746974795f7479706573223b613a303a7b7d733a31323a22666f726569676e206b657973223b613a313a7b733a333a22666964223b613a323a7b733a353a227461626c65223b733a31323a2266696c655f6d616e61676564223b733a373a22636f6c756d6e73223b613a313a7b733a333a22666964223b733a333a22666964223b7d7d7d7d, 1, 1, 0);

CREATE TABLE `drup_field_config_instance` (
  `id` int(11) NOT NULL AUTO_INCREMENT COMMENT 'The primary identifier for a field instance',
  `field_id` int(11) NOT NULL COMMENT 'The identifier of the field attached by this instance',
  `field_name` varchar(32) NOT NULL DEFAULT '',
  `entity_type` varchar(32) NOT NULL DEFAULT '',
  `bundle` varchar(128) NOT NULL DEFAULT '',
  `data` longblob NOT NULL,
  `deleted` tinyint(4) NOT NULL DEFAULT '0',
  PRIMARY KEY (`id`),
  KEY `field_name_bundle` (`field_name`,`entity_type`,`bundle`),
  KEY `deleted` (`deleted`)
) TYPE=InnoDB ;

INSERT INTO `drup_field_config_instance` VALUES
(1, 1, 'comment_body', 'comment', 'comment_node_page', 0x613a363a7b733a353a226c6162656c223b733a373a22436f6d6d656e74223b733a383a2273657474696e6773223b613a323a7b733a31353a22746578745f70726f63657373696e67223b693a313b733a31383a22757365725f72656769737465725f666f726d223b623a303b7d733a383a227265717569726564223b623a313b733a373a22646973706c6179223b613a313a7b733a373a2264656661756c74223b613a353a7b733a353a226c6162656c223b733a363a2268696464656e223b733a343a2274797065223b733a31323a22746578745f64656661756c74223b733a363a22776569676874223b693a303b733a383a2273657474696e6773223b613a303a7b7d733a363a226d6f64756c65223b733a343a2274657874223b7d7d733a363a22776964676574223b613a343a7b733a343a2274797065223b733a31333a22746578745f7465787461726561223b733a383a2273657474696e6773223b613a313a7b733a343a22726f7773223b693a353b7d733a363a22776569676874223b693a303b733a363a226d6f64756c65223b733a343a2274657874223b7d733a31313a226465736372697074696f6e223b733a303a22223b7d, 0),
(2, 2, 'body', 'node', 'page', 0x613a373a7b733a353a226c6162656c223b733a343a22426f6479223b733a31313a227769646765745f74797065223b733a32363a22746578745f74657874617265615f776974685f73756d6d617279223b733a383a2273657474696e6773223b613a333a7b733a31353a22646973706c61795f73756d6d617279223b623a313b733a31353a22746578745f70726f63657373696e67223b693a313b733a31383a22757365725f72656769737465725f666f726d223b623a303b7d733a373a22646973706c6179223b613a323a7b733a373a2264656661756c74223b613a353a7b733a353a226c6162656c223b733a363a2268696464656e223b733a343a2274797065223b733a31323a22746578745f64656661756c74223b733a383a2273657474696e6773223b613a303a7b7d733a363a226d6f64756c65223b733a343a2274657874223b733a363a22776569676874223b693a303b7d733a363a22746561736572223b613a353a7b733a353a226c6162656c223b733a363a2268696464656e223b733a343a2274797065223b733a32333a22746578745f73756d6d6172795f6f725f7472696d6d6564223b733a383a2273657474696e6773223b613a313a7b733a31313a227472696d5f6c656e677468223b693a3630303b7d733a363a226d6f64756c65223b733a343a2274657874223b733a363a22776569676874223b693a303b7d7d733a363a22776964676574223b613a343a7b733a343a2274797065223b733a32363a22746578745f74657874617265615f776974685f73756d6d617279223b733a383a2273657474696e6773223b613a323a7b733a343a22726f7773223b693a32303b733a31323a2273756d6d6172795f726f7773223b693a353b7d733a363a22776569676874223b693a2d343b733a363a226d6f64756c65223b733a343a2274657874223b7d733a383a227265717569726564223b623a303b733a31313a226465736372697074696f6e223b733a303a22223b7d, 0),
(3, 1, 'comment_body', 'comment', 'comment_node_article', 0x613a363a7b733a353a226c6162656c223b733a373a22436f6d6d656e74223b733a383a2273657474696e6773223b613a323a7b733a31353a22746578745f70726f63657373696e67223b693a313b733a31383a22757365725f72656769737465725f666f726d223b623a303b7d733a383a227265717569726564223b623a313b733a373a22646973706c6179223b613a313a7b733a373a2264656661756c74223b613a353a7b733a353a226c6162656c223b733a363a2268696464656e223b733a343a2274797065223b733a31323a22746578745f64656661756c74223b733a363a22776569676874223b693a303b733a383a2273657474696e6773223b613a303a7b7d733a363a226d6f64756c65223b733a343a2274657874223b7d7d733a363a22776964676574223b613a343a7b733a343a2274797065223b733a31333a22746578745f7465787461726561223b733a383a2273657474696e6773223b613a313a7b733a343a22726f7773223b693a353b7d733a363a22776569676874223b693a303b733a363a226d6f64756c65223b733a343a2274657874223b7d733a31313a226465736372697074696f6e223b733a303a22223b7d, 0),
(4, 2, 'body', 'node', 'article', 0x613a373a7b733a353a226c6162656c223b733a343a22426f6479223b733a31313a227769646765745f74797065223b733a32363a22746578745f74657874617265615f776974685f73756d6d617279223b733a383a2273657474696e6773223b613a333a7b733a31353a22646973706c61795f73756d6d617279223b623a313b733a31353a22746578745f70726f63657373696e67223b693a313b733a31383a22757365725f72656769737465725f666f726d223b623a303b7d733a373a22646973706c6179223b613a323a7b733a373a2264656661756c74223b613a353a7b733a353a226c6162656c223b733a363a2268696464656e223b733a343a2274797065223b733a31323a22746578745f64656661756c74223b733a383a2273657474696e6773223b613a303a7b7d733a363a226d6f64756c65223b733a343a2274657874223b733a363a22776569676874223b693a303b7d733a363a22746561736572223b613a353a7b733a353a226c6162656c223b733a363a2268696464656e223b733a343a2274797065223b733a32333a22746578745f73756d6d6172795f6f725f7472696d6d6564223b733a383a2273657474696e6773223b613a313a7b733a31313a227472696d5f6c656e677468223b693a3630303b7d733a363a226d6f64756c65223b733a343a2274657874223b733a363a22776569676874223b693a303b7d7d733a363a22776964676574223b613a343a7b733a343a2274797065223b733a32363a22746578745f74657874617265615f776974685f73756d6d617279223b733a383a2273657474696e6773223b613a323a7b733a343a22726f7773223b693a32303b733a31323a2273756d6d6172795f726f7773223b693a353b7d733a363a22776569676874223b693a2d343b733a363a226d6f64756c65223b733a343a2274657874223b7d733a383a227265717569726564223b623a303b733a31313a226465736372697074696f6e223b733a303a22223b7d, 0),
(5, 3, 'field_tags', 'node', 'article', 0x613a363a7b733a353a226c6162656c223b733a343a2254616773223b733a31313a226465736372697074696f6e223b733a36333a22456e746572206120636f6d6d612d736570617261746564206c697374206f6620776f72647320746f20646573637269626520796f757220636f6e74656e742e223b733a363a22776964676574223b613a343a7b733a343a2274797065223b733a32313a227461786f6e6f6d795f6175746f636f6d706c657465223b733a363a22776569676874223b693a2d343b733a383a2273657474696e6773223b613a323a7b733a343a2273697a65223b693a36303b733a31373a226175746f636f6d706c6574655f70617468223b733a32313a227461786f6e6f6d792f6175746f636f6d706c657465223b7d733a363a226d6f64756c65223b733a383a227461786f6e6f6d79223b7d733a373a22646973706c6179223b613a323a7b733a373a2264656661756c74223b613a353a7b733a343a2274797065223b733a32383a227461786f6e6f6d795f7465726d5f7265666572656e63655f6c696e6b223b733a363a22776569676874223b693a31303b733a353a226c6162656c223b733a353a2261626f7665223b733a383a2273657474696e6773223b613a303a7b7d733a363a226d6f64756c65223b733a383a227461786f6e6f6d79223b7d733a363a22746561736572223b613a353a7b733a343a2274797065223b733a32383a227461786f6e6f6d795f7465726d5f7265666572656e63655f6c696e6b223b733a363a22776569676874223b693a31303b733a353a226c6162656c223b733a353a2261626f7665223b733a383a2273657474696e6773223b613a303a7b7d733a363a226d6f64756c65223b733a383a227461786f6e6f6d79223b7d7d733a383a2273657474696e6773223b613a313a7b733a31383a22757365725f72656769737465725f666f726d223b623a303b7d733a383a227265717569726564223b623a303b7d, 0),
(6, 4, 'field_image', 'node', 'article', 0x613a363a7b733a353a226c6162656c223b733a353a22496d616765223b733a31313a226465736372697074696f6e223b733a34303a2255706c6f616420616e20696d61676520746f20676f207769746820746869732061727469636c652e223b733a383a227265717569726564223b623a303b733a383a2273657474696e6773223b613a383a7b733a31343a2266696c655f6469726563746f7279223b733a31313a226669656c642f696d616765223b733a31353a2266696c655f657874656e73696f6e73223b733a31363a22706e6720676966206a7067206a706567223b733a31323a226d61785f66696c6573697a65223b733a303a22223b733a31343a226d61785f7265736f6c7574696f6e223b733a303a22223b733a31343a226d696e5f7265736f6c7574696f6e223b733a303a22223b733a393a22616c745f6669656c64223b623a313b733a31313a227469746c655f6669656c64223b733a303a22223b733a31383a22757365725f72656769737465725f666f726d223b623a303b7d733a363a22776964676574223b613a343a7b733a343a2274797065223b733a31313a22696d6167655f696d616765223b733a383a2273657474696e6773223b613a323a7b733a31383a2270726f67726573735f696e64696361746f72223b733a383a227468726f62626572223b733a31393a22707265766965775f696d6167655f7374796c65223b733a393a227468756d626e61696c223b7d733a363a22776569676874223b693a2d313b733a363a226d6f64756c65223b733a353a22696d616765223b7d733a373a22646973706c6179223b613a323a7b733a373a2264656661756c74223b613a353a7b733a353a226c6162656c223b733a363a2268696464656e223b733a343a2274797065223b733a353a22696d616765223b733a383a2273657474696e6773223b613a323a7b733a31313a22696d6167655f7374796c65223b733a353a226c61726765223b733a31303a22696d6167655f6c696e6b223b733a303a22223b7d733a363a22776569676874223b693a2d313b733a363a226d6f64756c65223b733a353a22696d616765223b7d733a363a22746561736572223b613a353a7b733a353a226c6162656c223b733a363a2268696464656e223b733a343a2274797065223b733a353a22696d616765223b733a383a2273657474696e6773223b613a323a7b733a31313a22696d6167655f7374796c65223b733a363a226d656469756d223b733a31303a22696d6167655f6c696e6b223b733a373a22636f6e74656e74223b7d733a363a22776569676874223b693a2d313b733a363a226d6f64756c65223b733a353a22696d616765223b7d7d7d, 0);

CREATE TABLE `drup_field_data_body` (
  `entity_type` varchar(128) NOT NULL DEFAULT '' COMMENT 'The entity type this data is attached to',
  `bundle` varchar(128) NOT NULL DEFAULT '' COMMENT 'The field instance bundle to which this row belongs, used when deleting a field instance',
  `deleted` tinyint(4) NOT NULL DEFAULT '0' COMMENT 'A boolean indicating whether this data item has been deleted',
  `entity_id` int(10) unsigned NOT NULL COMMENT 'The entity id this data is attached to',
  `revision_id` int(10) unsigned DEFAULT NULL COMMENT 'The entity revision id this data is attached to, or NULL if the entity type is not versioned',
  `language` varchar(32) NOT NULL DEFAULT '' COMMENT 'The language for this data item.',
  `delta` int(10) unsigned NOT NULL COMMENT 'The sequence number for this data item, used for multi-value fields',
  `body_value` longtext,
  `body_summary` longtext,
  `body_format` varchar(255) DEFAULT NULL,
  PRIMARY KEY (`entity_type`,`entity_id`,`deleted`,`delta`,`language`),
  KEY `entity_type` (`entity_type`),
  KEY `bundle` (`bundle`),
  KEY `deleted` (`deleted`),
  KEY `entity_id` (`entity_id`),
  KEY `revision_id` (`revision_id`),
  KEY `language` (`language`),
  KEY `body_format` (`body_format`)
) TYPE=InnoDB COMMENT='Data storage for field 2 (body)';

CREATE TABLE `drup_field_data_comment_body` (
  `entity_type` varchar(128) NOT NULL DEFAULT '' COMMENT 'The entity type this data is attached to',
  `bundle` varchar(128) NOT NULL DEFAULT '' COMMENT 'The field instance bundle to which this row belongs, used when deleting a field instance',
  `deleted` tinyint(4) NOT NULL DEFAULT '0' COMMENT 'A boolean indicating whether this data item has been deleted',
  `entity_id` int(10) unsigned NOT NULL COMMENT 'The entity id this data is attached to',
  `revision_id` int(10) unsigned DEFAULT NULL COMMENT 'The entity revision id this data is attached to, or NULL if the entity type is not versioned',
  `language` varchar(32) NOT NULL DEFAULT '' COMMENT 'The language for this data item.',
  `delta` int(10) unsigned NOT NULL COMMENT 'The sequence number for this data item, used for multi-value fields',
  `comment_body_value` longtext,
  `comment_body_format` varchar(255) DEFAULT NULL,
  PRIMARY KEY (`entity_type`,`entity_id`,`deleted`,`delta`,`language`),
  KEY `entity_type` (`entity_type`),
  KEY `bundle` (`bundle`),
  KEY `deleted` (`deleted`),
  KEY `entity_id` (`entity_id`),
  KEY `revision_id` (`revision_id`),
  KEY `language` (`language`),
  KEY `comment_body_format` (`comment_body_format`)
) TYPE=InnoDB COMMENT='Data storage for field 1 (comment_body)';

CREATE TABLE `drup_field_data_field_image` (
  `entity_type` varchar(128) NOT NULL DEFAULT '' COMMENT 'The entity type this data is attached to',
  `bundle` varchar(128) NOT NULL DEFAULT '' COMMENT 'The field instance bundle to which this row belongs, used when deleting a field instance',
  `deleted` tinyint(4) NOT NULL DEFAULT '0' COMMENT 'A boolean indicating whether this data item has been deleted',
  `entity_id` int(10) unsigned NOT NULL COMMENT 'The entity id this data is attached to',
  `revision_id` int(10) unsigned DEFAULT NULL COMMENT 'The entity revision id this data is attached to, or NULL if the entity type is not versioned',
  `language` varchar(32) NOT NULL DEFAULT '' COMMENT 'The language for this data item.',
  `delta` int(10) unsigned NOT NULL COMMENT 'The sequence number for this data item, used for multi-value fields',
  `field_image_fid` int(10) unsigned DEFAULT NULL COMMENT 'The aVc3_file_managed.fid being referenced in this field.',
  `field_image_alt` varchar(512) DEFAULT NULL,
  `field_image_title` varchar(1024) DEFAULT NULL,
  `field_image_width` int(10) unsigned DEFAULT NULL COMMENT 'The width of the image in pixels.',
  `field_image_height` int(10) unsigned DEFAULT NULL COMMENT 'The height of the image in pixels.',
  PRIMARY KEY (`entity_type`,`entity_id`,`deleted`,`delta`,`language`),
  KEY `entity_type` (`entity_type`),
  KEY `bundle` (`bundle`),
  KEY `deleted` (`deleted`),
  KEY `entity_id` (`entity_id`),
  KEY `revision_id` (`revision_id`),
  KEY `language` (`language`),
  KEY `field_image_fid` (`field_image_fid`)
) TYPE=InnoDB COMMENT='Data storage for field 4 (field_image)';

CREATE TABLE `drup_field_data_field_tags` (
  `entity_type` varchar(128) NOT NULL DEFAULT '' COMMENT 'The entity type this data is attached to',
  `bundle` varchar(128) NOT NULL DEFAULT '' COMMENT 'The field instance bundle to which this row belongs, used when deleting a field instance',
  `deleted` tinyint(4) NOT NULL DEFAULT '0' COMMENT 'A boolean indicating whether this data item has been deleted',
  `entity_id` int(10) unsigned NOT NULL COMMENT 'The entity id this data is attached to',
  `revision_id` int(10) unsigned DEFAULT NULL COMMENT 'The entity revision id this data is attached to, or NULL if the entity type is not versioned',
  `language` varchar(32) NOT NULL DEFAULT '' COMMENT 'The language for this data item.',
  `delta` int(10) unsigned NOT NULL COMMENT 'The sequence number for this data item, used for multi-value fields',
  `field_tags_tid` int(10) unsigned DEFAULT NULL,
  PRIMARY KEY (`entity_type`,`entity_id`,`deleted`,`delta`,`language`),
  KEY `entity_type` (`entity_type`),
  KEY `bundle` (`bundle`),
  KEY `deleted` (`deleted`),
  KEY `entity_id` (`entity_id`),
  KEY `revision_id` (`revision_id`),
  KEY `language` (`language`),
  KEY `field_tags_tid` (`field_tags_tid`)
) TYPE=InnoDB COMMENT='Data storage for field 3 (field_tags)';

CREATE TABLE `drup_field_revision_body` (
  `entity_type` varchar(128) NOT NULL DEFAULT '' COMMENT 'The entity type this data is attached to',
  `bundle` varchar(128) NOT NULL DEFAULT '' COMMENT 'The field instance bundle to which this row belongs, used when deleting a field instance',
  `deleted` tinyint(4) NOT NULL DEFAULT '0' COMMENT 'A boolean indicating whether this data item has been deleted',
  `entity_id` int(10) unsigned NOT NULL COMMENT 'The entity id this data is attached to',
  `revision_id` int(10) unsigned NOT NULL COMMENT 'The entity revision id this data is attached to',
  `language` varchar(32) NOT NULL DEFAULT '' COMMENT 'The language for this data item.',
  `delta` int(10) unsigned NOT NULL COMMENT 'The sequence number for this data item, used for multi-value fields',
  `body_value` longtext,
  `body_summary` longtext,
  `body_format` varchar(255) DEFAULT NULL,
  PRIMARY KEY (`entity_type`,`entity_id`,`revision_id`,`deleted`,`delta`,`language`),
  KEY `entity_type` (`entity_type`),
  KEY `bundle` (`bundle`),
  KEY `deleted` (`deleted`),
  KEY `entity_id` (`entity_id`),
  KEY `revision_id` (`revision_id`),
  KEY `language` (`language`),
  KEY `body_format` (`body_format`)
) TYPE=InnoDB COMMENT='Revision archive storage for field 2 (body)';

CREATE TABLE `drup_field_revision_comment_body` (
  `entity_type` varchar(128) NOT NULL DEFAULT '' COMMENT 'The entity type this data is attached to',
  `bundle` varchar(128) NOT NULL DEFAULT '' COMMENT 'The field instance bundle to which this row belongs, used when deleting a field instance',
  `deleted` tinyint(4) NOT NULL DEFAULT '0' COMMENT 'A boolean indicating whether this data item has been deleted',
  `entity_id` int(10) unsigned NOT NULL COMMENT 'The entity id this data is attached to',
  `revision_id` int(10) unsigned NOT NULL COMMENT 'The entity revision id this data is attached to',
  `language` varchar(32) NOT NULL DEFAULT '' COMMENT 'The language for this data item.',
  `delta` int(10) unsigned NOT NULL COMMENT 'The sequence number for this data item, used for multi-value fields',
  `comment_body_value` longtext,
  `comment_body_format` varchar(255) DEFAULT NULL,
  PRIMARY KEY (`entity_type`,`entity_id`,`revision_id`,`deleted`,`delta`,`language`),
  KEY `entity_type` (`entity_type`),
  KEY `bundle` (`bundle`),
  KEY `deleted` (`deleted`),
  KEY `entity_id` (`entity_id`),
  KEY `revision_id` (`revision_id`),
  KEY `language` (`language`),
  KEY `comment_body_format` (`comment_body_format`)
) TYPE=InnoDB COMMENT='Revision archive storage for field 1 (comment_body)';

CREATE TABLE `drup_field_revision_field_image` (
  `entity_type` varchar(128) NOT NULL DEFAULT '' COMMENT 'The entity type this data is attached to',
  `bundle` varchar(128) NOT NULL DEFAULT '' COMMENT 'The field instance bundle to which this row belongs, used when deleting a field instance',
  `deleted` tinyint(4) NOT NULL DEFAULT '0' COMMENT 'A boolean indicating whether this data item has been deleted',
  `entity_id` int(10) unsigned NOT NULL COMMENT 'The entity id this data is attached to',
  `revision_id` int(10) unsigned NOT NULL COMMENT 'The entity revision id this data is attached to',
  `language` varchar(32) NOT NULL DEFAULT '' COMMENT 'The language for this data item.',
  `delta` int(10) unsigned NOT NULL COMMENT 'The sequence number for this data item, used for multi-value fields',
  `field_image_fid` int(10) unsigned DEFAULT NULL COMMENT 'The aVc3_file_managed.fid being referenced in this field.',
  `field_image_alt` varchar(512) DEFAULT NULL,
  `field_image_title` varchar(1024) DEFAULT NULL,
  `field_image_width` int(10) unsigned DEFAULT NULL COMMENT 'The width of the image in pixels.',
  `field_image_height` int(10) unsigned DEFAULT NULL COMMENT 'The height of the image in pixels.',
  PRIMARY KEY (`entity_type`,`entity_id`,`revision_id`,`deleted`,`delta`,`language`),
  KEY `entity_type` (`entity_type`),
  KEY `bundle` (`bundle`),
  KEY `deleted` (`deleted`),
  KEY `entity_id` (`entity_id`),
  KEY `revision_id` (`revision_id`),
  KEY `language` (`language`),
  KEY `field_image_fid` (`field_image_fid`)
) TYPE=InnoDB COMMENT='Revision archive storage for field 4 (field_image)';

CREATE TABLE `drup_field_revision_field_tags` (
  `entity_type` varchar(128) NOT NULL DEFAULT '' COMMENT 'The entity type this data is attached to',
  `bundle` varchar(128) NOT NULL DEFAULT '' COMMENT 'The field instance bundle to which this row belongs, used when deleting a field instance',
  `deleted` tinyint(4) NOT NULL DEFAULT '0' COMMENT 'A boolean indicating whether this data item has been deleted',
  `entity_id` int(10) unsigned NOT NULL COMMENT 'The entity id this data is attached to',
  `revision_id` int(10) unsigned NOT NULL COMMENT 'The entity revision id this data is attached to',
  `language` varchar(32) NOT NULL DEFAULT '' COMMENT 'The language for this data item.',
  `delta` int(10) unsigned NOT NULL COMMENT 'The sequence number for this data item, used for multi-value fields',
  `field_tags_tid` int(10) unsigned DEFAULT NULL,
  PRIMARY KEY (`entity_type`,`entity_id`,`revision_id`,`deleted`,`delta`,`language`),
  KEY `entity_type` (`entity_type`),
  KEY `bundle` (`bundle`),
  KEY `deleted` (`deleted`),
  KEY `entity_id` (`entity_id`),
  KEY `revision_id` (`revision_id`),
  KEY `language` (`language`),
  KEY `field_tags_tid` (`field_tags_tid`)
) TYPE=InnoDB COMMENT='Revision archive storage for field 3 (field_tags)';

CREATE TABLE `drup_file_managed` (
  `fid` int(10) unsigned NOT NULL AUTO_INCREMENT COMMENT 'File ID.',
  `uid` int(10) unsigned NOT NULL DEFAULT '0' COMMENT 'The aVc3_users.uid of the user who is associated with the file.',
  `filename` varchar(255) NOT NULL DEFAULT '' COMMENT 'Name of the file with no path components. This may differ from the basename of the URI if the file is renamed to avoid overwriting an existing file.',
  `uri` varchar(255) binary NOT NULL DEFAULT '' COMMENT 'The URI to access the file (either local or remote).',
  `filemime` varchar(255) NOT NULL DEFAULT '' COMMENT 'The file’s MIME type.',
  `filesize` int(10) unsigned NOT NULL DEFAULT '0' COMMENT 'The size of the file in bytes.',
  `status` tinyint(4) NOT NULL DEFAULT '0' COMMENT 'A field indicating the status of the file. Two status are defined in core: temporary (0) and permanent (1). Temporary files older than DRUPAL_MAXIMUM_TEMP_FILE_AGE will be removed during a cron run.',
  `timestamp` int(10) unsigned NOT NULL DEFAULT '0' COMMENT 'UNIX timestamp for when the file was added.',
  PRIMARY KEY (`fid`),
  UNIQUE KEY `uri` (`uri`),
  KEY `uid` (`uid`),
  KEY `status` (`status`),
  KEY `timestamp` (`timestamp`)
) TYPE=InnoDB COMMENT='Stores information for uploaded files.';

CREATE TABLE `drup_file_usage` (
  `fid` int(10) unsigned NOT NULL COMMENT 'File ID.',
  `module` varchar(255) NOT NULL DEFAULT '' COMMENT 'The name of the module that is using the file.',
  `type` varchar(64) NOT NULL DEFAULT '' COMMENT 'The name of the object type in which the file is used.',
  `id` int(10) unsigned NOT NULL DEFAULT '0' COMMENT 'The primary key of the object using the file.',
  `count` int(10) unsigned NOT NULL DEFAULT '0' COMMENT 'The number of times this file is used by this object.',
  PRIMARY KEY (`fid`,`type`,`id`,`module`),
  KEY `type_id` (`type`,`id`),
  KEY `fid_count` (`fid`,`count`),
  KEY `fid_module` (`fid`,`module`)
) TYPE=InnoDB COMMENT='Track where a file is used.';

CREATE TABLE `drup_filter` (
  `format` varchar(255) NOT NULL COMMENT 'Foreign key: The aVc3_filter_format.format to which this filter is assigned.',
  `module` varchar(64) NOT NULL DEFAULT '' COMMENT 'The origin module of the filter.',
  `name` varchar(32) NOT NULL DEFAULT '' COMMENT 'Name of the filter being referenced.',
  `weight` int(11) NOT NULL DEFAULT '0' COMMENT 'Weight of filter within format.',
  `status` int(11) NOT NULL DEFAULT '0' COMMENT 'Filter enabled status. (1 = enabled, 0 = disabled)',
  `settings` longblob COMMENT 'A serialized array of name value pairs that store the filter settings for the specific format.',
  PRIMARY KEY (`format`,`name`),
  KEY `list` (`weight`,`module`,`name`)
) TYPE=InnoDB COMMENT='Table that maps filters (HTML corrector) to text formats ...';

INSERT INTO `drup_filter` VALUES
('filtered_html', 'filter', 'filter_autop', 2, 1, 0x613a303a7b7d),
('filtered_html', 'filter', 'filter_html', 1, 1, 0x613a333a7b733a31323a22616c6c6f7765645f68746d6c223b733a37343a223c613e203c656d3e203c7374726f6e673e203c636974653e203c626c6f636b71756f74653e203c636f64653e203c756c3e203c6f6c3e203c6c693e203c646c3e203c64743e203c64643e223b733a31363a2266696c7465725f68746d6c5f68656c70223b693a313b733a32303a2266696c7465725f68746d6c5f6e6f666f6c6c6f77223b693a303b7d),
('filtered_html', 'filter', 'filter_htmlcorrector', 10, 1, 0x613a303a7b7d),
('filtered_html', 'filter', 'filter_html_escape', 10, 0, 0x613a303a7b7d),
('filtered_html', 'filter', 'filter_url', 0, 1, 0x613a313a7b733a31373a2266696c7465725f75726c5f6c656e677468223b693a37323b7d),
('full_html', 'filter', 'filter_autop', 1, 1, 0x613a303a7b7d),
('full_html', 'filter', 'filter_html', 10, 0, 0x613a333a7b733a31323a22616c6c6f7765645f68746d6c223b733a37343a223c613e203c656d3e203c7374726f6e673e203c636974653e203c626c6f636b71756f74653e203c636f64653e203c756c3e203c6f6c3e203c6c693e203c646c3e203c64743e203c64643e223b733a31363a2266696c7465725f68746d6c5f68656c70223b693a313b733a32303a2266696c7465725f68746d6c5f6e6f666f6c6c6f77223b693a303b7d),
('full_html', 'filter', 'filter_htmlcorrector', 10, 1, 0x613a303a7b7d),
('full_html', 'filter', 'filter_html_escape', 10, 0, 0x613a303a7b7d),
('full_html', 'filter', 'filter_url', 0, 1, 0x613a313a7b733a31373a2266696c7465725f75726c5f6c656e677468223b693a37323b7d),
('plain_text', 'filter', 'filter_autop', 2, 1, 0x613a303a7b7d),
('plain_text', 'filter', 'filter_html', 10, 0, 0x613a333a7b733a31323a22616c6c6f7765645f68746d6c223b733a37343a223c613e203c656d3e203c7374726f6e673e203c636974653e203c626c6f636b71756f74653e203c636f64653e203c756c3e203c6f6c3e203c6c693e203c646c3e203c64743e203c64643e223b733a31363a2266696c7465725f68746d6c5f68656c70223b693a313b733a32303a2266696c7465725f68746d6c5f6e6f666f6c6c6f77223b693a303b7d),
('plain_text', 'filter', 'filter_htmlcorrector', 10, 0, 0x613a303a7b7d),
('plain_text', 'filter', 'filter_html_escape', 0, 1, 0x613a303a7b7d),
('plain_text', 'filter', 'filter_url', 1, 1, 0x613a313a7b733a31373a2266696c7465725f75726c5f6c656e677468223b693a37323b7d);

CREATE TABLE `drup_filter_format` (
  `format` varchar(255) NOT NULL COMMENT 'Primary Key: Unique machine name of the format.',
  `name` varchar(255) NOT NULL DEFAULT '' COMMENT 'Name of the text format (Filtered HTML).',
  `cache` tinyint(4) NOT NULL DEFAULT '0' COMMENT 'Flag to indicate whether format is cacheable. (1 = cacheable, 0 = not cacheable)',
  `status` tinyint(3) unsigned NOT NULL DEFAULT '1' COMMENT 'The status of the text format. (1 = enabled, 0 = disabled)',
  `weight` int(11) NOT NULL DEFAULT '0' COMMENT 'Weight of text format to use when listing.',
  PRIMARY KEY (`format`),
  UNIQUE KEY `name` (`name`),
  KEY `status_weight` (`status`,`weight`)
) TYPE=InnoDB COMMENT='Stores text formats: custom groupings of filters, such as...';

INSERT INTO `drup_filter_format` VALUES
('filtered_html', 'Filtered HTML', 1, 1, 0),
('full_html', 'Full HTML', 1, 1, 1),
('plain_text', 'Plain text', 1, 1, 10);

CREATE TABLE `drup_flood` (
  `fid` int(11) NOT NULL AUTO_INCREMENT COMMENT 'Unique flood event ID.',
  `event` varchar(64) NOT NULL DEFAULT '' COMMENT 'Name of event (e.g. contact).',
  `identifier` varchar(128) NOT NULL DEFAULT '' COMMENT 'Identifier of the visitor, such as an IP address or hostname.',
  `timestamp` int(11) NOT NULL DEFAULT '0' COMMENT 'Timestamp of the event.',
  `expiration` int(11) NOT NULL DEFAULT '0' COMMENT 'Expiration timestamp. Expired events are purged on cron run.',
  PRIMARY KEY (`fid`),
  KEY `allow` (`event`,`identifier`,`timestamp`),
  KEY `purge` (`expiration`)
) TYPE=InnoDB COMMENT='Flood controls the threshold of events, such as the...';

CREATE TABLE `drup_history` (
  `uid` int(11) NOT NULL DEFAULT '0' COMMENT 'The aVc3_users.uid that read the aVc3_node nid.',
  `nid` int(11) NOT NULL DEFAULT '0' COMMENT 'The aVc3_node.nid that was read.',
  `timestamp` int(11) NOT NULL DEFAULT '0' COMMENT 'The Unix timestamp at which the read occurred.',
  PRIMARY KEY (`uid`,`nid`),
  KEY `nid` (`nid`)
) TYPE=InnoDB COMMENT='A record of which aVc3_users have read which aVc3_nodes.';

CREATE TABLE `drup_image_effects` (
  `ieid` int(10) unsigned NOT NULL AUTO_INCREMENT COMMENT 'The primary identifier for an image effect.',
  `isid` int(10) unsigned NOT NULL DEFAULT '0' COMMENT 'The aVc3_image_styles.isid for an image style.',
  `weight` int(11) NOT NULL DEFAULT '0' COMMENT 'The weight of the effect in the style.',
  `name` varchar(255) NOT NULL COMMENT 'The unique name of the effect to be executed.',
  `data` longblob NOT NULL COMMENT 'The configuration data for the effect.',
  PRIMARY KEY (`ieid`),
  KEY `isid` (`isid`),
  KEY `weight` (`weight`)
) TYPE=InnoDB COMMENT='Stores configuration options for image effects.';

CREATE TABLE `drup_image_styles` (
  `isid` int(10) unsigned NOT NULL AUTO_INCREMENT COMMENT 'The primary identifier for an image style.',
  `name` varchar(255) NOT NULL COMMENT 'The style name.',
  PRIMARY KEY (`isid`),
  UNIQUE KEY `name` (`name`)
) TYPE=InnoDB COMMENT='Stores configuration options for image styles.';

CREATE TABLE `drup_languages` (
  `language` varchar(12) NOT NULL DEFAULT '' COMMENT 'Language code, e.g. ’de’ or ’en-US’.',
  `name` varchar(64) NOT NULL DEFAULT '' COMMENT 'Language name in English.',
  `native` varchar(64) NOT NULL DEFAULT '' COMMENT 'Native language name.',
  `direction` int(11) NOT NULL DEFAULT '0' COMMENT 'Direction of language (Left-to-Right = 0, Right-to-Left = 1).',
  `enabled` int(11) NOT NULL DEFAULT '0' COMMENT 'Enabled flag (1 = Enabled, 0 = Disabled).',
  `plurals` int(11) NOT NULL DEFAULT '0' COMMENT 'Number of plural indexes in this language.',
  `formula` varchar(255) NOT NULL DEFAULT '' COMMENT 'Plural formula in PHP code to evaluate to get plural indexes.',
  `domain` varchar(128) NOT NULL DEFAULT '' COMMENT 'Domain to use for this language.',
  `prefix` varchar(128) NOT NULL DEFAULT '' COMMENT 'Path prefix to use for this language.',
  `weight` int(11) NOT NULL DEFAULT '0' COMMENT 'Weight, used in lists of languages.',
  `javascript` varchar(64) NOT NULL DEFAULT '' COMMENT 'Location of JavaScript translation file.',
  PRIMARY KEY (`language`),
  KEY `list` (`weight`,`name`)
) TYPE=InnoDB COMMENT='List of all available languages in the system.';

INSERT INTO `drup_languages` VALUES
('en', 'English', 'English', 0, 1, 0, '', '', '', 0, '');

CREATE TABLE `drup_locales_source` (
  `lid` int(11) NOT NULL AUTO_INCREMENT COMMENT 'Unique identifier of this string.',
  `location` longtext COMMENT 'Drupal path in case of online discovered translations or file path in case of imported strings.',
  `textgroup` varchar(255) NOT NULL DEFAULT 'default' COMMENT 'A module defined group of translations, see hook_locale().',
  `source` blob NOT NULL COMMENT 'The original string in English.',
  `context` varchar(255) NOT NULL DEFAULT '' COMMENT 'The context this string applies to.',
  `version` varchar(20) NOT NULL DEFAULT 'none' COMMENT 'Version of Drupal, where the string was last used (for locales optimization).',
  PRIMARY KEY (`lid`),
  KEY `source_context` (`source`(30),`context`)
) TYPE=MyISAM  COMMENT='List of English source strings.';

INSERT INTO `drup_locales_source` VALUES
(1, 'misc/drupal.js', 'default', 0x416e20414a41582048545450206572726f72206f636375727265642e, '', 'none'),
(2, 'misc/drupal.js', 'default', 0x4854545020526573756c7420436f64653a2021737461747573, '', 'none'),
(3, 'misc/drupal.js', 'default', 0x416e20414a415820485454502072657175657374207465726d696e617465642061626e6f726d616c6c792e, '', 'none'),
(4, 'misc/drupal.js', 'default', 0x446562756767696e6720696e666f726d6174696f6e20666f6c6c6f77732e, '', 'none'),
(5, 'misc/drupal.js', 'default', 0x506174683a2021757269, '', 'none'),
(6, 'misc/drupal.js', 'default', 0x537461747573546578743a202173746174757354657874, '', 'none'),
(7, 'misc/drupal.js', 'default', 0x526573706f6e7365546578743a2021726573706f6e736554657874, '', 'none'),
(8, 'misc/drupal.js', 'default', 0x526561647953746174653a202172656164795374617465, '', 'none'),
(9, 'modules/overlay/overlay-child.js', 'default', 0x4c6f6164696e67, '', 'none'),
(10, 'modules/overlay/overlay-child.js', 'default', 0x286163746976652074616229, '', 'none'),
(11, 'misc/collapse.js', 'default', 0x48696465, '', 'none'),
(12, 'misc/collapse.js', 'default', 0x53686f77, '', 'none'),
(13, 'modules/toolbar/toolbar.js', 'default', 0x53686f772073686f727463757473, '', 'none'),
(14, 'modules/toolbar/toolbar.js', 'default', 0x486964652073686f727463757473, '', 'none'),
(15, 'modules/overlay/overlay-parent.js', 'default', 0x407469746c65206469616c6f67, '', 'none'),
(16, 'modules/contextual/contextual.js', 'default', 0x436f6e666967757265, '', 'none');

CREATE TABLE `drup_locales_target` (
  `lid` int(11) NOT NULL DEFAULT '0' COMMENT 'Source string ID. References arjj_locales_source.lid.',
  `translation` blob NOT NULL COMMENT 'Translation string value in this language.',
  `language` varchar(12) NOT NULL DEFAULT '' COMMENT 'Language code. References arjj_languages.language.',
  `plid` int(11) NOT NULL DEFAULT '0' COMMENT 'Parent lid (lid of the previous string in the plural chain) in case of plural strings. References arjj_locales_source.lid.',
  `plural` int(11) NOT NULL DEFAULT '0' COMMENT 'Plural index number in case of plural strings.',
  PRIMARY KEY (`language`,`lid`,`plural`),
  KEY `lid` (`lid`),
  KEY `plid` (`plid`),
  KEY `plural` (`plural`)
) TYPE=MyISAM COMMENT='Stores translated versions of strings.';

CREATE TABLE `drup_menu_custom` (
  `menu_name` varchar(32) NOT NULL DEFAULT '' COMMENT 'Primary Key: Unique key for menu. This is used as a block delta so length is 32.',
  `title` varchar(255) NOT NULL DEFAULT '' COMMENT 'Menu title; displayed at top of block.',
  `description` text COMMENT 'Menu description.',
  PRIMARY KEY (`menu_name`)
) TYPE=InnoDB COMMENT='Holds definitions for top-level custom menus (for example...';

INSERT INTO `drup_menu_custom` VALUES
('main-menu', 'Main menu', 'The <em>Main</em> menu is used on many sites to show the major sections of the site, often in a top navigation bar.'),
('management', 'Management', 'The <em>Management</em> menu contains links for administrative tasks.'),
('navigation', 'Navigation', 'The <em>Navigation</em> menu contains links intended for site visitors. Links are added to the <em>Navigation</em> menu automatically by some modules.'),
('user-menu', 'User menu', 'The <em>User</em> menu contains links related to the user''s account, as well as the ''Log out'' link.');

CREATE TABLE `drup_menu_links` (
  `menu_name` varchar(32) NOT NULL DEFAULT '' COMMENT 'The menu name. All links with the same menu name (such as ’navigation’) are part of the same menu.',
  `mlid` int(10) unsigned NOT NULL AUTO_INCREMENT COMMENT 'The menu link ID (mlid) is the integer primary key.',
  `plid` int(10) unsigned NOT NULL DEFAULT '0' COMMENT 'The parent link ID (plid) is the mlid of the link above in the hierarchy, or zero if the link is at the top level in its menu.',
  `link_path` varchar(255) NOT NULL DEFAULT '' COMMENT 'The Drupal path or external path this link points to.',
  `router_path` varchar(255) NOT NULL DEFAULT '' COMMENT 'For links corresponding to a Drupal path (external = 0), this connects the link to a aVc3_menu_router.path for joins.',
  `link_title` varchar(255) NOT NULL DEFAULT '' COMMENT 'The text displayed for the link, which may be modified by a title callback stored in aVc3_menu_router.',
  `options` blob COMMENT 'A serialized array of options to be passed to the url() or l() function, such as a query string or HTML attributes.',
  `module` varchar(255) NOT NULL DEFAULT 'system' COMMENT 'The name of the module that generated this link.',
  `hidden` smallint(6) NOT NULL DEFAULT '0' COMMENT 'A flag for whether the link should be rendered in menus. (1 = a disabled menu item that may be shown on admin screens, -1 = a menu callback, 0 = a normal, visible link)',
  `external` smallint(6) NOT NULL DEFAULT '0' COMMENT 'A flag to indicate if the link points to a full URL starting with a protocol, like http:// (1 = external, 0 = internal).',
  `has_children` smallint(6) NOT NULL DEFAULT '0' COMMENT 'Flag indicating whether any links have this link as a parent (1 = children exist, 0 = no children).',
  `expanded` smallint(6) NOT NULL DEFAULT '0' COMMENT 'Flag for whether this link should be rendered as expanded in menus - expanded links always have their child links displayed, instead of only when the link is in the active trail (1 = expanded, 0 = not expanded)',
  `weight` int(11) NOT NULL DEFAULT '0' COMMENT 'Link weight among links in the same menu at the same depth.',
  `depth` smallint(6) NOT NULL DEFAULT '0' COMMENT 'The depth relative to the top level. A link with plid == 0 will have depth == 1.',
  `customized` smallint(6) NOT NULL DEFAULT '0' COMMENT 'A flag to indicate that the user has manually created or edited the link (1 = customized, 0 = not customized).',
  `p1` int(10) unsigned NOT NULL DEFAULT '0' COMMENT 'The first mlid in the materialized path. If N = depth, then pN must equal the mlid. If depth > 1 then p(N-1) must equal the plid. All pX where X > depth must equal zero. The columns p1 .. p9 are also called the parents.',
  `p2` int(10) unsigned NOT NULL DEFAULT '0' COMMENT 'The second mlid in the materialized path. See p1.',
  `p3` int(10) unsigned NOT NULL DEFAULT '0' COMMENT 'The third mlid in the materialized path. See p1.',
  `p4` int(10) unsigned NOT NULL DEFAULT '0' COMMENT 'The fourth mlid in the materialized path. See p1.',
  `p5` int(10) unsigned NOT NULL DEFAULT '0' COMMENT 'The fifth mlid in the materialized path. See p1.',
  `p6` int(10) unsigned NOT NULL DEFAULT '0' COMMENT 'The sixth mlid in the materialized path. See p1.',
  `p7` int(10) unsigned NOT NULL DEFAULT '0' COMMENT 'The seventh mlid in the materialized path. See p1.',
  `p8` int(10) unsigned NOT NULL DEFAULT '0' COMMENT 'The eighth mlid in the materialized path. See p1.',
  `p9` int(10) unsigned NOT NULL DEFAULT '0' COMMENT 'The ninth mlid in the materialized path. See p1.',
  `updated` smallint(6) NOT NULL DEFAULT '0' COMMENT 'Flag that indicates that this link was generated during the update from Drupal 5.',
  PRIMARY KEY (`mlid`),
  KEY `path_menu` (`link_path`(128),`menu_name`),
  KEY `menu_plid_expand_child` (`menu_name`,`plid`,`expanded`,`has_children`),
  KEY `menu_parents` (`menu_name`,`p1`,`p2`,`p3`,`p4`,`p5`,`p6`,`p7`,`p8`,`p9`),
  KEY `router_path` (`router_path`(128))
) TYPE=InnoDB  COMMENT='Contains the individual links within a menu.';


INSERT INTO `drup_menu_links` VALUES
('management', 216, 61, 'admin/config/user-interface/shortcut', 'admin/config/user-interface/shortcut', 'Shortcuts', 0x613a313a7b733a31303a2261747472696275746573223b613a313a7b733a353a227469746c65223b733a32393a2241646420616e64206d6f646966792073686f727463757420736574732e223b7d7d, 'system', 0, 0, 1, 0, 0, 4, 0, 1, 8, 61, 216, 0, 0, 0, 0, 0, 0),
('management', 217, 53, 'admin/config/search/path', 'admin/config/search/path', 'URL aliases', 0x613a313a7b733a31303a2261747472696275746573223b613a313a7b733a353a227469746c65223b733a34363a224368616e676520796f7572207369746527732055524c20706174687320627920616c696173696e67207468656d2e223b7d7d, 'system', 0, 0, 1, 0, -5, 4, 0, 1, 8, 53, 217, 0, 0, 0, 0, 0, 0),
('management', 218, 217, 'admin/config/search/path/add', 'admin/config/search/path/add', 'Add alias', 0x613a303a7b7d, 'system', -1, 0, 0, 0, 0, 5, 0, 1, 8, 53, 217, 218, 0, 0, 0, 0, 0),
('management', 219, 216, 'admin/config/user-interface/shortcut/add-set', 'admin/config/user-interface/shortcut/add-set', 'Add shortcut set', 0x613a303a7b7d, 'system', -1, 0, 0, 0, 0, 5, 0, 1, 8, 61, 216, 219, 0, 0, 0, 0, 0),
('management', 220, 215, 'admin/config/search/settings/reindex', 'admin/config/search/settings/reindex', 'Clear index', 0x613a303a7b7d, 'system', -1, 0, 0, 0, 0, 5, 0, 1, 8, 53, 215, 220, 0, 0, 0, 0, 0),
('management', 221, 216, 'admin/config/user-interface/shortcut/%', 'admin/config/user-interface/shortcut/%', 'Edit shortcuts', 0x613a303a7b7d, 'system', 0, 0, 1, 0, 0, 5, 0, 1, 8, 61, 216, 221, 0, 0, 0, 0, 0),
('management', 222, 217, 'admin/config/search/path/list', 'admin/config/search/path/list', 'List', 0x613a303a7b7d, 'system', -1, 0, 0, 0, -10, 5, 0, 1, 8, 53, 217, 222, 0, 0, 0, 0, 0),
('management', 223, 221, 'admin/config/user-interface/shortcut/%/add-link', 'admin/config/user-interface/shortcut/%/add-link', 'Add shortcut', 0x613a303a7b7d, 'system', -1, 0, 0, 0, 0, 6, 0, 1, 8, 61, 216, 221, 223, 0, 0, 0, 0),
('management', 224, 217, 'admin/config/search/path/delete/%', 'admin/config/search/path/delete/%', 'Delete alias', 0x613a303a7b7d, 'system', 0, 0, 0, 0, 0, 5, 0, 1, 8, 53, 217, 224, 0, 0, 0, 0, 0),
('management', 225, 221, 'admin/config/user-interface/shortcut/%/delete', 'admin/config/user-interface/shortcut/%/delete', 'Delete shortcut set', 0x613a303a7b7d, 'system', 0, 0, 0, 0, 0, 6, 0, 1, 8, 61, 216, 221, 225, 0, 0, 0, 0),
('management', 226, 217, 'admin/config/search/path/edit/%', 'admin/config/search/path/edit/%', 'Edit alias', 0x613a303a7b7d, 'system', 0, 0, 0, 0, 0, 5, 0, 1, 8, 53, 217, 226, 0, 0, 0, 0, 0),
('management', 227, 221, 'admin/config/user-interface/shortcut/%/edit', 'admin/config/user-interface/shortcut/%/edit', 'Edit set name', 0x613a303a7b7d, 'system', -1, 0, 0, 0, 10, 6, 0, 1, 8, 61, 216, 221, 227, 0, 0, 0, 0),
('management', 228, 216, 'admin/config/user-interface/shortcut/link/%', 'admin/config/user-interface/shortcut/link/%', 'Edit shortcut', 0x613a303a7b7d, 'system', 0, 0, 1, 0, 0, 5, 0, 1, 8, 61, 216, 228, 0, 0, 0, 0, 0),
('management', 229, 221, 'admin/config/user-interface/shortcut/%/links', 'admin/config/user-interface/shortcut/%/links', 'List links', 0x613a303a7b7d, 'system', -1, 0, 0, 0, 0, 6, 0, 1, 8, 61, 216, 221, 229, 0, 0, 0, 0),
('management', 230, 228, 'admin/config/user-interface/shortcut/link/%/delete', 'admin/config/user-interface/shortcut/link/%/delete', 'Delete shortcut', 0x613a303a7b7d, 'system', 0, 0, 0, 0, 0, 6, 0, 1, 8, 61, 216, 228, 230, 0, 0, 0, 0),
('management', 500, 12, 'admin/help/locale', 'admin/help/locale', 'locale', 0x613a303a7b7d, 'system', -1, 0, 0, 0, 0, 3, 0, 1, 12, 500, 0, 0, 0, 0, 0, 0, 0),
('management', 501, 51, 'admin/config/regional/language', 'admin/config/regional/language', 'Languages', 0x613a313a7b733a31303a2261747472696275746573223b613a313a7b733a353a227469746c65223b733a35353a22436f6e666967757265206c616e67756167657320666f7220636f6e74656e7420616e6420746865207573657220696e746572666163652e223b7d7d, 'system', 0, 0, 1, 0, -10, 4, 0, 1, 8, 51, 501, 0, 0, 0, 0, 0, 0),
('management', 502, 51, 'admin/config/regional/translate', 'admin/config/regional/translate', 'Translate interface', 0x613a313a7b733a31303a2261747472696275746573223b613a313a7b733a353a227469746c65223b733a35393a225472616e736c61746520746865206275696c7420696e20696e7465726661636520616e64206f7074696f6e616c6c79206f7468657220746578742e223b7d7d, 'system', 0, 0, 1, 0, -5, 4, 0, 1, 8, 51, 502, 0, 0, 0, 0, 0, 0),
('management', 503, 501, 'admin/config/regional/language/add', 'admin/config/regional/language/add', 'Add language', 0x613a303a7b7d, 'system', -1, 0, 0, 0, 5, 5, 0, 1, 8, 51, 501, 503, 0, 0, 0, 0, 0),
('management', 504, 501, 'admin/config/regional/language/configure', 'admin/config/regional/language/configure', 'Detection and selection', 0x613a303a7b7d, 'system', -1, 0, 0, 0, 10, 5, 0, 1, 8, 51, 501, 504, 0, 0, 0, 0, 0),
('management', 505, 502, 'admin/config/regional/translate/export', 'admin/config/regional/translate/export', 'Export', 0x613a303a7b7d, 'system', -1, 0, 0, 0, 30, 5, 0, 1, 8, 51, 502, 505, 0, 0, 0, 0, 0),
('management', 506, 502, 'admin/config/regional/translate/import', 'admin/config/regional/translate/import', 'Import', 0x613a303a7b7d, 'system', -1, 0, 0, 0, 20, 5, 0, 1, 8, 51, 502, 506, 0, 0, 0, 0, 0),
('management', 507, 501, 'admin/config/regional/language/overview', 'admin/config/regional/language/overview', 'List', 0x613a303a7b7d, 'system', -1, 0, 0, 0, 0, 5, 0, 1, 8, 51, 501, 507, 0, 0, 0, 0, 0),
('management', 508, 98, 'admin/config/regional/date-time/locale', 'admin/config/regional/date-time/locale', 'Localize', 0x613a313a7b733a31303a2261747472696275746573223b613a313a7b733a353a227469746c65223b733a33383a22436f6e666967757265206461746520666f726d61747320666f722065616368206c6f63616c65223b7d7d, 'system', -1, 0, 1, 0, -8, 5, 0, 1, 8, 51, 98, 508, 0, 0, 0, 0, 0),
('management', 509, 502, 'admin/config/regional/translate/overview', 'admin/config/regional/translate/overview', 'Overview', 0x613a303a7b7d, 'system', -1, 0, 0, 0, 0, 5, 0, 1, 8, 51, 502, 509, 0, 0, 0, 0, 0),
('management', 510, 502, 'admin/config/regional/translate/translate', 'admin/config/regional/translate/translate', 'Translate', 0x613a303a7b7d, 'system', -1, 0, 0, 0, 10, 5, 0, 1, 8, 51, 502, 510, 0, 0, 0, 0, 0),
('management', 511, 501, 'admin/config/regional/language/delete/%', 'admin/config/regional/language/delete/%', 'Confirm', 0x613a303a7b7d, 'system', 0, 0, 0, 0, 0, 5, 0, 1, 8, 51, 501, 511, 0, 0, 0, 0, 0),
('management', 512, 502, 'admin/config/regional/translate/delete/%', 'admin/config/regional/translate/delete/%', 'Delete string', 0x613a303a7b7d, 'system', 0, 0, 0, 0, 0, 5, 0, 1, 8, 51, 502, 512, 0, 0, 0, 0, 0),
('management', 513, 501, 'admin/config/regional/language/edit/%', 'admin/config/regional/language/edit/%', 'Edit language', 0x613a303a7b7d, 'system', 0, 0, 0, 0, 0, 5, 0, 1, 8, 51, 501, 513, 0, 0, 0, 0, 0),
('management', 514, 502, 'admin/config/regional/translate/edit/%', 'admin/config/regional/translate/edit/%', 'Edit string', 0x613a303a7b7d, 'system', 0, 0, 0, 0, 0, 5, 0, 1, 8, 51, 502, 514, 0, 0, 0, 0, 0),
('management', 515, 504, 'admin/config/regional/language/configure/session', 'admin/config/regional/language/configure/session', 'Session language detection configuration', 0x613a303a7b7d, 'system', -1, 0, 0, 0, 0, 6, 0, 1, 8, 51, 501, 504, 515, 0, 0, 0, 0),
('management', 516, 504, 'admin/config/regional/language/configure/url', 'admin/config/regional/language/configure/url', 'URL language detection configuration', 0x613a303a7b7d, 'system', -1, 0, 0, 0, 0, 6, 0, 1, 8, 51, 501, 504, 516, 0, 0, 0, 0),
('management', 517, 508, 'admin/config/regional/date-time/locale/%/edit', 'admin/config/regional/date-time/locale/%/edit', 'Localize date formats', 0x613a313a7b733a31303a2261747472696275746573223b613a313a7b733a353a227469746c65223b733a33383a22436f6e666967757265206461746520666f726d61747320666f722065616368206c6f63616c65223b7d7d, 'system', 0, 0, 0, 0, 0, 6, 0, 1, 8, 51, 98, 508, 517, 0, 0, 0, 0),
('management', 518, 508, 'admin/config/regional/date-time/locale/%/reset', 'admin/config/regional/date-time/locale/%/reset', 'Reset date formats', 0x613a313a7b733a31303a2261747472696275746573223b613a313a7b733a353a227469746c65223b733a34373a225265736574206c6f63616c697a6564206461746520666f726d61747320746f20676c6f62616c2064656661756c7473223b7d7d, 'system', 0, 0, 0, 0, 0, 6, 0, 1, 8, 51, 98, 508, 518, 0, 0, 0, 0),
('management', 671, 127, 'admin/structure/taxonomy/%/display', 'admin/structure/taxonomy/%/display', 'Manage display', 0x613a303a7b7d, 'system', -1, 0, 0, 0, 2, 5, 0, 1, 21, 57, 127, 671, 0, 0, 0, 0, 0),
('management', 672, 89, 'admin/config/people/accounts/display', 'admin/config/people/accounts/display', 'Manage display', 0x613a303a7b7d, 'system', -1, 0, 0, 0, 2, 5, 0, 1, 8, 48, 89, 672, 0, 0, 0, 0, 0),
('management', 673, 127, 'admin/structure/taxonomy/%/fields', 'admin/structure/taxonomy/%/fields', 'Manage fields', 0x613a303a7b7d, 'system', -1, 0, 1, 0, 1, 5, 0, 1, 21, 57, 127, 673, 0, 0, 0, 0, 0),
('management', 674, 89, 'admin/config/people/accounts/fields', 'admin/config/people/accounts/fields', 'Manage fields', 0x613a303a7b7d, 'system', -1, 0, 1, 0, 1, 5, 0, 1, 8, 48, 89, 674, 0, 0, 0, 0, 0),
('management', 675, 671, 'admin/structure/taxonomy/%/display/default', 'admin/structure/taxonomy/%/display/default', 'Default', 0x613a303a7b7d, 'system', -1, 0, 0, 0, -10, 6, 0, 1, 21, 57, 127, 671, 675, 0, 0, 0, 0),
('management', 676, 672, 'admin/config/people/accounts/display/default', 'admin/config/people/accounts/display/default', 'Default', 0x613a303a7b7d, 'system', -1, 0, 0, 0, -10, 6, 0, 1, 8, 48, 89, 672, 676, 0, 0, 0, 0),
('management', 677, 138, 'admin/structure/types/manage/%/display', 'admin/structure/types/manage/%/display', 'Manage display', 0x613a303a7b7d, 'system', -1, 0, 0, 0, 2, 5, 0, 1, 21, 36, 138, 677, 0, 0, 0, 0, 0),
('management', 678, 138, 'admin/structure/types/manage/%/fields', 'admin/structure/types/manage/%/fields', 'Manage fields', 0x613a303a7b7d, 'system', -1, 0, 1, 0, 1, 5, 0, 1, 21, 36, 138, 678, 0, 0, 0, 0, 0),
('management', 679, 671, 'admin/structure/taxonomy/%/display/full', 'admin/structure/taxonomy/%/display/full', 'Taxonomy term page', 0x613a303a7b7d, 'system', -1, 0, 0, 0, 0, 6, 0, 1, 21, 57, 127, 671, 679, 0, 0, 0, 0),
('management', 680, 672, 'admin/config/people/accounts/display/full', 'admin/config/people/accounts/display/full', 'User account', 0x613a303a7b7d, 'system', -1, 0, 0, 0, 0, 6, 0, 1, 8, 48, 89, 672, 680, 0, 0, 0, 0),
('management', 681, 673, 'admin/structure/taxonomy/%/fields/%', 'admin/structure/taxonomy/%/fields/%', '', 0x613a303a7b7d, 'system', 0, 0, 0, 0, 0, 6, 0, 1, 21, 57, 127, 673, 681, 0, 0, 0, 0),
('management', 682, 674, 'admin/config/people/accounts/fields/%', 'admin/config/people/accounts/fields/%', '', 0x613a303a7b7d, 'system', 0, 0, 0, 0, 0, 6, 0, 1, 8, 48, 89, 674, 682, 0, 0, 0, 0),
('management', 683, 677, 'admin/structure/types/manage/%/display/default', 'admin/structure/types/manage/%/display/default', 'Default', 0x613a303a7b7d, 'system', -1, 0, 0, 0, -10, 6, 0, 1, 21, 36, 138, 677, 683, 0, 0, 0, 0),
('management', 684, 677, 'admin/structure/types/manage/%/display/full', 'admin/structure/types/manage/%/display/full', 'Full content', 0x613a303a7b7d, 'system', -1, 0, 0, 0, 0, 6, 0, 1, 21, 36, 138, 677, 684, 0, 0, 0, 0),
('management', 685, 677, 'admin/structure/types/manage/%/display/rss', 'admin/structure/types/manage/%/display/rss', 'RSS', 0x613a303a7b7d, 'system', -1, 0, 0, 0, 2, 6, 0, 1, 21, 36, 138, 677, 685, 0, 0, 0, 0),
('management', 686, 677, 'admin/structure/types/manage/%/display/search_index', 'admin/structure/types/manage/%/display/search_index', 'Search index', 0x613a303a7b7d, 'system', -1, 0, 0, 0, 3, 6, 0, 1, 21, 36, 138, 677, 686, 0, 0, 0, 0),
('management', 687, 677, 'admin/structure/types/manage/%/display/search_result', 'admin/structure/types/manage/%/display/search_result', 'Search result', 0x613a303a7b7d, 'system', -1, 0, 0, 0, 4, 6, 0, 1, 21, 36, 138, 677, 687, 0, 0, 0, 0),
('management', 688, 677, 'admin/structure/types/manage/%/display/teaser', 'admin/structure/types/manage/%/display/teaser', 'Teaser', 0x613a303a7b7d, 'system', -1, 0, 0, 0, 1, 6, 0, 1, 21, 36, 138, 677, 688, 0, 0, 0, 0),
('management', 689, 678, 'admin/structure/types/manage/%/fields/%', 'admin/structure/types/manage/%/fields/%', '', 0x613a303a7b7d, 'system', 0, 0, 0, 0, 0, 6, 0, 1, 21, 36, 138, 678, 689, 0, 0, 0, 0),
('management', 690, 681, 'admin/structure/taxonomy/%/fields/%/delete', 'admin/structure/taxonomy/%/fields/%/delete', 'Delete', 0x613a303a7b7d, 'system', -1, 0, 0, 0, 10, 7, 0, 1, 21, 57, 127, 673, 681, 690, 0, 0, 0),
('management', 691, 681, 'admin/structure/taxonomy/%/fields/%/edit', 'admin/structure/taxonomy/%/fields/%/edit', 'Edit', 0x613a303a7b7d, 'system', -1, 0, 0, 0, 0, 7, 0, 1, 21, 57, 127, 673, 681, 691, 0, 0, 0),
('management', 692, 681, 'admin/structure/taxonomy/%/fields/%/field-settings', 'admin/structure/taxonomy/%/fields/%/field-settings', 'Field settings', 0x613a303a7b7d, 'system', -1, 0, 0, 0, 0, 7, 0, 1, 21, 57, 127, 673, 681, 692, 0, 0, 0),
('management', 693, 681, 'admin/structure/taxonomy/%/fields/%/widget-type', 'admin/structure/taxonomy/%/fields/%/widget-type', 'Widget type', 0x613a303a7b7d, 'system', -1, 0, 0, 0, 0, 7, 0, 1, 21, 57, 127, 673, 681, 693, 0, 0, 0),
('management', 694, 682, 'admin/config/people/accounts/fields/%/delete', 'admin/config/people/accounts/fields/%/delete', 'Delete', 0x613a303a7b7d, 'system', -1, 0, 0, 0, 10, 7, 0, 1, 8, 48, 89, 674, 682, 694, 0, 0, 0),
('management', 695, 682, 'admin/config/people/accounts/fields/%/edit', 'admin/config/people/accounts/fields/%/edit', 'Edit', 0x613a303a7b7d, 'system', -1, 0, 0, 0, 0, 7, 0, 1, 8, 48, 89, 674, 682, 695, 0, 0, 0),
('management', 696, 682, 'admin/config/people/accounts/fields/%/field-settings', 'admin/config/people/accounts/fields/%/field-settings', 'Field settings', 0x613a303a7b7d, 'system', -1, 0, 0, 0, 0, 7, 0, 1, 8, 48, 89, 674, 682, 696, 0, 0, 0),
('management', 697, 682, 'admin/config/people/accounts/fields/%/widget-type', 'admin/config/people/accounts/fields/%/widget-type', 'Widget type', 0x613a303a7b7d, 'system', -1, 0, 0, 0, 0, 7, 0, 1, 8, 48, 89, 674, 682, 697, 0, 0, 0),
('management', 698, 182, 'admin/structure/types/manage/%/comment/display/default', 'admin/structure/types/manage/%/comment/display/default', 'Default', 0x613a303a7b7d, 'system', -1, 0, 0, 0, -10, 6, 0, 1, 21, 36, 138, 182, 698, 0, 0, 0, 0),
('management', 699, 182, 'admin/structure/types/manage/%/comment/display/full', 'admin/structure/types/manage/%/comment/display/full', 'Full comment', 0x613a303a7b7d, 'system', -1, 0, 0, 0, 0, 6, 0, 1, 21, 36, 138, 182, 699, 0, 0, 0, 0),
('management', 700, 183, 'admin/structure/types/manage/%/comment/fields/%', 'admin/structure/types/manage/%/comment/fields/%', '', 0x613a303a7b7d, 'system', 0, 0, 0, 0, 0, 6, 0, 1, 21, 36, 138, 183, 700, 0, 0, 0, 0),
('management', 701, 689, 'admin/structure/types/manage/%/fields/%/delete', 'admin/structure/types/manage/%/fields/%/delete', 'Delete', 0x613a303a7b7d, 'system', -1, 0, 0, 0, 10, 7, 0, 1, 21, 36, 138, 678, 689, 701, 0, 0, 0),
('management', 702, 689, 'admin/structure/types/manage/%/fields/%/edit', 'admin/structure/types/manage/%/fields/%/edit', 'Edit', 0x613a303a7b7d, 'system', -1, 0, 0, 0, 0, 7, 0, 1, 21, 36, 138, 678, 689, 702, 0, 0, 0),
('management', 703, 689, 'admin/structure/types/manage/%/fields/%/field-settings', 'admin/structure/types/manage/%/fields/%/field-settings', 'Field settings', 0x613a303a7b7d, 'system', -1, 0, 0, 0, 0, 7, 0, 1, 21, 36, 138, 678, 689, 703, 0, 0, 0),
('management', 704, 689, 'admin/structure/types/manage/%/fields/%/widget-type', 'admin/structure/types/manage/%/fields/%/widget-type', 'Widget type', 0x613a303a7b7d, 'system', -1, 0, 0, 0, 0, 7, 0, 1, 21, 36, 138, 678, 689, 704, 0, 0, 0),
('management', 705, 700, 'admin/structure/types/manage/%/comment/fields/%/delete', 'admin/structure/types/manage/%/comment/fields/%/delete', 'Delete', 0x613a303a7b7d, 'system', -1, 0, 0, 0, 10, 7, 0, 1, 21, 36, 138, 183, 700, 705, 0, 0, 0),
('management', 706, 700, 'admin/structure/types/manage/%/comment/fields/%/edit', 'admin/structure/types/manage/%/comment/fields/%/edit', 'Edit', 0x613a303a7b7d, 'system', -1, 0, 0, 0, 0, 7, 0, 1, 21, 36, 138, 183, 700, 706, 0, 0, 0),
('management', 707, 700, 'admin/structure/types/manage/%/comment/fields/%/field-settings', 'admin/structure/types/manage/%/comment/fields/%/field-settings', 'Field settings', 0x613a303a7b7d, 'system', -1, 0, 0, 0, 0, 7, 0, 1, 21, 36, 138, 183, 700, 707, 0, 0, 0),
('management', 708, 700, 'admin/structure/types/manage/%/comment/fields/%/widget-type', 'admin/structure/types/manage/%/comment/fields/%/widget-type', 'Widget type', 0x613a303a7b7d, 'system', -1, 0, 0, 0, 0, 7, 0, 1, 21, 36, 138, 183, 700, 708, 0, 0, 0);

CREATE TABLE `drup_menu_router` (
  `path` varchar(255) NOT NULL DEFAULT '' COMMENT 'Primary Key: the Drupal path this entry describes',
  `load_functions` blob NOT NULL COMMENT 'A serialized array of function names (like node_load) to be called to load an object corresponding to a part of the current path.',
  `to_arg_functions` blob NOT NULL COMMENT 'A serialized array of function names (like user_uid_optional_to_arg) to be called to replace a part of the router path with another string.',
  `access_callback` varchar(255) NOT NULL DEFAULT '' COMMENT 'The callback which determines the access to this router path. Defaults to user_access.',
  `access_arguments` blob COMMENT 'A serialized array of arguments for the access callback.',
  `page_callback` varchar(255) NOT NULL DEFAULT '' COMMENT 'The name of the function that renders the page.',
  `page_arguments` blob COMMENT 'A serialized array of arguments for the page callback.',
  `delivery_callback` varchar(255) NOT NULL DEFAULT '' COMMENT 'The name of the function that sends the result of the page_callback function to the browser.',
  `fit` int(11) NOT NULL DEFAULT '0' COMMENT 'A numeric representation of how specific the path is.',
  `number_parts` smallint(6) NOT NULL DEFAULT '0' COMMENT 'Number of parts in this router path.',
  `context` int(11) NOT NULL DEFAULT '0' COMMENT 'Only for local tasks (tabs) - the context of a local task to control its placement.',
  `tab_parent` varchar(255) NOT NULL DEFAULT '' COMMENT 'Only for local tasks (tabs) - the router path of the parent page (which may also be a local task).',
  `tab_root` varchar(255) NOT NULL DEFAULT '' COMMENT 'Router path of the closest non-tab parent page. For pages that are not local tasks, this will be the same as the path.',
  `title` varchar(255) NOT NULL DEFAULT '' COMMENT 'The title for the current page, or the title for the tab if this is a local task.',
  `title_callback` varchar(255) NOT NULL DEFAULT '' COMMENT 'A function which will alter the title. Defaults to t()',
  `title_arguments` varchar(255) NOT NULL DEFAULT '' COMMENT 'A serialized array of arguments for the title callback. If empty, the title will be used as the sole argument for the title callback.',
  `theme_callback` varchar(255) NOT NULL DEFAULT '' COMMENT 'A function which returns the name of the theme that will be used to render this page. If left empty, the default theme will be used.',
  `theme_arguments` varchar(255) NOT NULL DEFAULT '' COMMENT 'A serialized array of arguments for the theme callback.',
  `type` int(11) NOT NULL DEFAULT '0' COMMENT 'Numeric representation of the type of the menu item, like MENU_LOCAL_TASK.',
  `description` text NOT NULL COMMENT 'A description of this item.',
  `position` varchar(255) NOT NULL DEFAULT '' COMMENT 'The position of the block (left or right) on the system administration page for this item.',
  `weight` int(11) NOT NULL DEFAULT '0' COMMENT 'Weight of the element. Lighter weights are higher up, heavier weights go down.',
  `include_file` mediumtext COMMENT 'The file to include for this element, usually the page callback function lives in this file.',
  PRIMARY KEY (`path`),
  KEY `fit` (`fit`),
  KEY `tab_parent` (`tab_parent`(64),`weight`,`title`),
  KEY `tab_root_weight_title` (`tab_root`(64),`weight`,`title`)
) TYPE=InnoDB COMMENT='Maps paths to various callbacks (access, page and title)';

INSERT INTO `drup_menu_router` VALUES
('admin', '', '', 'user_access', 0x613a313a7b693a303b733a32373a226163636573732061646d696e697374726174696f6e207061676573223b7d, 'system_admin_menu_block_page', 0x613a303a7b7d, '', 1, 1, 0, '', 'admin', 'Administration', 't', '', '', 'a:0:{}', 6, '', '', 9, 'modules/system/system.admin.inc'),
('admin/appearance', '', '', 'user_access', 0x613a313a7b693a303b733a31373a2261646d696e6973746572207468656d6573223b7d, 'system_themes_page', 0x613a303a7b7d, '', 3, 2, 0, '', 'admin/appearance', 'Appearance', 't', '', '', 'a:0:{}', 6, 'Select and configure your themes.', 'left', -6, 'modules/system/system.admin.inc'),
('admin/appearance/default', '', '', 'user_access', 0x613a313a7b693a303b733a31373a2261646d696e6973746572207468656d6573223b7d, 'system_theme_default', 0x613a303a7b7d, '', 7, 3, 0, '', 'admin/appearance/default', 'Set default theme', 't', '', '', 'a:0:{}', 0, '', '', 0, 'modules/system/system.admin.inc'),
('admin/appearance/disable', '', '', 'user_access', 0x613a313a7b693a303b733a31373a2261646d696e6973746572207468656d6573223b7d, 'system_theme_disable', 0x613a303a7b7d, '', 7, 3, 0, '', 'admin/appearance/disable', 'Disable theme', 't', '', '', 'a:0:{}', 0, '', '', 0, 'modules/system/system.admin.inc'),
('admin/appearance/enable', '', '', 'user_access', 0x613a313a7b693a303b733a31373a2261646d696e6973746572207468656d6573223b7d, 'system_theme_enable', 0x613a303a7b7d, '', 7, 3, 0, '', 'admin/appearance/enable', 'Enable theme', 't', '', '', 'a:0:{}', 0, '', '', 0, 'modules/system/system.admin.inc'),
('admin/appearance/list', '', '', 'user_access', 0x613a313a7b693a303b733a31373a2261646d696e6973746572207468656d6573223b7d, 'system_themes_page', 0x613a303a7b7d, '', 7, 3, 1, 'admin/appearance', 'admin/appearance', 'List', 't', '', '', 'a:0:{}', 140, 'Select and configure your theme', '', -1, 'modules/system/system.admin.inc'),
('admin/appearance/settings', '', '', 'user_access', 0x613a313a7b693a303b733a31373a2261646d696e6973746572207468656d6573223b7d, 'drupal_get_form', 0x613a313a7b693a303b733a32313a2273797374656d5f7468656d655f73657474696e6773223b7d, '', 7, 3, 1, 'admin/appearance', 'admin/appearance', 'Settings', 't', '', '', 'a:0:{}', 132, 'Configure default and theme specific settings.', '', 20, 'modules/system/system.admin.inc'),
('admin/appearance/settings/bartik', '', '', '_system_themes_access', 0x[encoded data, 5424 characters], 'drupal_get_form', 0x613a323a7b693a303b733a32313a2273797374656d5f7468656d655f73657474696e6773223b693a313b733a363a2262617274696b223b7d, '', 15, 4, 1, 'admin/appearance/settings', 'admin/appearance', 'Bartik', 't', '', '', 'a:0:{}', 132, '', '', 0, 'modules/system/system.admin.inc'),
('admin/appearance/settings/garland', '', '', '_system_themes_access', 0x[encoded data, 4268 characters], 'drupal_get_form', 0x613a323a7b693a303b733a32313a2273797374656d5f7468656d655f73657474696e6773223b693a313b733a373a226761726c616e64223b7d, '', 15, 4, 1, 'admin/appearance/settings', 'admin/appearance', 'Garland', 't', '', '', 'a:0:{}', 132, '', '', 0, 'modules/system/system.admin.inc'),
('admin/appearance/settings/global', '', '', 'user_access', 0x613a313a7b693a303b733a31373a2261646d696e6973746572207468656d6573223b7d, 'drupal_get_form', 0x613a313a7b693a303b733a32313a2273797374656d5f7468656d655f73657474696e6773223b7d, '', 15, 4, 1, 'admin/appearance/settings', 'admin/appearance', 'Global settings', 't', '', '', 'a:0:{}', 140, '', '', -1, 'modules/system/system.admin.inc'),
('admin/appearance/settings/seven', '', '', '_system_themes_access', 0x613a313a7b693a303b4f3a383a22737464436c617373223a31323a7b733a383a2266696c656e616d65223b733a32333a227468656d65732f736576656e2f736576656e2e696e666f223b733a343a226e616d65223b733a353a22736576656e223b733a343a2274797065223b733a353a227468656d65223b733a353a226f776e6572223b733a34353a227468656d65732f656e67696e65732f70687074656d706c6174652f70687074656d706c6174652e656e67696e65223b733a363a22737461747573223b733a313a2231223b733a393a22626f6f747374726170223b733a313a2230223b733a31343a22736368656d615f76657273696f6e223b733a323a222d31223b733a363a22776569676874223b733a313a2230223b733a343a22696e666f223b613a31383a7b733a343a226e616d65223b733a353a22536576656e223b733a31313a226465736372697074696f6e223b733a36353a22412073696d706c65206f6e652d636f6c756d6e2c207461626c656c6573732c20666c7569642077696474682061646d696e697374726174696f6e207468656d652e223b733a373a227061636b616765223b733a343a22436f7265223b733a373a2276657273696f6e223b733a343a22372e3137223b733a343a22636f7265223b733a333a22372e78223b733a31313a227374796c65736865657473223b613a313a7b733a363a2273637265656e223b613a323a7b733a393a2272657365742e637373223b733a32323a227468656d65732f736576656e2f72657365742e637373223b733a393a227374796c652e637373223b733a32323a227468656d65732f736576656e2f7374796c652e637373223b7d7d733a383a2273657474696e6773223b613a313a7b733a32303a2273686f72746375745f6d6f64756c655f6c696e6b223b733a313a2231223b7d733a373a22726567696f6e73223b613a383a7b733a373a22636f6e74656e74223b733a373a22436f6e74656e74223b733a343a2268656c70223b733a343a2248656c70223b733a383a22706167655f746f70223b733a383a225061676520746f70223b733a31313a22706167655f626f74746f6d223b733a31313a225061676520626f74746f6d223b733a31333a22736964656261725f6669727374223b733a31333a2246697273742073696465626172223b733a31343a2264617368626f6172645f6d61696e223b733a31363a2244617368626f61726420286d61696e29223b733a31373a2264617368626f6172645f73696465626172223b733a31393a2244617368626f61726420287369646562617229223b733a31383a2264617368626f6172645f696e616374697665223b733a32303a2244617368626f6172642028696e61637469766529223b7d733a31343a22726567696f6e735f68696464656e223b613a333a7b693a303b733a31333a22736964656261725f6669727374223b693a313b733a383a22706167655f746f70223b693a323b733a31313a22706167655f626f74746f6d223b7d733a373a2270726f6a656374223b733a363a2264727570616c223b733a393a22646174657374616d70223b733a31303a2231333532333235333537223b733a363a22656e67696e65223b733a31313a2270687074656d706c617465223b733a383a226665617475726573223b613a393a7b693a303b733a343a226c6f676f223b693a313b733a373a2266617669636f6e223b693a323b733a343a226e616d65223b693a333b733a363a22736c6f67616e223b693a343b733a31373a226e6f64655f757365725f70696374757265223b693a353b733a32303a22636f6d6d656e745f757365725f70696374757265223b693a363b733a32353a22636f6d6d656e745f757365725f766572696669636174696f6e223b693a373b733a393a226d61696e5f6d656e75223b693a383b733a31343a227365636f6e646172795f6d656e75223b7d733a31303a2273637265656e73686f74223b733a32373a227468656d65732f736576656e2f73637265656e73686f742e706e67223b733a333a22706870223b733a353a22352e322e34223b733a373a2273637269707473223b613a303a7b7d733a31353a226f7665726c61795f726567696f6e73223b613a353a7b693a303b733a31343a2264617368626f6172645f6d61696e223b693a313b733a31373a2264617368626f6172645f73696465626172223b693a323b733a31383a2264617368626f6172645f696e616374697665223b693a333b733a373a22636f6e74656e74223b693a343b733a343a2268656c70223b7d733a32383a226f7665726c61795f737570706c656d656e74616c5f726567696f6e73223b613a313a7b693a303b733a383a22706167655f746f70223b7d7d733a363a22707265666978223b733a31313a2270687074656d706c617465223b733a31313a227374796c65736865657473223b613a313a7b733a363a2273637265656e223b613a323a7b733a393a2272657365742e637373223b733a32323a227468656d65732f736576656e2f72657365742e637373223b733a393a227374796c652e637373223b733a32323a227468656d65732f736576656e2f7374796c652e637373223b7d7d733a363a22656e67696e65223b733a31313a2270687074656d706c617465223b7d7d, 'drupal_get_form', 0x613a323a7b693a303b733a32313a2273797374656d5f7468656d655f73657474696e6773223b693a313b733a353a22736576656e223b7d, '', 15, 4, 1, 'admin/appearance/settings', 'admin/appearance', 'Seven', 't', '', '', 'a:0:{}', 132, '', '', 0, 'modules/system/system.admin.inc'),
('admin/appearance/settings/stark', '', '', '_system_themes_access', 0x613a313a7b693a303b4f3a383a22737464436c617373223a31323a7b733a383a2266696c656e616d65223b733a32333a227468656d65732f737461726b2f737461726b2e696e666f223b733a343a226e616d65223b733a353a22737461726b223b733a343a2274797065223b733a353a227468656d65223b733a353a226f776e6572223b733a34353a227468656d65732f656e67696e65732f70687074656d706c6174652f70687074656d706c6174652e656e67696e65223b733a363a22737461747573223b733a313a2230223b733a393a22626f6f747374726170223b733a313a2230223b733a31343a22736368656d615f76657273696f6e223b733a323a222d31223b733a363a22776569676874223b733a313a2230223b733a343a22696e666f223b613a31373a7b733a343a226e616d65223b733a353a22537461726b223b733a31313a226465736372697074696f6e223b733a3230383a2254686973207468656d652064656d6f6e737472617465732044727570616c27732064656661756c742048544d4c206d61726b757020616e6420435353207374796c65732e20546f206c6561726e20686f7720746f206275696c6420796f7572206f776e207468656d6520616e64206f766572726964652044727570616c27732064656661756c7420636f64652c2073656520746865203c6120687265663d22687474703a2f2f64727570616c2e6f72672f7468656d652d6775696465223e5468656d696e672047756964653c2f613e2e223b733a373a227061636b616765223b733a343a22436f7265223b733a373a2276657273696f6e223b733a343a22372e3137223b733a343a22636f7265223b733a333a22372e78223b733a31313a227374796c65736865657473223b613a313a7b733a333a22616c6c223b613a313a7b733a31303a226c61796f75742e637373223b733a32333a227468656d65732f737461726b2f6c61796f75742e637373223b7d7d733a373a2270726f6a656374223b733a363a2264727570616c223b733a393a22646174657374616d70223b733a31303a2231333532333235333537223b733a363a22656e67696e65223b733a31313a2270687074656d706c617465223b733a373a22726567696f6e73223b613a31323a7b733a31333a22736964656261725f6669727374223b733a31323a224c6566742073696465626172223b733a31343a22736964656261725f7365636f6e64223b733a31333a2252696768742073696465626172223b733a373a22636f6e74656e74223b733a373a22436f6e74656e74223b733a363a22686561646572223b733a363a22486561646572223b733a363a22666f6f746572223b733a363a22466f6f746572223b733a31313a22686967686c696768746564223b733a31313a22486967686c696768746564223b733a343a2268656c70223b733a343a2248656c70223b733a383a22706167655f746f70223b733a383a225061676520746f70223b733a31313a22706167655f626f74746f6d223b733a31313a225061676520626f74746f6d223b733a31343a2264617368626f6172645f6d61696e223b733a31363a2244617368626f61726420286d61696e29223b733a31373a2264617368626f6172645f73696465626172223b733a31393a2244617368626f61726420287369646562617229223b733a31383a2264617368626f6172645f696e616374697665223b733a32303a2244617368626f6172642028696e61637469766529223b7d733a383a226665617475726573223b613a393a7b693a303b733a343a226c6f676f223b693a313b733a373a2266617669636f6e223b693a323b733a343a226e616d65223b693a333b733a363a22736c6f67616e223b693a343b733a31373a226e6f64655f757365725f70696374757265223b693a353b733a32303a22636f6d6d656e745f757365725f70696374757265223b693a363b733a32353a22636f6d6d656e745f757365725f766572696669636174696f6e223b693a373b733a393a226d61696e5f6d656e75223b693a383b733a31343a227365636f6e646172795f6d656e75223b7d733a31303a2273637265656e73686f74223b733a32373a227468656d65732f737461726b2f73637265656e73686f742e706e67223b733a333a22706870223b733a353a22352e322e34223b733a373a2273637269707473223b613a303a7b7d733a31353a226f7665726c61795f726567696f6e73223b613a353a7b693a303b733a31343a2264617368626f6172645f6d61696e223b693a313b733a31373a2264617368626f6172645f73696465626172223b693a323b733a31383a2264617368626f6172645f696e616374697665223b693a333b733a373a22636f6e74656e74223b693a343b733a343a2268656c70223b7d733a31343a22726567696f6e735f68696464656e223b613a323a7b693a303b733a383a22706167655f746f70223b693a313b733a31313a22706167655f626f74746f6d223b7d733a32383a226f7665726c61795f737570706c656d656e74616c5f726567696f6e73223b613a313a7b693a303b733a383a22706167655f746f70223b7d7d733a363a22707265666978223b733a31313a2270687074656d706c617465223b733a31313a227374796c65736865657473223b613a313a7b733a333a22616c6c223b613a313a7b733a31303a226c61796f75742e637373223b733a32333a227468656d65732f737461726b2f6c61796f75742e637373223b7d7d733a363a22656e67696e65223b733a31313a2270687074656d706c617465223b7d7d, 'drupal_get_form', 0x613a323a7b693a303b733a32313a2273797374656d5f7468656d655f73657474696e6773223b693a313b733a353a22737461726b223b7d, '', 15, 4, 1, 'admin/appearance/settings', 'admin/appearance', 'Stark', 't', '', '', 'a:0:{}', 132, '', '', 0, 'modules/system/system.admin.inc'),
('admin/compact', '', '', 'user_access', 0x613a313a7b693a303b733a32373a226163636573732061646d696e697374726174696f6e207061676573223b7d, 'system_admin_compact_page', 0x613a303a7b7d, '', 3, 2, 0, '', 'admin/compact', 'Compact mode', 't', '', '', 'a:0:{}', 0, '', '', 0, 'modules/system/system.admin.inc'),
('admin/config', '', '', 'user_access', 0x613a313a7b693a303b733a32373a226163636573732061646d696e697374726174696f6e207061676573223b7d, 'system_admin_config_page', 0x613a303a7b7d, '', 3, 2, 0, '', 'admin/config', 'Configuration', 't', '', '', 'a:0:{}', 6, 'Administer settings.', '', 0, 'modules/system/system.admin.inc'),
('admin/config/content', '', '', 'user_access', 0x613a313a7b693a303b733a32373a226163636573732061646d696e697374726174696f6e207061676573223b7d, 'system_admin_menu_block_page', 0x613a303a7b7d, '', 7, 3, 0, '', 'admin/config/content', 'Content authoring', 't', '', '', 'a:0:{}', 6, 'Settings related to formatting and authoring content.', 'left', -15, 'modules/system/system.admin.inc'),
('admin/config/content/formats', '', '', 'user_access', 0x613a313a7b693a303b733a31383a2261646d696e69737465722066696c74657273223b7d, 'drupal_get_form', 0x613a313a7b693a303b733a32313a2266696c7465725f61646d696e5f6f76657276696577223b7d, '', 15, 4, 0, '', 'admin/config/content/formats', 'Text formats', 't', '', '', 'a:0:{}', 6, 'Configure how content input by users is filtered, including allowed HTML tags. Also allows enabling of module-provided filters.', '', 0, 'modules/filter/filter.admin.inc'),
('admin/config/content/formats/%', 0x613a313a7b693a343b733a31383a2266696c7465725f666f726d61745f6c6f6164223b7d, '', 'user_access', 0x613a313a7b693a303b733a31383a2261646d696e69737465722066696c74657273223b7d, 'filter_admin_format_page', 0x613a313a7b693a303b693a343b7d, '', 30, 5, 0, '', 'admin/config/content/formats/%', '', 'filter_admin_format_title', 'a:1:{i:0;i:4;}', '', 'a:0:{}', 6, '', '', 0, 'modules/filter/filter.admin.inc'),
('admin/config/content/formats/%/disable', 0x613a313a7b693a343b733a31383a2266696c7465725f666f726d61745f6c6f6164223b7d, '', '_filter_disable_format_access', 0x613a313a7b693a303b693a343b7d, 'drupal_get_form', 0x613a323a7b693a303b733a32303a2266696c7465725f61646d696e5f64697361626c65223b693a313b693a343b7d, '', 61, 6, 0, '', 'admin/config/content/formats/%/disable', 'Disable text format', 't', '', '', 'a:0:{}', 6, '', '', 0, 'modules/filter/filter.admin.inc'),
('admin/config/content/formats/add', '', '', 'user_access', 0x613a313a7b693a303b733a31383a2261646d696e69737465722066696c74657273223b7d, 'filter_admin_format_page', 0x613a303a7b7d, '', 31, 5, 1, 'admin/config/content/formats', 'admin/config/content/formats', 'Add text format', 't', '', '', 'a:0:{}', 388, '', '', 1, 'modules/filter/filter.admin.inc'),
('admin/config/content/formats/list', '', '', 'user_access', 0x613a313a7b693a303b733a31383a2261646d696e69737465722066696c74657273223b7d, 'drupal_get_form', 0x613a313a7b693a303b733a32313a2266696c7465725f61646d696e5f6f76657276696577223b7d, '', 31, 5, 1, 'admin/config/content/formats', 'admin/config/content/formats', 'List', 't', '', '', 'a:0:{}', 140, '', '', 0, 'modules/filter/filter.admin.inc'),
('admin/config/development', '', '', 'user_access', 0x613a313a7b693a303b733a32373a226163636573732061646d696e697374726174696f6e207061676573223b7d, 'system_admin_menu_block_page', 0x613a303a7b7d, '', 7, 3, 0, '', 'admin/config/development', 'Development', 't', '', '', 'a:0:{}', 6, 'Development tools.', 'right', -10, 'modules/system/system.admin.inc'),
('admin/config/development/logging', '', '', 'user_access', 0x613a313a7b693a303b733a32393a2261646d696e6973746572207369746520636f6e66696775726174696f6e223b7d, 'drupal_get_form', 0x613a313a7b693a303b733a32333a2273797374656d5f6c6f6767696e675f73657474696e6773223b7d, '', 15, 4, 0, '', 'admin/config/development/logging', 'Logging and errors', 't', '', '', 'a:0:{}', 6, 'Settings for logging and alerts modules. Various modules can route Drupal''s system events to different destinations, such as syslog, database, email, etc.', '', -15, 'modules/system/system.admin.inc'),
('admin/config/development/maintenance', '', '', 'user_access', 0x613a313a7b693a303b733a32393a2261646d696e6973746572207369746520636f6e66696775726174696f6e223b7d, 'drupal_get_form', 0x613a313a7b693a303b733a32383a2273797374656d5f736974655f6d61696e74656e616e63655f6d6f6465223b7d, '', 15, 4, 0, '', 'admin/config/development/maintenance', 'Maintenance mode', 't', '', '', 'a:0:{}', 6, 'Take the site offline for maintenance or bring it back online.', '', -10, 'modules/system/system.admin.inc'),
('admin/config/development/performance', '', '', 'user_access', 0x613a313a7b693a303b733a32393a2261646d696e6973746572207369746520636f6e66696775726174696f6e223b7d, 'drupal_get_form', 0x613a313a7b693a303b733a32373a2273797374656d5f706572666f726d616e63655f73657474696e6773223b7d, '', 15, 4, 0, '', 'admin/config/development/performance', 'Performance', 't', '', '', 'a:0:{}', 6, 'Enable or disable page caching for anonymous users and set CSS and JS bandwidth optimization options.', '', -20, 'modules/system/system.admin.inc'),
('admin/config/media', '', '', 'user_access', 0x613a313a7b693a303b733a32373a226163636573732061646d696e697374726174696f6e207061676573223b7d, 'system_admin_menu_block_page', 0x613a303a7b7d, '', 7, 3, 0, '', 'admin/config/media', 'Media', 't', '', '', 'a:0:{}', 6, 'Media tools.', 'left', -10, 'modules/system/system.admin.inc'),
('admin/config/media/file-system', '', '', 'user_access', 0x613a313a7b693a303b733a32393a2261646d696e6973746572207369746520636f6e66696775726174696f6e223b7d, 'drupal_get_form', 0x613a313a7b693a303b733a32373a2273797374656d5f66696c655f73797374656d5f73657474696e6773223b7d, '', 15, 4, 0, '', 'admin/config/media/file-system', 'File system', 't', '', '', 'a:0:{}', 6, 'Tell Drupal where to store uploaded files and how they are accessed.', '', -10, 'modules/system/system.admin.inc'),
('admin/config/media/image-styles', '', '', 'user_access', 0x613a313a7b693a303b733a32333a2261646d696e697374657220696d616765207374796c6573223b7d, 'image_style_list', 0x613a303a7b7d, '', 15, 4, 0, '', 'admin/config/media/image-styles', 'Image styles', 't', '', '', 'a:0:{}', 6, 'Configure styles that can be used for resizing or adjusting images on display.', '', 0, 'modules/image/image.admin.inc'),
('admin/config/media/image-styles/add', '', '', 'user_access', 0x613a313a7b693a303b733a32333a2261646d696e697374657220696d616765207374796c6573223b7d, 'drupal_get_form', 0x613a313a7b693a303b733a32303a22696d6167655f7374796c655f6164645f666f726d223b7d, '', 31, 5, 1, 'admin/config/media/image-styles', 'admin/config/media/image-styles', 'Add style', 't', '', '', 'a:0:{}', 388, 'Add a new image style.', '', 2, 'modules/image/image.admin.inc'),
('admin/config/media/image-styles/delete/%', 0x613a313a7b693a353b613a313a7b733a31363a22696d6167655f7374796c655f6c6f6164223b613a323a7b693a303b4e3b693a313b733a313a2231223b7d7d7d, '', 'user_access', 0x613a313a7b693a303b733a32333a2261646d696e697374657220696d616765207374796c6573223b7d, 'drupal_get_form', 0x613a323a7b693a303b733a32333a22696d6167655f7374796c655f64656c6574655f666f726d223b693a313b693a353b7d, '', 62, 6, 0, '', 'admin/config/media/image-styles/delete/%', 'Delete style', 't', '', '', 'a:0:{}', 6, 'Delete an image style.', '', 0, 'modules/image/image.admin.inc'),
('admin/config/media/image-styles/edit/%', 0x613a313a7b693a353b733a31363a22696d6167655f7374796c655f6c6f6164223b7d, '', 'user_access', 0x613a313a7b693a303b733a32333a2261646d696e697374657220696d616765207374796c6573223b7d, 'drupal_get_form', 0x613a323a7b693a303b733a31363a22696d6167655f7374796c655f666f726d223b693a313b693a353b7d, '', 62, 6, 0, '', 'admin/config/media/image-styles/edit/%', 'Edit style', 't', '', '', 'a:0:{}', 6, 'Configure an image style.', '', 0, 'modules/image/image.admin.inc'),
('admin/config/media/image-styles/edit/%/add/%', 0x613a323a7b693a353b613a313a7b733a31363a22696d6167655f7374796c655f6c6f6164223b613a313a7b693a303b693a353b7d7d693a373b613a313a7b733a32383a22696d6167655f6566666563745f646566696e6974696f6e5f6c6f6164223b613a313a7b693a303b693a353b7d7d7d, '', 'user_access', 0x613a313a7b693a303b733a32333a2261646d696e697374657220696d616765207374796c6573223b7d, 'drupal_get_form', 0x613a333a7b693a303b733a31373a22696d6167655f6566666563745f666f726d223b693a313b693a353b693a323b693a373b7d, '', 250, 8, 0, '', 'admin/config/media/image-styles/edit/%/add/%', 'Add image effect', 't', '', '', 'a:0:{}', 6, 'Add a new effect to a style.', '', 0, 'modules/image/image.admin.inc'),
('admin/config/media/image-styles/edit/%/effects/%', 0x613a323a7b693a353b613a313a7b733a31363a22696d6167655f7374796c655f6c6f6164223b613a323a7b693a303b693a353b693a313b733a313a2233223b7d7d693a373b613a313a7b733a31373a22696d6167655f6566666563745f6c6f6164223b613a323a7b693a303b693a353b693a313b733a313a2233223b7d7d7d, '', 'user_access', 0x613a313a7b693a303b733a32333a2261646d696e697374657220696d616765207374796c6573223b7d, 'drupal_get_form', 0x613a333a7b693a303b733a31373a22696d6167655f6566666563745f666f726d223b693a313b693a353b693a323b693a373b7d, '', 250, 8, 0, '', 'admin/config/media/image-styles/edit/%/effects/%', 'Edit image effect', 't', '', '', 'a:0:{}', 6, 'Edit an existing effect within a style.', '', 0, 'modules/image/image.admin.inc'),
('admin/config/media/image-styles/edit/%/effects/%/delete', 0x613a323a7b693a353b613a313a7b733a31363a22696d6167655f7374796c655f6c6f6164223b613a323a7b693a303b693a353b693a313b733a313a2233223b7d7d693a373b613a313a7b733a31373a22696d6167655f6566666563745f6c6f6164223b613a323a7b693a303b693a353b693a313b733a313a2233223b7d7d7d, '', 'user_access', 0x613a313a7b693a303b733a32333a2261646d696e697374657220696d616765207374796c6573223b7d, 'drupal_get_form', 0x613a333a7b693a303b733a32343a22696d6167655f6566666563745f64656c6574655f666f726d223b693a313b693a353b693a323b693a373b7d, '', 501, 9, 0, '', 'admin/config/media/image-styles/edit/%/effects/%/delete', 'Delete image effect', 't', '', '', 'a:0:{}', 6, 'Delete an existing effect from a style.', '', 0, 'modules/image/image.admin.inc'),
('admin/config/media/image-styles/list', '', '', 'user_access', 0x613a313a7b693a303b733a32333a2261646d696e697374657220696d616765207374796c6573223b7d, 'image_style_list', 0x613a303a7b7d, '', 31, 5, 1, 'admin/config/media/image-styles', 'admin/config/media/image-styles', 'List', 't', '', '', 'a:0:{}', 140, 'List the current image styles on the site.', '', 1, 'modules/image/image.admin.inc'),
('admin/config/media/image-styles/revert/%', 0x613a313a7b693a353b613a313a7b733a31363a22696d6167655f7374796c655f6c6f6164223b613a323a7b693a303b4e3b693a313b733a313a2232223b7d7d7d, '', 'user_access', 0x613a313a7b693a303b733a32333a2261646d696e697374657220696d616765207374796c6573223b7d, 'drupal_get_form', 0x613a323a7b693a303b733a32333a22696d6167655f7374796c655f7265766572745f666f726d223b693a313b693a353b7d, '', 62, 6, 0, '', 'admin/config/media/image-styles/revert/%', 'Revert style', 't', '', '', 'a:0:{}', 6, 'Revert an image style.', '', 0, 'modules/image/image.admin.inc'),
('admin/config/media/image-toolkit', '', '', 'user_access', 0x613a313a7b693a303b733a32393a2261646d696e6973746572207369746520636f6e66696775726174696f6e223b7d, 'drupal_get_form', 0x613a313a7b693a303b733a32393a2273797374656d5f696d6167655f746f6f6c6b69745f73657474696e6773223b7d, '', 15, 4, 0, '', 'admin/config/media/image-toolkit', 'Image toolkit', 't', '', '', 'a:0:{}', 6, 'Choose which image toolkit to use if you have installed optional toolkits.', '', 20, 'modules/system/system.admin.inc'),
('admin/config/people', '', '', 'user_access', 0x613a313a7b693a303b733a32373a226163636573732061646d696e697374726174696f6e207061676573223b7d, 'system_admin_menu_block_page', 0x613a303a7b7d, '', 7, 3, 0, '', 'admin/config/people', 'People', 't', '', '', 'a:0:{}', 6, 'Configure user accounts.', 'left', -20, 'modules/system/system.admin.inc'),
('admin/config/people/accounts', '', '', 'user_access', 0x613a313a7b693a303b733a31363a2261646d696e6973746572207573657273223b7d, 'drupal_get_form', 0x613a313a7b693a303b733a31393a22757365725f61646d696e5f73657474696e6773223b7d, '', 15, 4, 0, '', 'admin/config/people/accounts', 'Account settings', 't', '', '', 'a:0:{}', 6, 'Configure default behavior of users, including registration requirements, e-mails, fields, and user pictures.', '', -10, 'modules/user/user.admin.inc'),
('admin/config/people/accounts/display', '', '', 'user_access', 0x613a313a7b693a303b733a31363a2261646d696e6973746572207573657273223b7d, 'drupal_get_form', 0x613a343a7b693a303b733a33303a226669656c645f75695f646973706c61795f6f766572766965775f666f726d223b693a313b733a343a2275736572223b693a323b733a343a2275736572223b693a333b733a373a2264656661756c74223b7d, '', 31, 5, 1, 'admin/config/people/accounts', 'admin/config/people/accounts', 'Manage display', 't', '', '', 'a:0:{}', 132, '', '', 2, 'modules/field_ui/field_ui.admin.inc'),
('admin/config/people/accounts/display/default', '', '', '_field_ui_view_mode_menu_access', 0x613a353a7b693a303b733a343a2275736572223b693a313b733a343a2275736572223b693a323b733a373a2264656661756c74223b693a333b733a31313a22757365725f616363657373223b693a343b733a31363a2261646d696e6973746572207573657273223b7d, 'drupal_get_form', 0x613a343a7b693a303b733a33303a226669656c645f75695f646973706c61795f6f766572766965775f666f726d223b693a313b733a343a2275736572223b693a323b733a343a2275736572223b693a333b733a373a2264656661756c74223b7d, '', 63, 6, 1, 'admin/config/people/accounts/display', 'admin/config/people/accounts', 'Default', 't', '', '', 'a:0:{}', 140, '', '', -10, 'modules/field_ui/field_ui.admin.inc'),
('admin/config/people/accounts/display/full', '', '', '_field_ui_view_mode_menu_access', 0x613a353a7b693a303b733a343a2275736572223b693a313b733a343a2275736572223b693a323b733a343a2266756c6c223b693a333b733a31313a22757365725f616363657373223b693a343b733a31363a2261646d696e6973746572207573657273223b7d, 'drupal_get_form', 0x613a343a7b693a303b733a33303a226669656c645f75695f646973706c61795f6f766572766965775f666f726d223b693a313b733a343a2275736572223b693a323b733a343a2275736572223b693a333b733a343a2266756c6c223b7d, '', 63, 6, 1, 'admin/config/people/accounts/display', 'admin/config/people/accounts', 'User account', 't', '', '', 'a:0:{}', 132, '', '', 0, 'modules/field_ui/field_ui.admin.inc'),
('admin/config/people/accounts/fields', '', '', 'user_access', 0x613a313a7b693a303b733a31363a2261646d696e6973746572207573657273223b7d, 'drupal_get_form', 0x613a333a7b693a303b733a32383a226669656c645f75695f6669656c645f6f766572766965775f666f726d223b693a313b733a343a2275736572223b693a323b733a343a2275736572223b7d, '', 31, 5, 1, 'admin/config/people/accounts', 'admin/config/people/accounts', 'Manage fields', 't', '', '', 'a:0:{}', 132, '', '', 1, 'modules/field_ui/field_ui.admin.inc'),
('admin/config/people/accounts/fields/%', 0x613a313a7b693a353b613a313a7b733a31383a226669656c645f75695f6d656e755f6c6f6164223b613a343a7b693a303b733a343a2275736572223b693a313b733a343a2275736572223b693a323b733a313a2230223b693a333b733a343a22256d6170223b7d7d7d, '', 'user_access', 0x613a313a7b693a303b733a31363a2261646d696e6973746572207573657273223b7d, 'drupal_get_form', 0x613a323a7b693a303b733a32343a226669656c645f75695f6669656c645f656469745f666f726d223b693a313b693a353b7d, '', 62, 6, 0, '', 'admin/config/people/accounts/fields/%', '', 'field_ui_menu_title', 'a:1:{i:0;i:5;}', '', 'a:0:{}', 6, '', '', 0, 'modules/field_ui/field_ui.admin.inc'),
('admin/config/people/accounts/fields/%/delete', 0x613a313a7b693a353b613a313a7b733a31383a226669656c645f75695f6d656e755f6c6f6164223b613a343a7b693a303b733a343a2275736572223b693a313b733a343a2275736572223b693a323b733a313a2230223b693a333b733a343a22256d6170223b7d7d7d, '', 'user_access', 0x613a313a7b693a303b733a31363a2261646d696e6973746572207573657273223b7d, 'drupal_get_form', 0x613a323a7b693a303b733a32363a226669656c645f75695f6669656c645f64656c6574655f666f726d223b693a313b693a353b7d, '', 125, 7, 1, 'admin/config/people/accounts/fields/%', 'admin/config/people/accounts/fields/%', 'Delete', 't', '', '', 'a:0:{}', 132, '', '', 10, 'modules/field_ui/field_ui.admin.inc'),
('admin/config/people/accounts/fields/%/edit', 0x613a313a7b693a353b613a313a7b733a31383a226669656c645f75695f6d656e755f6c6f6164223b613a343a7b693a303b733a343a2275736572223b693a313b733a343a2275736572223b693a323b733a313a2230223b693a333b733a343a22256d6170223b7d7d7d, '', 'user_access', 0x613a313a7b693a303b733a31363a2261646d696e6973746572207573657273223b7d, 'drupal_get_form', 0x613a323a7b693a303b733a32343a226669656c645f75695f6669656c645f656469745f666f726d223b693a313b693a353b7d, '', 125, 7, 1, 'admin/config/people/accounts/fields/%', 'admin/config/people/accounts/fields/%', 'Edit', 't', '', '', 'a:0:{}', 140, '', '', 0, 'modules/field_ui/field_ui.admin.inc'),
('admin/config/people/accounts/fields/%/field-settings', 0x613a313a7b693a353b613a313a7b733a31383a226669656c645f75695f6d656e755f6c6f6164223b613a343a7b693a303b733a343a2275736572223b693a313b733a343a2275736572223b693a323b733a313a2230223b693a333b733a343a22256d6170223b7d7d7d, '', 'user_access', 0x613a313a7b693a303b733a31363a2261646d696e6973746572207573657273223b7d, 'drupal_get_form', 0x613a323a7b693a303b733a32383a226669656c645f75695f6669656c645f73657474696e67735f666f726d223b693a313b693a353b7d, '', 125, 7, 1, 'admin/config/people/accounts/fields/%', 'admin/config/people/accounts/fields/%', 'Field settings', 't', '', '', 'a:0:{}', 132, '', '', 0, 'modules/field_ui/field_ui.admin.inc'),
('admin/config/people/accounts/fields/%/widget-type', 0x613a313a7b693a353b613a313a7b733a31383a226669656c645f75695f6d656e755f6c6f6164223b613a343a7b693a303b733a343a2275736572223b693a313b733a343a2275736572223b693a323b733a313a2230223b693a333b733a343a22256d6170223b7d7d7d, '', 'user_access', 0x613a313a7b693a303b733a31363a2261646d696e6973746572207573657273223b7d, 'drupal_get_form', 0x613a323a7b693a303b733a32353a226669656c645f75695f7769646765745f747970655f666f726d223b693a313b693a353b7d, '', 125, 7, 1, 'admin/config/people/accounts/fields/%', 'admin/config/people/accounts/fields/%', 'Widget type', 't', '', '', 'a:0:{}', 132, '', '', 0, 'modules/field_ui/field_ui.admin.inc'),
('admin/config/people/accounts/settings', '', '', 'user_access', 0x613a313a7b693a303b733a31363a2261646d696e6973746572207573657273223b7d, 'drupal_get_form', 0x613a313a7b693a303b733a31393a22757365725f61646d696e5f73657474696e6773223b7d, '', 31, 5, 1, 'admin/config/people/accounts', 'admin/config/people/accounts', 'Settings', 't', '', '', 'a:0:{}', 140, '', '', -10, 'modules/user/user.admin.inc'),
('admin/config/people/ip-blocking', '', '', 'user_access', 0x613a313a7b693a303b733a31383a22626c6f636b20495020616464726573736573223b7d, 'system_ip_blocking', 0x613a303a7b7d, '', 15, 4, 0, '', 'admin/config/people/ip-blocking', 'IP address blocking', 't', '', '', 'a:0:{}', 6, 'Manage blocked IP addresses.', '', 10, 'modules/system/system.admin.inc'),
('admin/config/people/ip-blocking/delete/%', 0x613a313a7b693a353b733a31353a22626c6f636b65645f69705f6c6f6164223b7d, '', 'user_access', 0x613a313a7b693a303b733a31383a22626c6f636b20495020616464726573736573223b7d, 'drupal_get_form', 0x613a323a7b693a303b733a32353a2273797374656d5f69705f626c6f636b696e675f64656c657465223b693a313b693a353b7d, '', 62, 6, 0, '', 'admin/config/people/ip-blocking/delete/%', 'Delete IP address', 't', '', '', 'a:0:{}', 6, '', '', 0, 'modules/system/system.admin.inc'),
('admin/config/regional', '', '', 'user_access', 0x613a313a7b693a303b733a32373a226163636573732061646d696e697374726174696f6e207061676573223b7d, 'system_admin_menu_block_page', 0x613a303a7b7d, '', 7, 3, 0, '', 'admin/config/regional', 'Regional and language', 't', '', '', 'a:0:{}', 6, 'Regional settings, localization and translation.', 'left', -5, 'modules/system/system.admin.inc'),
('admin/config/regional/date-time', '', '', 'user_access', 0x613a313a7b693a303b733a32393a2261646d696e6973746572207369746520636f6e66696775726174696f6e223b7d, 'drupal_get_form', 0x613a313a7b693a303b733a32353a2273797374656d5f646174655f74696d655f73657474696e6773223b7d, '', 15, 4, 0, '', 'admin/config/regional/date-time', 'Date and time', 't', '', '', 'a:0:{}', 6, 'Configure display formats for date and time.', '', -15, 'modules/system/system.admin.inc'),
('admin/config/regional/date-time/formats', '', '', 'user_access', 0x613a313a7b693a303b733a32393a2261646d696e6973746572207369746520636f6e66696775726174696f6e223b7d, 'system_date_time_formats', 0x613a303a7b7d, '', 31, 5, 1, 'admin/config/regional/date-time', 'admin/config/regional/date-time', 'Formats', 't', '', '', 'a:0:{}', 132, 'Configure display format strings for date and time.', '', -9, 'modules/system/system.admin.inc'),
('admin/config/regional/date-time/formats/%/delete', 0x613a313a7b693a353b4e3b7d, '', 'user_access', 0x613a313a7b693a303b733a32393a2261646d696e6973746572207369746520636f6e66696775726174696f6e223b7d, 'drupal_get_form', 0x613a323a7b693a303b733a33303a2273797374656d5f646174655f64656c6574655f666f726d61745f666f726d223b693a313b693a353b7d, '', 125, 7, 0, '', 'admin/config/regional/date-time/formats/%/delete', 'Delete date format', 't', '', '', 'a:0:{}', 6, 'Allow users to delete a configured date format.', '', 0, 'modules/system/system.admin.inc'),
('admin/config/regional/date-time/formats/%/edit', 0x613a313a7b693a353b4e3b7d, '', 'user_access', 0x613a313a7b693a303b733a32393a2261646d696e6973746572207369746520636f6e66696775726174696f6e223b7d, 'drupal_get_form', 0x613a323a7b693a303b733a33343a2273797374656d5f636f6e6669677572655f646174655f666f726d6174735f666f726d223b693a313b693a353b7d, '', 125, 7, 0, '', 'admin/config/regional/date-time/formats/%/edit', 'Edit date format', 't', '', '', 'a:0:{}', 6, 'Allow users to edit a configured date format.', '', 0, 'modules/system/system.admin.inc'),
('admin/config/regional/date-time/formats/add', '', '', 'user_access', 0x613a313a7b693a303b733a32393a2261646d696e6973746572207369746520636f6e66696775726174696f6e223b7d, 'drupal_get_form', 0x613a313a7b693a303b733a33343a2273797374656d5f636f6e6669677572655f646174655f666f726d6174735f666f726d223b7d, '', 63, 6, 1, 'admin/config/regional/date-time/formats', 'admin/config/regional/date-time', 'Add format', 't', '', '', 'a:0:{}', 388, 'Allow users to add additional date formats.', '', -10, 'modules/system/system.admin.inc'),
('admin/config/regional/date-time/formats/lookup', '', '', 'user_access', 0x613a313a7b693a303b733a32393a2261646d696e6973746572207369746520636f6e66696775726174696f6e223b7d, 'system_date_time_lookup', 0x613a303a7b7d, '', 63, 6, 0, '', 'admin/config/regional/date-time/formats/lookup', 'Date and time lookup', 't', '', '', 'a:0:{}', 0, '', '', 0, 'modules/system/system.admin.inc'),
('admin/config/regional/date-time/locale', '', '', 'user_access', 0x613a313a7b693a303b733a32393a2261646d696e6973746572207369746520636f6e66696775726174696f6e223b7d, 'locale_date_format_language_overview_page', 0x613a303a7b7d, '', 31, 5, 1, 'admin/config/regional/date-time', 'admin/config/regional/date-time', 'Localize', 't', '', '', 'a:0:{}', 132, 'Configure date formats for each locale', '', -8, 'modules/locale/locale.admin.inc'),
('admin/config/regional/date-time/locale/%/edit', 0x613a313a7b693a353b4e3b7d, '', 'user_access', 0x613a313a7b693a303b733a32393a2261646d696e6973746572207369746520636f6e66696775726174696f6e223b7d, 'drupal_get_form', 0x613a323a7b693a303b733a32333a226c6f63616c655f646174655f666f726d61745f666f726d223b693a313b693a353b7d, '', 125, 7, 0, '', 'admin/config/regional/date-time/locale/%/edit', 'Localize date formats', 't', '', '', 'a:0:{}', 6, 'Configure date formats for each locale', '', 0, 'modules/locale/locale.admin.inc'),
('admin/config/regional/date-time/locale/%/reset', 0x613a313a7b693a353b4e3b7d, '', 'user_access', 0x613a313a7b693a303b733a32393a2261646d696e6973746572207369746520636f6e66696775726174696f6e223b7d, 'drupal_get_form', 0x613a323a7b693a303b733a32393a226c6f63616c655f646174655f666f726d61745f72657365745f666f726d223b693a313b693a353b7d, '', 125, 7, 0, '', 'admin/config/regional/date-time/locale/%/reset', 'Reset date formats', 't', '', '', 'a:0:{}', 6, 'Reset localized date formats to global defaults', '', 0, 'modules/locale/locale.admin.inc'),
('admin/config/regional/date-time/types', '', '', 'user_access', 0x613a313a7b693a303b733a32393a2261646d696e6973746572207369746520636f6e66696775726174696f6e223b7d, 'drupal_get_form', 0x613a313a7b693a303b733a32353a2273797374656d5f646174655f74696d655f73657474696e6773223b7d, '', 31, 5, 1, 'admin/config/regional/date-time', 'admin/config/regional/date-time', 'Types', 't', '', '', 'a:0:{}', 140, 'Configure display formats for date and time.', '', -10, 'modules/system/system.admin.inc'),
('admin/config/regional/date-time/types/%/delete', 0x613a313a7b693a353b4e3b7d, '', 'user_access', 0x613a313a7b693a303b733a32393a2261646d696e6973746572207369746520636f6e66696775726174696f6e223b7d, 'drupal_get_form', 0x613a323a7b693a303b733a33353a2273797374656d5f64656c6574655f646174655f666f726d61745f747970655f666f726d223b693a313b693a353b7d, '', 125, 7, 0, '', 'admin/config/regional/date-time/types/%/delete', 'Delete date type', 't', '', '', 'a:0:{}', 6, 'Allow users to delete a configured date type.', '', 0, 'modules/system/system.admin.inc'),
('admin/config/regional/date-time/types/add', '', '', 'user_access', 0x613a313a7b693a303b733a32393a2261646d696e6973746572207369746520636f6e66696775726174696f6e223b7d, 'drupal_get_form', 0x613a313a7b693a303b733a33323a2273797374656d5f6164645f646174655f666f726d61745f747970655f666f726d223b7d, '', 63, 6, 1, 'admin/config/regional/date-time/types', 'admin/config/regional/date-time', 'Add date type', 't', '', '', 'a:0:{}', 388, 'Add new date type.', '', -10, 'modules/system/system.admin.inc'),
('admin/config/regional/language', '', '', 'user_access', 0x613a313a7b693a303b733a32303a2261646d696e6973746572206c616e677561676573223b7d, 'drupal_get_form', 0x613a313a7b693a303b733a33303a226c6f63616c655f6c616e6775616765735f6f766572766965775f666f726d223b7d, '', 15, 4, 0, '', 'admin/config/regional/language', 'Languages', 't', '', '', 'a:0:{}', 6, 'Configure languages for content and the user interface.', '', -10, 'modules/locale/locale.admin.inc'),
('admin/config/regional/language/add', '', '', 'user_access', 0x613a313a7b693a303b733a32303a2261646d696e6973746572206c616e677561676573223b7d, 'locale_languages_add_screen', 0x613a303a7b7d, '', 31, 5, 1, 'admin/config/regional/language', 'admin/config/regional/language', 'Add language', 't', '', '', 'a:0:{}', 388, '', '', 5, 'modules/locale/locale.admin.inc'),
('admin/config/regional/language/configure', '', '', 'user_access', 0x613a313a7b693a303b733a32303a2261646d696e6973746572206c616e677561676573223b7d, 'drupal_get_form', 0x613a313a7b693a303b733a33313a226c6f63616c655f6c616e6775616765735f636f6e6669677572655f666f726d223b7d, '', 31, 5, 1, 'admin/config/regional/language', 'admin/config/regional/language', 'Detection and selection', 't', '', '', 'a:0:{}', 132, '', '', 10, 'modules/locale/locale.admin.inc'),
('admin/config/regional/language/configure/session', '', '', 'user_access', 0x613a313a7b693a303b733a32303a2261646d696e6973746572206c616e677561676573223b7d, 'drupal_get_form', 0x613a313a7b693a303b733a33383a226c6f63616c655f6c616e67756167655f70726f7669646572735f73657373696f6e5f666f726d223b7d, '', 63, 6, 0, '', 'admin/config/regional/language/configure/session', 'Session language detection configuration', 't', '', '', 'a:0:{}', 4, '', '', 0, 'modules/locale/locale.admin.inc'),
('admin/config/regional/language/configure/url', '', '', 'user_access', 0x613a313a7b693a303b733a32303a2261646d696e6973746572206c616e677561676573223b7d, 'drupal_get_form', 0x613a313a7b693a303b733a33343a226c6f63616c655f6c616e67756167655f70726f7669646572735f75726c5f666f726d223b7d, '', 63, 6, 0, '', 'admin/config/regional/language/configure/url', 'URL language detection configuration', 't', '', '', 'a:0:{}', 4, '', '', 0, 'modules/locale/locale.admin.inc'),
('admin/config/regional/language/delete/%', 0x613a313a7b693a353b4e3b7d, '', 'user_access', 0x613a313a7b693a303b733a32303a2261646d696e6973746572206c616e677561676573223b7d, 'drupal_get_form', 0x613a323a7b693a303b733a32383a226c6f63616c655f6c616e6775616765735f64656c6574655f666f726d223b693a313b693a353b7d, '', 62, 6, 0, '', 'admin/config/regional/language/delete/%', 'Confirm', 't', '', '', 'a:0:{}', 6, '', '', 0, 'modules/locale/locale.admin.inc');
INSERT INTO `drup_menu_router` VALUES
('admin/config/regional/language/edit/%', 0x613a313a7b693a353b4e3b7d, '', 'user_access', 0x613a313a7b693a303b733a32303a2261646d696e6973746572206c616e677561676573223b7d, 'drupal_get_form', 0x613a323a7b693a303b733a32363a226c6f63616c655f6c616e6775616765735f656469745f666f726d223b693a313b693a353b7d, '', 62, 6, 0, '', 'admin/config/regional/language/edit/%', 'Edit language', 't', '', '', 'a:0:{}', 6, '', '', 0, 'modules/locale/locale.admin.inc'),
('admin/config/regional/language/overview', '', '', 'user_access', 0x613a313a7b693a303b733a32303a2261646d696e6973746572206c616e677561676573223b7d, 'drupal_get_form', 0x613a313a7b693a303b733a33303a226c6f63616c655f6c616e6775616765735f6f766572766965775f666f726d223b7d, '', 31, 5, 1, 'admin/config/regional/language', 'admin/config/regional/language', 'List', 't', '', '', 'a:0:{}', 140, '', '', 0, 'modules/locale/locale.admin.inc'),
('admin/config/regional/settings', '', '', 'user_access', 0x613a313a7b693a303b733a32393a2261646d696e6973746572207369746520636f6e66696775726174696f6e223b7d, 'drupal_get_form', 0x613a313a7b693a303b733a32343a2273797374656d5f726567696f6e616c5f73657474696e6773223b7d, '', 15, 4, 0, '', 'admin/config/regional/settings', 'Regional settings', 't', '', '', 'a:0:{}', 6, 'Settings for the site''s default time zone and country.', '', -20, 'modules/system/system.admin.inc'),
('admin/config/regional/translate', '', '', 'user_access', 0x613a313a7b693a303b733a31393a227472616e736c61746520696e74657266616365223b7d, 'locale_translate_overview_screen', 0x613a303a7b7d, '', 15, 4, 0, '', 'admin/config/regional/translate', 'Translate interface', 't', '', '', 'a:0:{}', 6, 'Translate the built in interface and optionally other text.', '', -5, 'modules/locale/locale.admin.inc'),
('admin/config/regional/translate/delete/%', 0x613a313a7b693a353b4e3b7d, '', 'user_access', 0x613a313a7b693a303b733a31393a227472616e736c61746520696e74657266616365223b7d, 'locale_translate_delete_page', 0x613a313a7b693a303b693a353b7d, '', 62, 6, 0, '', 'admin/config/regional/translate/delete/%', 'Delete string', 't', '', '', 'a:0:{}', 6, '', '', 0, 'modules/locale/locale.admin.inc'),
('admin/config/regional/translate/edit/%', 0x613a313a7b693a353b4e3b7d, '', 'user_access', 0x613a313a7b693a303b733a31393a227472616e736c61746520696e74657266616365223b7d, 'drupal_get_form', 0x613a323a7b693a303b733a32363a226c6f63616c655f7472616e736c6174655f656469745f666f726d223b693a313b693a353b7d, '', 62, 6, 0, '', 'admin/config/regional/translate/edit/%', 'Edit string', 't', '', '', 'a:0:{}', 6, '', '', 0, 'modules/locale/locale.admin.inc'),
('admin/config/regional/translate/export', '', '', 'user_access', 0x613a313a7b693a303b733a31393a227472616e736c61746520696e74657266616365223b7d, 'locale_translate_export_screen', 0x613a303a7b7d, '', 31, 5, 1, 'admin/config/regional/translate', 'admin/config/regional/translate', 'Export', 't', '', '', 'a:0:{}', 132, '', '', 30, 'modules/locale/locale.admin.inc'),
('admin/config/regional/translate/import', '', '', 'user_access', 0x613a313a7b693a303b733a31393a227472616e736c61746520696e74657266616365223b7d, 'drupal_get_form', 0x613a313a7b693a303b733a32383a226c6f63616c655f7472616e736c6174655f696d706f72745f666f726d223b7d, '', 31, 5, 1, 'admin/config/regional/translate', 'admin/config/regional/translate', 'Import', 't', '', '', 'a:0:{}', 132, '', '', 20, 'modules/locale/locale.admin.inc'),
('admin/config/regional/translate/overview', '', '', 'user_access', 0x613a313a7b693a303b733a31393a227472616e736c61746520696e74657266616365223b7d, 'locale_translate_overview_screen', 0x613a303a7b7d, '', 31, 5, 1, 'admin/config/regional/translate', 'admin/config/regional/translate', 'Overview', 't', '', '', 'a:0:{}', 140, '', '', 0, 'modules/locale/locale.admin.inc'),
('admin/config/regional/translate/translate', '', '', 'user_access', 0x613a313a7b693a303b733a31393a227472616e736c61746520696e74657266616365223b7d, 'locale_translate_seek_screen', 0x613a303a7b7d, '', 31, 5, 1, 'admin/config/regional/translate', 'admin/config/regional/translate', 'Translate', 't', '', '', 'a:0:{}', 132, '', '', 10, 'modules/locale/locale.admin.inc'),
('admin/config/search', '', '', 'user_access', 0x613a313a7b693a303b733a32373a226163636573732061646d696e697374726174696f6e207061676573223b7d, 'system_admin_menu_block_page', 0x613a303a7b7d, '', 7, 3, 0, '', 'admin/config/search', 'Search and metadata', 't', '', '', 'a:0:{}', 6, 'Local site search, metadata and SEO.', 'left', -10, 'modules/system/system.admin.inc'),
('admin/config/search/clean-urls', '', '', 'user_access', 0x613a313a7b693a303b733a32393a2261646d696e6973746572207369746520636f6e66696775726174696f6e223b7d, 'drupal_get_form', 0x613a313a7b693a303b733a32353a2273797374656d5f636c65616e5f75726c5f73657474696e6773223b7d, '', 15, 4, 0, '', 'admin/config/search/clean-urls', 'Clean URLs', 't', '', '', 'a:0:{}', 6, 'Enable or disable clean URLs for your site.', '', 5, 'modules/system/system.admin.inc'),
('admin/config/search/clean-urls/check', '', '', '1', 0x613a303a7b7d, 'drupal_json_output', 0x613a313a7b693a303b613a313a7b733a363a22737461747573223b623a313b7d7d, '', 31, 5, 0, '', 'admin/config/search/clean-urls/check', 'Clean URL check', 't', '', '', 'a:0:{}', 0, '', '', 0, 'modules/system/system.admin.inc'),
('admin/config/search/path', '', '', 'user_access', 0x613a313a7b693a303b733a32323a2261646d696e69737465722075726c20616c6961736573223b7d, 'path_admin_overview', 0x613a303a7b7d, '', 15, 4, 0, '', 'admin/config/search/path', 'URL aliases', 't', '', '', 'a:0:{}', 6, 'Change your site''s URL paths by aliasing them.', '', -5, 'modules/path/path.admin.inc'),
('admin/config/search/path/add', '', '', 'user_access', 0x613a313a7b693a303b733a32323a2261646d696e69737465722075726c20616c6961736573223b7d, 'path_admin_edit', 0x613a303a7b7d, '', 31, 5, 1, 'admin/config/search/path', 'admin/config/search/path', 'Add alias', 't', '', '', 'a:0:{}', 388, '', '', 0, 'modules/path/path.admin.inc'),
('admin/config/search/path/delete/%', 0x613a313a7b693a353b733a393a22706174685f6c6f6164223b7d, '', 'user_access', 0x613a313a7b693a303b733a32323a2261646d696e69737465722075726c20616c6961736573223b7d, 'drupal_get_form', 0x613a323a7b693a303b733a32353a22706174685f61646d696e5f64656c6574655f636f6e6669726d223b693a313b693a353b7d, '', 62, 6, 0, '', 'admin/config/search/path/delete/%', 'Delete alias', 't', '', '', 'a:0:{}', 6, '', '', 0, 'modules/path/path.admin.inc'),
('admin/config/search/path/edit/%', 0x613a313a7b693a353b733a393a22706174685f6c6f6164223b7d, '', 'user_access', 0x613a313a7b693a303b733a32323a2261646d696e69737465722075726c20616c6961736573223b7d, 'path_admin_edit', 0x613a313a7b693a303b693a353b7d, '', 62, 6, 0, '', 'admin/config/search/path/edit/%', 'Edit alias', 't', '', '', 'a:0:{}', 6, '', '', 0, 'modules/path/path.admin.inc'),
('admin/config/search/path/list', '', '', 'user_access', 0x613a313a7b693a303b733a32323a2261646d696e69737465722075726c20616c6961736573223b7d, 'path_admin_overview', 0x613a303a7b7d, '', 31, 5, 1, 'admin/config/search/path', 'admin/config/search/path', 'List', 't', '', '', 'a:0:{}', 140, '', '', -10, 'modules/path/path.admin.inc'),
('admin/config/search/settings', '', '', 'user_access', 0x613a313a7b693a303b733a31373a2261646d696e697374657220736561726368223b7d, 'drupal_get_form', 0x613a313a7b693a303b733a32313a227365617263685f61646d696e5f73657474696e6773223b7d, '', 15, 4, 0, '', 'admin/config/search/settings', 'Search settings', 't', '', '', 'a:0:{}', 6, 'Configure relevance settings for search and other indexing options.', '', -10, 'modules/search/search.admin.inc'),
('admin/config/search/settings/reindex', '', '', 'user_access', 0x613a313a7b693a303b733a31373a2261646d696e697374657220736561726368223b7d, 'drupal_get_form', 0x613a313a7b693a303b733a32323a227365617263685f7265696e6465785f636f6e6669726d223b7d, '', 31, 5, 0, '', 'admin/config/search/settings/reindex', 'Clear index', 't', '', '', 'a:0:{}', 4, '', '', 0, 'modules/search/search.admin.inc'),
('admin/config/services', '', '', 'user_access', 0x613a313a7b693a303b733a32373a226163636573732061646d696e697374726174696f6e207061676573223b7d, 'system_admin_menu_block_page', 0x613a303a7b7d, '', 7, 3, 0, '', 'admin/config/services', 'Web services', 't', '', '', 'a:0:{}', 6, 'Tools related to web services.', 'right', 0, 'modules/system/system.admin.inc'),
('admin/config/services/rss-publishing', '', '', 'user_access', 0x613a313a7b693a303b733a32393a2261646d696e6973746572207369746520636f6e66696775726174696f6e223b7d, 'drupal_get_form', 0x613a313a7b693a303b733a32353a2273797374656d5f7273735f66656564735f73657474696e6773223b7d, '', 15, 4, 0, '', 'admin/config/services/rss-publishing', 'RSS publishing', 't', '', '', 'a:0:{}', 6, 'Configure the site description, the number of items per feed and whether feeds should be titles/teasers/full-text.', '', 0, 'modules/system/system.admin.inc'),
('admin/config/system', '', '', 'user_access', 0x613a313a7b693a303b733a32373a226163636573732061646d696e697374726174696f6e207061676573223b7d, 'system_admin_menu_block_page', 0x613a303a7b7d, '', 7, 3, 0, '', 'admin/config/system', 'System', 't', '', '', 'a:0:{}', 6, 'General system related configuration.', 'right', -20, 'modules/system/system.admin.inc'),
('admin/config/system/actions', '', '', 'user_access', 0x613a313a7b693a303b733a31383a2261646d696e697374657220616374696f6e73223b7d, 'system_actions_manage', 0x613a303a7b7d, '', 15, 4, 0, '', 'admin/config/system/actions', 'Actions', 't', '', '', 'a:0:{}', 6, 'Manage the actions defined for your site.', '', 0, 'modules/system/system.admin.inc'),
('admin/config/system/actions/configure', '', '', 'user_access', 0x613a313a7b693a303b733a31383a2261646d696e697374657220616374696f6e73223b7d, 'drupal_get_form', 0x613a313a7b693a303b733a32343a2273797374656d5f616374696f6e735f636f6e666967757265223b7d, '', 31, 5, 0, '', 'admin/config/system/actions/configure', 'Configure an advanced action', 't', '', '', 'a:0:{}', 4, '', '', 0, 'modules/system/system.admin.inc'),
('admin/config/system/actions/delete/%', 0x613a313a7b693a353b733a31323a22616374696f6e735f6c6f6164223b7d, '', 'user_access', 0x613a313a7b693a303b733a31383a2261646d696e697374657220616374696f6e73223b7d, 'drupal_get_form', 0x613a323a7b693a303b733a32363a2273797374656d5f616374696f6e735f64656c6574655f666f726d223b693a313b693a353b7d, '', 62, 6, 0, '', 'admin/config/system/actions/delete/%', 'Delete action', 't', '', '', 'a:0:{}', 6, 'Delete an action.', '', 0, 'modules/system/system.admin.inc'),
('admin/config/system/actions/manage', '', '', 'user_access', 0x613a313a7b693a303b733a31383a2261646d696e697374657220616374696f6e73223b7d, 'system_actions_manage', 0x613a303a7b7d, '', 31, 5, 1, 'admin/config/system/actions', 'admin/config/system/actions', 'Manage actions', 't', '', '', 'a:0:{}', 140, 'Manage the actions defined for your site.', '', -2, 'modules/system/system.admin.inc'),
('admin/config/system/actions/orphan', '', '', 'user_access', 0x613a313a7b693a303b733a31383a2261646d696e697374657220616374696f6e73223b7d, 'system_actions_remove_orphans', 0x613a303a7b7d, '', 31, 5, 0, '', 'admin/config/system/actions/orphan', 'Remove orphans', 't', '', '', 'a:0:{}', 0, '', '', 0, 'modules/system/system.admin.inc'),
('admin/config/system/cron', '', '', 'user_access', 0x613a313a7b693a303b733a32393a2261646d696e6973746572207369746520636f6e66696775726174696f6e223b7d, 'drupal_get_form', 0x613a313a7b693a303b733a32303a2273797374656d5f63726f6e5f73657474696e6773223b7d, '', 15, 4, 0, '', 'admin/config/system/cron', 'Cron', 't', '', '', 'a:0:{}', 6, 'Manage automatic site maintenance tasks.', '', 20, 'modules/system/system.admin.inc'),
('admin/config/system/site-information', '', '', 'user_access', 0x613a313a7b693a303b733a32393a2261646d696e6973746572207369746520636f6e66696775726174696f6e223b7d, 'drupal_get_form', 0x613a313a7b693a303b733a33323a2273797374656d5f736974655f696e666f726d6174696f6e5f73657474696e6773223b7d, '', 15, 4, 0, '', 'admin/config/system/site-information', 'Site information', 't', '', '', 'a:0:{}', 6, 'Change site name, e-mail address, slogan, default front page, and number of posts per page, error pages.', '', -20, 'modules/system/system.admin.inc'),
('admin/config/user-interface', '', '', 'user_access', 0x613a313a7b693a303b733a32373a226163636573732061646d696e697374726174696f6e207061676573223b7d, 'system_admin_menu_block_page', 0x613a303a7b7d, '', 7, 3, 0, '', 'admin/config/user-interface', 'User interface', 't', '', '', 'a:0:{}', 6, 'Tools that enhance the user interface.', 'right', -15, 'modules/system/system.admin.inc'),
('admin/config/user-interface/shortcut', '', '', 'user_access', 0x613a313a7b693a303b733a32303a2261646d696e69737465722073686f727463757473223b7d, 'shortcut_set_admin', 0x613a303a7b7d, '', 15, 4, 0, '', 'admin/config/user-interface/shortcut', 'Shortcuts', 't', '', '', 'a:0:{}', 6, 'Add and modify shortcut sets.', '', 0, 'modules/shortcut/shortcut.admin.inc'),
('admin/config/user-interface/shortcut/%', 0x613a313a7b693a343b733a31373a2273686f72746375745f7365745f6c6f6164223b7d, '', 'shortcut_set_edit_access', 0x613a313a7b693a303b693a343b7d, 'drupal_get_form', 0x613a323a7b693a303b733a32323a2273686f72746375745f7365745f637573746f6d697a65223b693a313b693a343b7d, '', 30, 5, 0, '', 'admin/config/user-interface/shortcut/%', 'Edit shortcuts', 'shortcut_set_title_callback', 'a:1:{i:0;i:4;}', '', 'a:0:{}', 6, '', '', 0, 'modules/shortcut/shortcut.admin.inc'),
('admin/config/user-interface/shortcut/%/add-link', 0x613a313a7b693a343b733a31373a2273686f72746375745f7365745f6c6f6164223b7d, '', 'shortcut_set_edit_access', 0x613a313a7b693a303b693a343b7d, 'drupal_get_form', 0x613a323a7b693a303b733a31373a2273686f72746375745f6c696e6b5f616464223b693a313b693a343b7d, '', 61, 6, 1, 'admin/config/user-interface/shortcut/%', 'admin/config/user-interface/shortcut/%', 'Add shortcut', 't', '', '', 'a:0:{}', 388, '', '', 0, 'modules/shortcut/shortcut.admin.inc'),
('admin/config/user-interface/shortcut/%/add-link-inline', 0x613a313a7b693a343b733a31373a2273686f72746375745f7365745f6c6f6164223b7d, '', 'shortcut_set_edit_access', 0x613a313a7b693a303b693a343b7d, 'shortcut_link_add_inline', 0x613a313a7b693a303b693a343b7d, '', 61, 6, 0, '', 'admin/config/user-interface/shortcut/%/add-link-inline', 'Add shortcut', 't', '', '', 'a:0:{}', 0, '', '', 0, 'modules/shortcut/shortcut.admin.inc'),
('admin/config/user-interface/shortcut/%/delete', 0x613a313a7b693a343b733a31373a2273686f72746375745f7365745f6c6f6164223b7d, '', 'shortcut_set_delete_access', 0x613a313a7b693a303b693a343b7d, 'drupal_get_form', 0x613a323a7b693a303b733a32343a2273686f72746375745f7365745f64656c6574655f666f726d223b693a313b693a343b7d, '', 61, 6, 0, '', 'admin/config/user-interface/shortcut/%/delete', 'Delete shortcut set', 't', '', '', 'a:0:{}', 6, '', '', 0, 'modules/shortcut/shortcut.admin.inc'),
('admin/config/user-interface/shortcut/%/edit', 0x613a313a7b693a343b733a31373a2273686f72746375745f7365745f6c6f6164223b7d, '', 'shortcut_set_edit_access', 0x613a313a7b693a303b693a343b7d, 'drupal_get_form', 0x613a323a7b693a303b733a32323a2273686f72746375745f7365745f656469745f666f726d223b693a313b693a343b7d, '', 61, 6, 1, 'admin/config/user-interface/shortcut/%', 'admin/config/user-interface/shortcut/%', 'Edit set name', 't', '', '', 'a:0:{}', 132, '', '', 10, 'modules/shortcut/shortcut.admin.inc'),
('admin/config/user-interface/shortcut/%/links', 0x613a313a7b693a343b733a31373a2273686f72746375745f7365745f6c6f6164223b7d, '', 'shortcut_set_edit_access', 0x613a313a7b693a303b693a343b7d, 'drupal_get_form', 0x613a323a7b693a303b733a32323a2273686f72746375745f7365745f637573746f6d697a65223b693a313b693a343b7d, '', 61, 6, 1, 'admin/config/user-interface/shortcut/%', 'admin/config/user-interface/shortcut/%', 'List links', 't', '', '', 'a:0:{}', 140, '', '', 0, 'modules/shortcut/shortcut.admin.inc'),
('admin/config/user-interface/shortcut/add-set', '', '', 'user_access', 0x613a313a7b693a303b733a32303a2261646d696e69737465722073686f727463757473223b7d, 'drupal_get_form', 0x613a313a7b693a303b733a32313a2273686f72746375745f7365745f6164645f666f726d223b7d, '', 31, 5, 1, 'admin/config/user-interface/shortcut', 'admin/config/user-interface/shortcut', 'Add shortcut set', 't', '', '', 'a:0:{}', 388, '', '', 0, 'modules/shortcut/shortcut.admin.inc'),
('admin/config/user-interface/shortcut/link/%', 0x613a313a7b693a353b733a31343a226d656e755f6c696e6b5f6c6f6164223b7d, '', 'shortcut_link_access', 0x613a313a7b693a303b693a353b7d, 'drupal_get_form', 0x613a323a7b693a303b733a31383a2273686f72746375745f6c696e6b5f65646974223b693a313b693a353b7d, '', 62, 6, 0, '', 'admin/config/user-interface/shortcut/link/%', 'Edit shortcut', 't', '', '', 'a:0:{}', 6, '', '', 0, 'modules/shortcut/shortcut.admin.inc'),
('admin/config/user-interface/shortcut/link/%/delete', 0x613a313a7b693a353b733a31343a226d656e755f6c696e6b5f6c6f6164223b7d, '', 'shortcut_link_access', 0x613a313a7b693a303b693a353b7d, 'drupal_get_form', 0x613a323a7b693a303b733a32303a2273686f72746375745f6c696e6b5f64656c657465223b693a313b693a353b7d, '', 125, 7, 0, '', 'admin/config/user-interface/shortcut/link/%/delete', 'Delete shortcut', 't', '', '', 'a:0:{}', 6, '', '', 0, 'modules/shortcut/shortcut.admin.inc'),
('admin/config/workflow', '', '', 'user_access', 0x613a313a7b693a303b733a32373a226163636573732061646d696e697374726174696f6e207061676573223b7d, 'system_admin_menu_block_page', 0x613a303a7b7d, '', 7, 3, 0, '', 'admin/config/workflow', 'Workflow', 't', '', '', 'a:0:{}', 6, 'Content workflow, editorial workflow tools.', 'right', 5, 'modules/system/system.admin.inc'),
('admin/content', '', '', 'user_access', 0x613a313a7b693a303b733a32333a2261636365737320636f6e74656e74206f76657276696577223b7d, 'drupal_get_form', 0x613a313a7b693a303b733a31383a226e6f64655f61646d696e5f636f6e74656e74223b7d, '', 3, 2, 0, '', 'admin/content', 'Content', 't', '', '', 'a:0:{}', 6, 'Administer content and comments.', '', -10, 'modules/node/node.admin.inc'),
('admin/content/comment', '', '', 'user_access', 0x613a313a7b693a303b733a31393a2261646d696e697374657220636f6d6d656e7473223b7d, 'comment_admin', 0x613a303a7b7d, '', 7, 3, 1, 'admin/content', 'admin/content', 'Comments', 't', '', '', 'a:0:{}', 134, 'List and edit site comments and the comment approval queue.', '', 0, 'modules/comment/comment.admin.inc'),
('admin/content/comment/approval', '', '', 'user_access', 0x613a313a7b693a303b733a31393a2261646d696e697374657220636f6d6d656e7473223b7d, 'comment_admin', 0x613a313a7b693a303b733a383a22617070726f76616c223b7d, '', 15, 4, 1, 'admin/content/comment', 'admin/content', 'Unapproved comments', 'comment_count_unpublished', '', '', 'a:0:{}', 132, '', '', 0, 'modules/comment/comment.admin.inc'),
('admin/content/comment/new', '', '', 'user_access', 0x613a313a7b693a303b733a31393a2261646d696e697374657220636f6d6d656e7473223b7d, 'comment_admin', 0x613a303a7b7d, '', 15, 4, 1, 'admin/content/comment', 'admin/content', 'Published comments', 't', '', '', 'a:0:{}', 140, '', '', -10, 'modules/comment/comment.admin.inc'),
('admin/content/node', '', '', 'user_access', 0x613a313a7b693a303b733a32333a2261636365737320636f6e74656e74206f76657276696577223b7d, 'drupal_get_form', 0x613a313a7b693a303b733a31383a226e6f64655f61646d696e5f636f6e74656e74223b7d, '', 7, 3, 1, 'admin/content', 'admin/content', 'Content', 't', '', '', 'a:0:{}', 140, '', '', -10, 'modules/node/node.admin.inc'),
('admin/dashboard', '', '', 'user_access', 0x613a313a7b693a303b733a31363a226163636573732064617368626f617264223b7d, 'dashboard_admin', 0x613a303a7b7d, '', 3, 2, 0, '', 'admin/dashboard', 'Dashboard', 't', '', '', 'a:0:{}', 6, 'View and customize your dashboard.', '', -15, ''),
('admin/dashboard/block-content/%/%', 0x613a323a7b693a333b4e3b693a343b4e3b7d, '', 'user_access', 0x613a313a7b693a303b733a31373a2261646d696e697374657220626c6f636b73223b7d, 'dashboard_show_block_content', 0x613a323a7b693a303b693a333b693a313b693a343b7d, '', 28, 5, 0, '', 'admin/dashboard/block-content/%/%', '', 't', '', '', 'a:0:{}', 0, '', '', 0, ''),
('admin/dashboard/configure', '', '', 'user_access', 0x613a313a7b693a303b733a31373a2261646d696e697374657220626c6f636b73223b7d, 'dashboard_admin_blocks', 0x613a303a7b7d, '', 7, 3, 0, '', 'admin/dashboard/configure', 'Configure available dashboard blocks', 't', '', '', 'a:0:{}', 4, 'Configure which blocks can be shown on the dashboard.', '', 0, ''),
('admin/dashboard/customize', '', '', 'user_access', 0x613a313a7b693a303b733a31363a226163636573732064617368626f617264223b7d, 'dashboard_admin', 0x613a313a7b693a303b623a313b7d, '', 7, 3, 0, '', 'admin/dashboard/customize', 'Customize dashboard', 't', '', '', 'a:0:{}', 4, 'Customize your dashboard.', '', 0, ''),
('admin/dashboard/drawer', '', '', 'user_access', 0x613a313a7b693a303b733a31373a2261646d696e697374657220626c6f636b73223b7d, 'dashboard_show_disabled', 0x613a303a7b7d, '', 7, 3, 0, '', 'admin/dashboard/drawer', '', 't', '', '', 'a:0:{}', 0, '', '', 0, ''),
('admin/dashboard/update', '', '', 'user_access', 0x613a313a7b693a303b733a31373a2261646d696e697374657220626c6f636b73223b7d, 'dashboard_update', 0x613a303a7b7d, '', 7, 3, 0, '', 'admin/dashboard/update', '', 't', '', '', 'a:0:{}', 0, '', '', 0, ''),
('admin/help', '', '', 'user_access', 0x613a313a7b693a303b733a32373a226163636573732061646d696e697374726174696f6e207061676573223b7d, 'help_main', 0x613a303a7b7d, '', 3, 2, 0, '', 'admin/help', 'Help', 't', '', '', 'a:0:{}', 6, 'Reference for usage, configuration, and modules.', '', 9, 'modules/help/help.admin.inc'),
('admin/help/block', '', '', 'user_access', 0x613a313a7b693a303b733a32373a226163636573732061646d696e697374726174696f6e207061676573223b7d, 'help_page', 0x613a313a7b693a303b693a323b7d, '', 7, 3, 0, '', 'admin/help/block', 'block', 't', '', '', 'a:0:{}', 4, '', '', 0, 'modules/help/help.admin.inc'),
('admin/help/color', '', '', 'user_access', 0x613a313a7b693a303b733a32373a226163636573732061646d696e697374726174696f6e207061676573223b7d, 'help_page', 0x613a313a7b693a303b693a323b7d, '', 7, 3, 0, '', 'admin/help/color', 'color', 't', '', '', 'a:0:{}', 4, '', '', 0, 'modules/help/help.admin.inc'),
('admin/help/comment', '', '', 'user_access', 0x613a313a7b693a303b733a32373a226163636573732061646d696e697374726174696f6e207061676573223b7d, 'help_page', 0x613a313a7b693a303b693a323b7d, '', 7, 3, 0, '', 'admin/help/comment', 'comment', 't', '', '', 'a:0:{}', 4, '', '', 0, 'modules/help/help.admin.inc'),
('admin/help/contextual', '', '', 'user_access', 0x613a313a7b693a303b733a32373a226163636573732061646d696e697374726174696f6e207061676573223b7d, 'help_page', 0x613a313a7b693a303b693a323b7d, '', 7, 3, 0, '', 'admin/help/contextual', 'contextual', 't', '', '', 'a:0:{}', 4, '', '', 0, 'modules/help/help.admin.inc'),
('admin/help/dashboard', '', '', 'user_access', 0x613a313a7b693a303b733a32373a226163636573732061646d696e697374726174696f6e207061676573223b7d, 'help_page', 0x613a313a7b693a303b693a323b7d, '', 7, 3, 0, '', 'admin/help/dashboard', 'dashboard', 't', '', '', 'a:0:{}', 4, '', '', 0, 'modules/help/help.admin.inc'),
('admin/help/dblog', '', '', 'user_access', 0x613a313a7b693a303b733a32373a226163636573732061646d696e697374726174696f6e207061676573223b7d, 'help_page', 0x613a313a7b693a303b693a323b7d, '', 7, 3, 0, '', 'admin/help/dblog', 'dblog', 't', '', '', 'a:0:{}', 4, '', '', 0, 'modules/help/help.admin.inc'),
('admin/help/field', '', '', 'user_access', 0x613a313a7b693a303b733a32373a226163636573732061646d696e697374726174696f6e207061676573223b7d, 'help_page', 0x613a313a7b693a303b693a323b7d, '', 7, 3, 0, '', 'admin/help/field', 'field', 't', '', '', 'a:0:{}', 4, '', '', 0, 'modules/help/help.admin.inc'),
('admin/help/field_sql_storage', '', '', 'user_access', 0x613a313a7b693a303b733a32373a226163636573732061646d696e697374726174696f6e207061676573223b7d, 'help_page', 0x613a313a7b693a303b693a323b7d, '', 7, 3, 0, '', 'admin/help/field_sql_storage', 'field_sql_storage', 't', '', '', 'a:0:{}', 4, '', '', 0, 'modules/help/help.admin.inc'),
('admin/help/field_ui', '', '', 'user_access', 0x613a313a7b693a303b733a32373a226163636573732061646d696e697374726174696f6e207061676573223b7d, 'help_page', 0x613a313a7b693a303b693a323b7d, '', 7, 3, 0, '', 'admin/help/field_ui', 'field_ui', 't', '', '', 'a:0:{}', 4, '', '', 0, 'modules/help/help.admin.inc'),
('admin/help/file', '', '', 'user_access', 0x613a313a7b693a303b733a32373a226163636573732061646d696e697374726174696f6e207061676573223b7d, 'help_page', 0x613a313a7b693a303b693a323b7d, '', 7, 3, 0, '', 'admin/help/file', 'file', 't', '', '', 'a:0:{}', 4, '', '', 0, 'modules/help/help.admin.inc'),
('admin/help/filter', '', '', 'user_access', 0x613a313a7b693a303b733a32373a226163636573732061646d696e697374726174696f6e207061676573223b7d, 'help_page', 0x613a313a7b693a303b693a323b7d, '', 7, 3, 0, '', 'admin/help/filter', 'filter', 't', '', '', 'a:0:{}', 4, '', '', 0, 'modules/help/help.admin.inc'),
('admin/help/help', '', '', 'user_access', 0x613a313a7b693a303b733a32373a226163636573732061646d696e697374726174696f6e207061676573223b7d, 'help_page', 0x613a313a7b693a303b693a323b7d, '', 7, 3, 0, '', 'admin/help/help', 'help', 't', '', '', 'a:0:{}', 4, '', '', 0, 'modules/help/help.admin.inc'),
('admin/help/image', '', '', 'user_access', 0x613a313a7b693a303b733a32373a226163636573732061646d696e697374726174696f6e207061676573223b7d, 'help_page', 0x613a313a7b693a303b693a323b7d, '', 7, 3, 0, '', 'admin/help/image', 'image', 't', '', '', 'a:0:{}', 4, '', '', 0, 'modules/help/help.admin.inc'),
('admin/help/list', '', '', 'user_access', 0x613a313a7b693a303b733a32373a226163636573732061646d696e697374726174696f6e207061676573223b7d, 'help_page', 0x613a313a7b693a303b693a323b7d, '', 7, 3, 0, '', 'admin/help/list', 'list', 't', '', '', 'a:0:{}', 4, '', '', 0, 'modules/help/help.admin.inc'),
('admin/help/locale', '', '', 'user_access', 0x613a313a7b693a303b733a32373a226163636573732061646d696e697374726174696f6e207061676573223b7d, 'help_page', 0x613a313a7b693a303b693a323b7d, '', 7, 3, 0, '', 'admin/help/locale', 'locale', 't', '', '', 'a:0:{}', 4, '', '', 0, 'modules/help/help.admin.inc'),
('admin/help/menu', '', '', 'user_access', 0x613a313a7b693a303b733a32373a226163636573732061646d696e697374726174696f6e207061676573223b7d, 'help_page', 0x613a313a7b693a303b693a323b7d, '', 7, 3, 0, '', 'admin/help/menu', 'menu', 't', '', '', 'a:0:{}', 4, '', '', 0, 'modules/help/help.admin.inc'),
('admin/help/node', '', '', 'user_access', 0x613a313a7b693a303b733a32373a226163636573732061646d696e697374726174696f6e207061676573223b7d, 'help_page', 0x613a313a7b693a303b693a323b7d, '', 7, 3, 0, '', 'admin/help/node', 'node', 't', '', '', 'a:0:{}', 4, '', '', 0, 'modules/help/help.admin.inc'),
('admin/help/number', '', '', 'user_access', 0x613a313a7b693a303b733a32373a226163636573732061646d696e697374726174696f6e207061676573223b7d, 'help_page', 0x613a313a7b693a303b693a323b7d, '', 7, 3, 0, '', 'admin/help/number', 'number', 't', '', '', 'a:0:{}', 4, '', '', 0, 'modules/help/help.admin.inc'),
('admin/help/options', '', '', 'user_access', 0x613a313a7b693a303b733a32373a226163636573732061646d696e697374726174696f6e207061676573223b7d, 'help_page', 0x613a313a7b693a303b693a323b7d, '', 7, 3, 0, '', 'admin/help/options', 'options', 't', '', '', 'a:0:{}', 4, '', '', 0, 'modules/help/help.admin.inc'),
('admin/help/overlay', '', '', 'user_access', 0x613a313a7b693a303b733a32373a226163636573732061646d696e697374726174696f6e207061676573223b7d, 'help_page', 0x613a313a7b693a303b693a323b7d, '', 7, 3, 0, '', 'admin/help/overlay', 'overlay', 't', '', '', 'a:0:{}', 4, '', '', 0, 'modules/help/help.admin.inc'),
('admin/help/path', '', '', 'user_access', 0x613a313a7b693a303b733a32373a226163636573732061646d696e697374726174696f6e207061676573223b7d, 'help_page', 0x613a313a7b693a303b693a323b7d, '', 7, 3, 0, '', 'admin/help/path', 'path', 't', '', '', 'a:0:{}', 4, '', '', 0, 'modules/help/help.admin.inc'),
('admin/help/rdf', '', '', 'user_access', 0x613a313a7b693a303b733a32373a226163636573732061646d696e697374726174696f6e207061676573223b7d, 'help_page', 0x613a313a7b693a303b693a323b7d, '', 7, 3, 0, '', 'admin/help/rdf', 'rdf', 't', '', '', 'a:0:{}', 4, '', '', 0, 'modules/help/help.admin.inc'),
('admin/help/search', '', '', 'user_access', 0x613a313a7b693a303b733a32373a226163636573732061646d696e697374726174696f6e207061676573223b7d, 'help_page', 0x613a313a7b693a303b693a323b7d, '', 7, 3, 0, '', 'admin/help/search', 'search', 't', '', '', 'a:0:{}', 4, '', '', 0, 'modules/help/help.admin.inc'),
('admin/help/shortcut', '', '', 'user_access', 0x613a313a7b693a303b733a32373a226163636573732061646d696e697374726174696f6e207061676573223b7d, 'help_page', 0x613a313a7b693a303b693a323b7d, '', 7, 3, 0, '', 'admin/help/shortcut', 'shortcut', 't', '', '', 'a:0:{}', 4, '', '', 0, 'modules/help/help.admin.inc'),
('admin/help/system', '', '', 'user_access', 0x613a313a7b693a303b733a32373a226163636573732061646d696e697374726174696f6e207061676573223b7d, 'help_page', 0x613a313a7b693a303b693a323b7d, '', 7, 3, 0, '', 'admin/help/system', 'system', 't', '', '', 'a:0:{}', 4, '', '', 0, 'modules/help/help.admin.inc'),
('admin/help/taxonomy', '', '', 'user_access', 0x613a313a7b693a303b733a32373a226163636573732061646d696e697374726174696f6e207061676573223b7d, 'help_page', 0x613a313a7b693a303b693a323b7d, '', 7, 3, 0, '', 'admin/help/taxonomy', 'taxonomy', 't', '', '', 'a:0:{}', 4, '', '', 0, 'modules/help/help.admin.inc'),
('admin/help/text', '', '', 'user_access', 0x613a313a7b693a303b733a32373a226163636573732061646d696e697374726174696f6e207061676573223b7d, 'help_page', 0x613a313a7b693a303b693a323b7d, '', 7, 3, 0, '', 'admin/help/text', 'text', 't', '', '', 'a:0:{}', 4, '', '', 0, 'modules/help/help.admin.inc'),
('admin/help/toolbar', '', '', 'user_access', 0x613a313a7b693a303b733a32373a226163636573732061646d696e697374726174696f6e207061676573223b7d, 'help_page', 0x613a313a7b693a303b693a323b7d, '', 7, 3, 0, '', 'admin/help/toolbar', 'toolbar', 't', '', '', 'a:0:{}', 4, '', '', 0, 'modules/help/help.admin.inc'),
('admin/help/user', '', '', 'user_access', 0x613a313a7b693a303b733a32373a226163636573732061646d696e697374726174696f6e207061676573223b7d, 'help_page', 0x613a313a7b693a303b693a323b7d, '', 7, 3, 0, '', 'admin/help/user', 'user', 't', '', '', 'a:0:{}', 4, '', '', 0, 'modules/help/help.admin.inc'),
('admin/index', '', '', 'user_access', 0x613a313a7b693a303b733a32373a226163636573732061646d696e697374726174696f6e207061676573223b7d, 'system_admin_index', 0x613a303a7b7d, '', 3, 2, 1, 'admin', 'admin', 'Index', 't', '', '', 'a:0:{}', 132, '', '', -18, 'modules/system/system.admin.inc'),
('admin/modules', '', '', 'user_access', 0x613a313a7b693a303b733a31383a2261646d696e6973746572206d6f64756c6573223b7d, 'drupal_get_form', 0x613a313a7b693a303b733a31343a2273797374656d5f6d6f64756c6573223b7d, '', 3, 2, 0, '', 'admin/modules', 'Modules', 't', '', '', 'a:0:{}', 6, 'Extend site functionality.', '', -2, 'modules/system/system.admin.inc'),
('admin/modules/list', '', '', 'user_access', 0x613a313a7b693a303b733a31383a2261646d696e6973746572206d6f64756c6573223b7d, 'drupal_get_form', 0x613a313a7b693a303b733a31343a2273797374656d5f6d6f64756c6573223b7d, '', 7, 3, 1, 'admin/modules', 'admin/modules', 'List', 't', '', '', 'a:0:{}', 140, '', '', 0, 'modules/system/system.admin.inc'),
('admin/modules/list/confirm', '', '', 'user_access', 0x613a313a7b693a303b733a31383a2261646d696e6973746572206d6f64756c6573223b7d, 'drupal_get_form', 0x613a313a7b693a303b733a31343a2273797374656d5f6d6f64756c6573223b7d, '', 15, 4, 0, '', 'admin/modules/list/confirm', 'List', 't', '', '', 'a:0:{}', 4, '', '', 0, 'modules/system/system.admin.inc'),
('admin/modules/uninstall', '', '', 'user_access', 0x613a313a7b693a303b733a31383a2261646d696e6973746572206d6f64756c6573223b7d, 'drupal_get_form', 0x613a313a7b693a303b733a32343a2273797374656d5f6d6f64756c65735f756e696e7374616c6c223b7d, '', 7, 3, 1, 'admin/modules', 'admin/modules', 'Uninstall', 't', '', '', 'a:0:{}', 132, '', '', 20, 'modules/system/system.admin.inc'),
('admin/modules/uninstall/confirm', '', '', 'user_access', 0x613a313a7b693a303b733a31383a2261646d696e6973746572206d6f64756c6573223b7d, 'drupal_get_form', 0x613a313a7b693a303b733a32343a2273797374656d5f6d6f64756c65735f756e696e7374616c6c223b7d, '', 15, 4, 0, '', 'admin/modules/uninstall/confirm', 'Uninstall', 't', '', '', 'a:0:{}', 4, '', '', 0, 'modules/system/system.admin.inc'),
('admin/people', '', '', 'user_access', 0x613a313a7b693a303b733a31363a2261646d696e6973746572207573657273223b7d, 'user_admin', 0x613a313a7b693a303b733a343a226c697374223b7d, '', 3, 2, 0, '', 'admin/people', 'People', 't', '', '', 'a:0:{}', 6, 'Manage user accounts, roles, and permissions.', 'left', -4, 'modules/user/user.admin.inc'),
('admin/people/create', '', '', 'user_access', 0x613a313a7b693a303b733a31363a2261646d696e6973746572207573657273223b7d, 'user_admin', 0x613a313a7b693a303b733a363a22637265617465223b7d, '', 7, 3, 1, 'admin/people', 'admin/people', 'Add user', 't', '', '', 'a:0:{}', 388, '', '', 0, 'modules/user/user.admin.inc'),
('admin/people/people', '', '', 'user_access', 0x613a313a7b693a303b733a31363a2261646d696e6973746572207573657273223b7d, 'user_admin', 0x613a313a7b693a303b733a343a226c697374223b7d, '', 7, 3, 1, 'admin/people', 'admin/people', 'List', 't', '', '', 'a:0:{}', 140, 'Find and manage people interacting with your site.', '', -10, 'modules/user/user.admin.inc'),
('admin/people/permissions', '', '', 'user_access', 0x613a313a7b693a303b733a32323a2261646d696e6973746572207065726d697373696f6e73223b7d, 'drupal_get_form', 0x613a313a7b693a303b733a32323a22757365725f61646d696e5f7065726d697373696f6e73223b7d, '', 7, 3, 1, 'admin/people', 'admin/people', 'Permissions', 't', '', '', 'a:0:{}', 132, 'Determine access to features by selecting permissions for roles.', '', 0, 'modules/user/user.admin.inc'),
('admin/people/permissions/list', '', '', 'user_access', 0x613a313a7b693a303b733a32323a2261646d696e6973746572207065726d697373696f6e73223b7d, 'drupal_get_form', 0x613a313a7b693a303b733a32323a22757365725f61646d696e5f7065726d697373696f6e73223b7d, '', 15, 4, 1, 'admin/people/permissions', 'admin/people', 'Permissions', 't', '', '', 'a:0:{}', 140, 'Determine access to features by selecting permissions for roles.', '', -8, 'modules/user/user.admin.inc'),
('admin/people/permissions/roles', '', '', 'user_access', 0x613a313a7b693a303b733a32323a2261646d696e6973746572207065726d697373696f6e73223b7d, 'drupal_get_form', 0x613a313a7b693a303b733a31363a22757365725f61646d696e5f726f6c6573223b7d, '', 15, 4, 1, 'admin/people/permissions', 'admin/people', 'Roles', 't', '', '', 'a:0:{}', 132, 'List, edit, or add user roles.', '', -5, 'modules/user/user.admin.inc'),
('admin/people/permissions/roles/delete/%', 0x613a313a7b693a353b733a31343a22757365725f726f6c655f6c6f6164223b7d, '', 'user_role_edit_access', 0x613a313a7b693a303b693a353b7d, 'drupal_get_form', 0x613a323a7b693a303b733a33303a22757365725f61646d696e5f726f6c655f64656c6574655f636f6e6669726d223b693a313b693a353b7d, '', 62, 6, 0, '', 'admin/people/permissions/roles/delete/%', 'Delete role', 't', '', '', 'a:0:{}', 6, '', '', 0, 'modules/user/user.admin.inc'),
('admin/people/permissions/roles/edit/%', 0x613a313a7b693a353b733a31343a22757365725f726f6c655f6c6f6164223b7d, '', 'user_role_edit_access', 0x613a313a7b693a303b693a353b7d, 'drupal_get_form', 0x613a323a7b693a303b733a31353a22757365725f61646d696e5f726f6c65223b693a313b693a353b7d, '', 62, 6, 0, '', 'admin/people/permissions/roles/edit/%', 'Edit role', 't', '', '', 'a:0:{}', 6, '', '', 0, 'modules/user/user.admin.inc'),
('admin/reports', '', '', 'user_access', 0x613a313a7b693a303b733a31393a226163636573732073697465207265706f727473223b7d, 'system_admin_menu_block_page', 0x613a303a7b7d, '', 3, 2, 0, '', 'admin/reports', 'Reports', 't', '', '', 'a:0:{}', 6, 'View reports, updates, and errors.', 'left', 5, 'modules/system/system.admin.inc'),
('admin/reports/access-denied', '', '', 'user_access', 0x613a313a7b693a303b733a31393a226163636573732073697465207265706f727473223b7d, 'dblog_top', 0x613a313a7b693a303b733a31333a226163636573732064656e696564223b7d, '', 7, 3, 0, '', 'admin/reports/access-denied', 'Top ''access denied'' errors', 't', '', '', 'a:0:{}', 6, 'View ''access denied'' errors (403s).', '', 0, 'modules/dblog/dblog.admin.inc'),
('admin/reports/dblog', '', '', 'user_access', 0x613a313a7b693a303b733a31393a226163636573732073697465207265706f727473223b7d, 'dblog_overview', 0x613a303a7b7d, '', 7, 3, 0, '', 'admin/reports/dblog', 'Recent log messages', 't', '', '', 'a:0:{}', 6, 'View events that have recently been logged.', '', -1, 'modules/dblog/dblog.admin.inc'),
('admin/reports/event/%', 0x613a313a7b693a333b4e3b7d, '', 'user_access', 0x613a313a7b693a303b733a31393a226163636573732073697465207265706f727473223b7d, 'dblog_event', 0x613a313a7b693a303b693a333b7d, '', 14, 4, 0, '', 'admin/reports/event/%', 'Details', 't', '', '', 'a:0:{}', 6, '', '', 0, 'modules/dblog/dblog.admin.inc'),
('admin/reports/fields', '', '', 'user_access', 0x613a313a7b693a303b733a32343a2261646d696e697374657220636f6e74656e74207479706573223b7d, 'field_ui_fields_list', 0x613a303a7b7d, '', 7, 3, 0, '', 'admin/reports/fields', 'Field list', 't', '', '', 'a:0:{}', 6, 'Overview of fields on all entity types.', '', 0, 'modules/field_ui/field_ui.admin.inc'),
('admin/reports/page-not-found', '', '', 'user_access', 0x613a313a7b693a303b733a31393a226163636573732073697465207265706f727473223b7d, 'dblog_top', 0x613a313a7b693a303b733a31343a2270616765206e6f7420666f756e64223b7d, '', 7, 3, 0, '', 'admin/reports/page-not-found', 'Top ''page not found'' errors', 't', '', '', 'a:0:{}', 6, 'View ''page not found'' errors (404s).', '', 0, 'modules/dblog/dblog.admin.inc'),
('admin/reports/search', '', '', 'user_access', 0x613a313a7b693a303b733a31393a226163636573732073697465207265706f727473223b7d, 'dblog_top', 0x613a313a7b693a303b733a363a22736561726368223b7d, '', 7, 3, 0, '', 'admin/reports/search', 'Top search phrases', 't', '', '', 'a:0:{}', 6, 'View most popular search phrases.', '', 0, 'modules/dblog/dblog.admin.inc'),
('admin/reports/status', '', '', 'user_access', 0x613a313a7b693a303b733a32393a2261646d696e6973746572207369746520636f6e66696775726174696f6e223b7d, 'system_status', 0x613a303a7b7d, '', 7, 3, 0, '', 'admin/reports/status', 'Status report', 't', '', '', 'a:0:{}', 6, 'Get a status report about your site''s operation and any detected problems.', '', -60, 'modules/system/system.admin.inc'),
('admin/reports/status/php', '', '', 'user_access', 0x613a313a7b693a303b733a32393a2261646d696e6973746572207369746520636f6e66696775726174696f6e223b7d, 'system_php', 0x613a303a7b7d, '', 15, 4, 0, '', 'admin/reports/status/php', 'PHP', 't', '', '', 'a:0:{}', 0, '', '', 0, 'modules/system/system.admin.inc'),
('admin/reports/status/rebuild', '', '', 'user_access', 0x613a313a7b693a303b733a32373a226163636573732061646d696e697374726174696f6e207061676573223b7d, 'drupal_get_form', 0x613a313a7b693a303b733a33303a226e6f64655f636f6e6669677572655f72656275696c645f636f6e6669726d223b7d, '', 15, 4, 0, '', 'admin/reports/status/rebuild', 'Rebuild permissions', 't', '', '', 'a:0:{}', 0, '', '', 0, 'modules/node/node.admin.inc'),
('admin/reports/status/run-cron', '', '', 'user_access', 0x613a313a7b693a303b733a32393a2261646d696e6973746572207369746520636f6e66696775726174696f6e223b7d, 'system_run_cron', 0x613a303a7b7d, '', 15, 4, 0, '', 'admin/reports/status/run-cron', 'Run cron', 't', '', '', 'a:0:{}', 0, '', '', 0, 'modules/system/system.admin.inc'),
('admin/structure', '', '', 'user_access', 0x613a313a7b693a303b733a32373a226163636573732061646d696e697374726174696f6e207061676573223b7d, 'system_admin_menu_block_page', 0x613a303a7b7d, '', 3, 2, 0, '', 'admin/structure', 'Structure', 't', '', '', 'a:0:{}', 6, 'Administer blocks, content types, menus, etc.', 'right', -8, 'modules/system/system.admin.inc'),
('admin/structure/block', '', '', 'user_access', 0x613a313a7b693a303b733a31373a2261646d696e697374657220626c6f636b73223b7d, 'block_admin_display', 0x613a313a7b693a303b733a363a2262617274696b223b7d, '', 7, 3, 0, '', 'admin/structure/block', 'Blocks', 't', '', '', 'a:0:{}', 6, 'Configure what block content appears in your site''s sidebars and other regions.', '', 0, 'modules/block/block.admin.inc'),
('admin/structure/block/add', '', '', 'user_access', 0x613a313a7b693a303b733a31373a2261646d696e697374657220626c6f636b73223b7d, 'drupal_get_form', 0x613a313a7b693a303b733a32303a22626c6f636b5f6164645f626c6f636b5f666f726d223b7d, '', 15, 4, 1, 'admin/structure/block', 'admin/structure/block', 'Add block', 't', '', '', 'a:0:{}', 388, '', '', 0, 'modules/block/block.admin.inc'),
('admin/structure/block/demo/bartik', '', '', '_block_themes_access', 0x[encoded data, 5424 characters], 'block_admin_demo', 0x613a313a7b693a303b733a363a2262617274696b223b7d, '', 31, 5, 0, '', 'admin/structure/block/demo/bartik', 'Bartik', 't', '', '_block_custom_theme', 'a:1:{i:0;s:6:"bartik";}', 0, '', '', 0, 'modules/block/block.admin.inc');
INSERT INTO `drup_menu_router` VALUES
('admin/structure/block/demo/garland', '', '', '_block_themes_access', 0x[encoded data, 4268 characters], 'block_admin_demo', 0x613a313a7b693a303b733a373a226761726c616e64223b7d, '', 31, 5, 0, '', 'admin/structure/block/demo/garland', 'Garland', 't', '', '_block_custom_theme', 'a:1:{i:0;s:7:"garland";}', 0, '', '', 0, 'modules/block/block.admin.inc'),
('admin/structure/block/demo/seven', '', '', '_block_themes_access', 0x613a313a7b693a303b4f3a383a22737464436c617373223a31323a7b733a383a2266696c656e616d65223b733a32333a227468656d65732f736576656e2f736576656e2e696e666f223b733a343a226e616d65223b733a353a22736576656e223b733a343a2274797065223b733a353a227468656d65223b733a353a226f776e6572223b733a34353a227468656d65732f656e67696e65732f70687074656d706c6174652f70687074656d706c6174652e656e67696e65223b733a363a22737461747573223b733a313a2231223b733a393a22626f6f747374726170223b733a313a2230223b733a31343a22736368656d615f76657273696f6e223b733a323a222d31223b733a363a22776569676874223b733a313a2230223b733a343a22696e666f223b613a31383a7b733a343a226e616d65223b733a353a22536576656e223b733a31313a226465736372697074696f6e223b733a36353a22412073696d706c65206f6e652d636f6c756d6e2c207461626c656c6573732c20666c7569642077696474682061646d696e697374726174696f6e207468656d652e223b733a373a227061636b616765223b733a343a22436f7265223b733a373a2276657273696f6e223b733a343a22372e3137223b733a343a22636f7265223b733a333a22372e78223b733a31313a227374796c65736865657473223b613a313a7b733a363a2273637265656e223b613a323a7b733a393a2272657365742e637373223b733a32323a227468656d65732f736576656e2f72657365742e637373223b733a393a227374796c652e637373223b733a32323a227468656d65732f736576656e2f7374796c652e637373223b7d7d733a383a2273657474696e6773223b613a313a7b733a32303a2273686f72746375745f6d6f64756c655f6c696e6b223b733a313a2231223b7d733a373a22726567696f6e73223b613a383a7b733a373a22636f6e74656e74223b733a373a22436f6e74656e74223b733a343a2268656c70223b733a343a2248656c70223b733a383a22706167655f746f70223b733a383a225061676520746f70223b733a31313a22706167655f626f74746f6d223b733a31313a225061676520626f74746f6d223b733a31333a22736964656261725f6669727374223b733a31333a2246697273742073696465626172223b733a31343a2264617368626f6172645f6d61696e223b733a31363a2244617368626f61726420286d61696e29223b733a31373a2264617368626f6172645f73696465626172223b733a31393a2244617368626f61726420287369646562617229223b733a31383a2264617368626f6172645f696e616374697665223b733a32303a2244617368626f6172642028696e61637469766529223b7d733a31343a22726567696f6e735f68696464656e223b613a333a7b693a303b733a31333a22736964656261725f6669727374223b693a313b733a383a22706167655f746f70223b693a323b733a31313a22706167655f626f74746f6d223b7d733a373a2270726f6a656374223b733a363a2264727570616c223b733a393a22646174657374616d70223b733a31303a2231333532333235333537223b733a363a22656e67696e65223b733a31313a2270687074656d706c617465223b733a383a226665617475726573223b613a393a7b693a303b733a343a226c6f676f223b693a313b733a373a2266617669636f6e223b693a323b733a343a226e616d65223b693a333b733a363a22736c6f67616e223b693a343b733a31373a226e6f64655f757365725f70696374757265223b693a353b733a32303a22636f6d6d656e745f757365725f70696374757265223b693a363b733a32353a22636f6d6d656e745f757365725f766572696669636174696f6e223b693a373b733a393a226d61696e5f6d656e75223b693a383b733a31343a227365636f6e646172795f6d656e75223b7d733a31303a2273637265656e73686f74223b733a32373a227468656d65732f736576656e2f73637265656e73686f742e706e67223b733a333a22706870223b733a353a22352e322e34223b733a373a2273637269707473223b613a303a7b7d733a31353a226f7665726c61795f726567696f6e73223b613a353a7b693a303b733a31343a2264617368626f6172645f6d61696e223b693a313b733a31373a2264617368626f6172645f73696465626172223b693a323b733a31383a2264617368626f6172645f696e616374697665223b693a333b733a373a22636f6e74656e74223b693a343b733a343a2268656c70223b7d733a32383a226f7665726c61795f737570706c656d656e74616c5f726567696f6e73223b613a313a7b693a303b733a383a22706167655f746f70223b7d7d733a363a22707265666978223b733a31313a2270687074656d706c617465223b733a31313a227374796c65736865657473223b613a313a7b733a363a2273637265656e223b613a323a7b733a393a2272657365742e637373223b733a32323a227468656d65732f736576656e2f72657365742e637373223b733a393a227374796c652e637373223b733a32323a227468656d65732f736576656e2f7374796c652e637373223b7d7d733a363a22656e67696e65223b733a31313a2270687074656d706c617465223b7d7d, 'block_admin_demo', 0x613a313a7b693a303b733a353a22736576656e223b7d, '', 31, 5, 0, '', 'admin/structure/block/demo/seven', 'Seven', 't', '', '_block_custom_theme', 'a:1:{i:0;s:5:"seven";}', 0, '', '', 0, 'modules/block/block.admin.inc'),
('admin/structure/block/demo/stark', '', '', '_block_themes_access', 0x613a313a7b693a303b4f3a383a22737464436c617373223a31323a7b733a383a2266696c656e616d65223b733a32333a227468656d65732f737461726b2f737461726b2e696e666f223b733a343a226e616d65223b733a353a22737461726b223b733a343a2274797065223b733a353a227468656d65223b733a353a226f776e6572223b733a34353a227468656d65732f656e67696e65732f70687074656d706c6174652f70687074656d706c6174652e656e67696e65223b733a363a22737461747573223b733a313a2230223b733a393a22626f6f747374726170223b733a313a2230223b733a31343a22736368656d615f76657273696f6e223b733a323a222d31223b733a363a22776569676874223b733a313a2230223b733a343a22696e666f223b613a31373a7b733a343a226e616d65223b733a353a22537461726b223b733a31313a226465736372697074696f6e223b733a3230383a2254686973207468656d652064656d6f6e737472617465732044727570616c27732064656661756c742048544d4c206d61726b757020616e6420435353207374796c65732e20546f206c6561726e20686f7720746f206275696c6420796f7572206f776e207468656d6520616e64206f766572726964652044727570616c27732064656661756c7420636f64652c2073656520746865203c6120687265663d22687474703a2f2f64727570616c2e6f72672f7468656d652d6775696465223e5468656d696e672047756964653c2f613e2e223b733a373a227061636b616765223b733a343a22436f7265223b733a373a2276657273696f6e223b733a343a22372e3137223b733a343a22636f7265223b733a333a22372e78223b733a31313a227374796c65736865657473223b613a313a7b733a333a22616c6c223b613a313a7b733a31303a226c61796f75742e637373223b733a32333a227468656d65732f737461726b2f6c61796f75742e637373223b7d7d733a373a2270726f6a656374223b733a363a2264727570616c223b733a393a22646174657374616d70223b733a31303a2231333532333235333537223b733a363a22656e67696e65223b733a31313a2270687074656d706c617465223b733a373a22726567696f6e73223b613a31323a7b733a31333a22736964656261725f6669727374223b733a31323a224c6566742073696465626172223b733a31343a22736964656261725f7365636f6e64223b733a31333a2252696768742073696465626172223b733a373a22636f6e74656e74223b733a373a22436f6e74656e74223b733a363a22686561646572223b733a363a22486561646572223b733a363a22666f6f746572223b733a363a22466f6f746572223b733a31313a22686967686c696768746564223b733a31313a22486967686c696768746564223b733a343a2268656c70223b733a343a2248656c70223b733a383a22706167655f746f70223b733a383a225061676520746f70223b733a31313a22706167655f626f74746f6d223b733a31313a225061676520626f74746f6d223b733a31343a2264617368626f6172645f6d61696e223b733a31363a2244617368626f61726420286d61696e29223b733a31373a2264617368626f6172645f73696465626172223b733a31393a2244617368626f61726420287369646562617229223b733a31383a2264617368626f6172645f696e616374697665223b733a32303a2244617368626f6172642028696e61637469766529223b7d733a383a226665617475726573223b613a393a7b693a303b733a343a226c6f676f223b693a313b733a373a2266617669636f6e223b693a323b733a343a226e616d65223b693a333b733a363a22736c6f67616e223b693a343b733a31373a226e6f64655f757365725f70696374757265223b693a353b733a32303a22636f6d6d656e745f757365725f70696374757265223b693a363b733a32353a22636f6d6d656e745f757365725f766572696669636174696f6e223b693a373b733a393a226d61696e5f6d656e75223b693a383b733a31343a227365636f6e646172795f6d656e75223b7d733a31303a2273637265656e73686f74223b733a32373a227468656d65732f737461726b2f73637265656e73686f742e706e67223b733a333a22706870223b733a353a22352e322e34223b733a373a2273637269707473223b613a303a7b7d733a31353a226f7665726c61795f726567696f6e73223b613a353a7b693a303b733a31343a2264617368626f6172645f6d61696e223b693a313b733a31373a2264617368626f6172645f73696465626172223b693a323b733a31383a2264617368626f6172645f696e616374697665223b693a333b733a373a22636f6e74656e74223b693a343b733a343a2268656c70223b7d733a31343a22726567696f6e735f68696464656e223b613a323a7b693a303b733a383a22706167655f746f70223b693a313b733a31313a22706167655f626f74746f6d223b7d733a32383a226f7665726c61795f737570706c656d656e74616c5f726567696f6e73223b613a313a7b693a303b733a383a22706167655f746f70223b7d7d733a363a22707265666978223b733a31313a2270687074656d706c617465223b733a31313a227374796c65736865657473223b613a313a7b733a333a22616c6c223b613a313a7b733a31303a226c61796f75742e637373223b733a32333a227468656d65732f737461726b2f6c61796f75742e637373223b7d7d733a363a22656e67696e65223b733a31313a2270687074656d706c617465223b7d7d, 'block_admin_demo', 0x613a313a7b693a303b733a353a22737461726b223b7d, '', 31, 5, 0, '', 'admin/structure/block/demo/stark', 'Stark', 't', '', '_block_custom_theme', 'a:1:{i:0;s:5:"stark";}', 0, '', '', 0, 'modules/block/block.admin.inc'),
('admin/structure/block/list/bartik', '', '', '_block_themes_access', 0x[encoded data, 5424 characters], 'block_admin_display', 0x613a313a7b693a303b733a363a2262617274696b223b7d, '', 31, 5, 1, 'admin/structure/block', 'admin/structure/block', 'Bartik', 't', '', '', 'a:0:{}', 140, '', '', -10, 'modules/block/block.admin.inc'),
('admin/structure/block/list/garland', '', '', '_block_themes_access', 0x[encoded data, 4268 characters], 'block_admin_display', 0x613a313a7b693a303b733a373a226761726c616e64223b7d, '', 31, 5, 1, 'admin/structure/block', 'admin/structure/block', 'Garland', 't', '', '', 'a:0:{}', 132, '', '', 0, 'modules/block/block.admin.inc'),
('admin/structure/block/list/garland/add', '', '', 'user_access', 0x613a313a7b693a303b733a31373a2261646d696e697374657220626c6f636b73223b7d, 'drupal_get_form', 0x613a313a7b693a303b733a32303a22626c6f636b5f6164645f626c6f636b5f666f726d223b7d, '', 63, 6, 1, 'admin/structure/block/list/garland', 'admin/structure/block', 'Add block', 't', '', '', 'a:0:{}', 388, '', '', 0, 'modules/block/block.admin.inc'),
('admin/structure/block/list/seven', '', '', '_block_themes_access', 0x613a313a7b693a303b4f3a383a22737464436c617373223a31323a7b733a383a2266696c656e616d65223b733a32333a227468656d65732f736576656e2f736576656e2e696e666f223b733a343a226e616d65223b733a353a22736576656e223b733a343a2274797065223b733a353a227468656d65223b733a353a226f776e6572223b733a34353a227468656d65732f656e67696e65732f70687074656d706c6174652f70687074656d706c6174652e656e67696e65223b733a363a22737461747573223b733a313a2231223b733a393a22626f6f747374726170223b733a313a2230223b733a31343a22736368656d615f76657273696f6e223b733a323a222d31223b733a363a22776569676874223b733a313a2230223b733a343a22696e666f223b613a31383a7b733a343a226e616d65223b733a353a22536576656e223b733a31313a226465736372697074696f6e223b733a36353a22412073696d706c65206f6e652d636f6c756d6e2c207461626c656c6573732c20666c7569642077696474682061646d696e697374726174696f6e207468656d652e223b733a373a227061636b616765223b733a343a22436f7265223b733a373a2276657273696f6e223b733a343a22372e3137223b733a343a22636f7265223b733a333a22372e78223b733a31313a227374796c65736865657473223b613a313a7b733a363a2273637265656e223b613a323a7b733a393a2272657365742e637373223b733a32323a227468656d65732f736576656e2f72657365742e637373223b733a393a227374796c652e637373223b733a32323a227468656d65732f736576656e2f7374796c652e637373223b7d7d733a383a2273657474696e6773223b613a313a7b733a32303a2273686f72746375745f6d6f64756c655f6c696e6b223b733a313a2231223b7d733a373a22726567696f6e73223b613a383a7b733a373a22636f6e74656e74223b733a373a22436f6e74656e74223b733a343a2268656c70223b733a343a2248656c70223b733a383a22706167655f746f70223b733a383a225061676520746f70223b733a31313a22706167655f626f74746f6d223b733a31313a225061676520626f74746f6d223b733a31333a22736964656261725f6669727374223b733a31333a2246697273742073696465626172223b733a31343a2264617368626f6172645f6d61696e223b733a31363a2244617368626f61726420286d61696e29223b733a31373a2264617368626f6172645f73696465626172223b733a31393a2244617368626f61726420287369646562617229223b733a31383a2264617368626f6172645f696e616374697665223b733a32303a2244617368626f6172642028696e61637469766529223b7d733a31343a22726567696f6e735f68696464656e223b613a333a7b693a303b733a31333a22736964656261725f6669727374223b693a313b733a383a22706167655f746f70223b693a323b733a31313a22706167655f626f74746f6d223b7d733a373a2270726f6a656374223b733a363a2264727570616c223b733a393a22646174657374616d70223b733a31303a2231333532333235333537223b733a363a22656e67696e65223b733a31313a2270687074656d706c617465223b733a383a226665617475726573223b613a393a7b693a303b733a343a226c6f676f223b693a313b733a373a2266617669636f6e223b693a323b733a343a226e616d65223b693a333b733a363a22736c6f67616e223b693a343b733a31373a226e6f64655f757365725f70696374757265223b693a353b733a32303a22636f6d6d656e745f757365725f70696374757265223b693a363b733a32353a22636f6d6d656e745f757365725f766572696669636174696f6e223b693a373b733a393a226d61696e5f6d656e75223b693a383b733a31343a227365636f6e646172795f6d656e75223b7d733a31303a2273637265656e73686f74223b733a32373a227468656d65732f736576656e2f73637265656e73686f742e706e67223b733a333a22706870223b733a353a22352e322e34223b733a373a2273637269707473223b613a303a7b7d733a31353a226f7665726c61795f726567696f6e73223b613a353a7b693a303b733a31343a2264617368626f6172645f6d61696e223b693a313b733a31373a2264617368626f6172645f73696465626172223b693a323b733a31383a2264617368626f6172645f696e616374697665223b693a333b733a373a22636f6e74656e74223b693a343b733a343a2268656c70223b7d733a32383a226f7665726c61795f737570706c656d656e74616c5f726567696f6e73223b613a313a7b693a303b733a383a22706167655f746f70223b7d7d733a363a22707265666978223b733a31313a2270687074656d706c617465223b733a31313a227374796c65736865657473223b613a313a7b733a363a2273637265656e223b613a323a7b733a393a2272657365742e637373223b733a32323a227468656d65732f736576656e2f72657365742e637373223b733a393a227374796c652e637373223b733a32323a227468656d65732f736576656e2f7374796c652e637373223b7d7d733a363a22656e67696e65223b733a31313a2270687074656d706c617465223b7d7d, 'block_admin_display', 0x613a313a7b693a303b733a353a22736576656e223b7d, '', 31, 5, 1, 'admin/structure/block', 'admin/structure/block', 'Seven', 't', '', '', 'a:0:{}', 132, '', '', 0, 'modules/block/block.admin.inc'),
('admin/structure/block/list/seven/add', '', '', 'user_access', 0x613a313a7b693a303b733a31373a2261646d696e697374657220626c6f636b73223b7d, 'drupal_get_form', 0x613a313a7b693a303b733a32303a22626c6f636b5f6164645f626c6f636b5f666f726d223b7d, '', 63, 6, 1, 'admin/structure/block/list/seven', 'admin/structure/block', 'Add block', 't', '', '', 'a:0:{}', 388, '', '', 0, 'modules/block/block.admin.inc'),
('admin/structure/block/list/stark', '', '', '_block_themes_access', 0x613a313a7b693a303b4f3a383a22737464436c617373223a31323a7b733a383a2266696c656e616d65223b733a32333a227468656d65732f737461726b2f737461726b2e696e666f223b733a343a226e616d65223b733a353a22737461726b223b733a343a2274797065223b733a353a227468656d65223b733a353a226f776e6572223b733a34353a227468656d65732f656e67696e65732f70687074656d706c6174652f70687074656d706c6174652e656e67696e65223b733a363a22737461747573223b733a313a2230223b733a393a22626f6f747374726170223b733a313a2230223b733a31343a22736368656d615f76657273696f6e223b733a323a222d31223b733a363a22776569676874223b733a313a2230223b733a343a22696e666f223b613a31373a7b733a343a226e616d65223b733a353a22537461726b223b733a31313a226465736372697074696f6e223b733a3230383a2254686973207468656d652064656d6f6e737472617465732044727570616c27732064656661756c742048544d4c206d61726b757020616e6420435353207374796c65732e20546f206c6561726e20686f7720746f206275696c6420796f7572206f776e207468656d6520616e64206f766572726964652044727570616c27732064656661756c7420636f64652c2073656520746865203c6120687265663d22687474703a2f2f64727570616c2e6f72672f7468656d652d6775696465223e5468656d696e672047756964653c2f613e2e223b733a373a227061636b616765223b733a343a22436f7265223b733a373a2276657273696f6e223b733a343a22372e3137223b733a343a22636f7265223b733a333a22372e78223b733a31313a227374796c65736865657473223b613a313a7b733a333a22616c6c223b613a313a7b733a31303a226c61796f75742e637373223b733a32333a227468656d65732f737461726b2f6c61796f75742e637373223b7d7d733a373a2270726f6a656374223b733a363a2264727570616c223b733a393a22646174657374616d70223b733a31303a2231333532333235333537223b733a363a22656e67696e65223b733a31313a2270687074656d706c617465223b733a373a22726567696f6e73223b613a31323a7b733a31333a22736964656261725f6669727374223b733a31323a224c6566742073696465626172223b733a31343a22736964656261725f7365636f6e64223b733a31333a2252696768742073696465626172223b733a373a22636f6e74656e74223b733a373a22436f6e74656e74223b733a363a22686561646572223b733a363a22486561646572223b733a363a22666f6f746572223b733a363a22466f6f746572223b733a31313a22686967686c696768746564223b733a31313a22486967686c696768746564223b733a343a2268656c70223b733a343a2248656c70223b733a383a22706167655f746f70223b733a383a225061676520746f70223b733a31313a22706167655f626f74746f6d223b733a31313a225061676520626f74746f6d223b733a31343a2264617368626f6172645f6d61696e223b733a31363a2244617368626f61726420286d61696e29223b733a31373a2264617368626f6172645f73696465626172223b733a31393a2244617368626f61726420287369646562617229223b733a31383a2264617368626f6172645f696e616374697665223b733a32303a2244617368626f6172642028696e61637469766529223b7d733a383a226665617475726573223b613a393a7b693a303b733a343a226c6f676f223b693a313b733a373a2266617669636f6e223b693a323b733a343a226e616d65223b693a333b733a363a22736c6f67616e223b693a343b733a31373a226e6f64655f757365725f70696374757265223b693a353b733a32303a22636f6d6d656e745f757365725f70696374757265223b693a363b733a32353a22636f6d6d656e745f757365725f766572696669636174696f6e223b693a373b733a393a226d61696e5f6d656e75223b693a383b733a31343a227365636f6e646172795f6d656e75223b7d733a31303a2273637265656e73686f74223b733a32373a227468656d65732f737461726b2f73637265656e73686f742e706e67223b733a333a22706870223b733a353a22352e322e34223b733a373a2273637269707473223b613a303a7b7d733a31353a226f7665726c61795f726567696f6e73223b613a353a7b693a303b733a31343a2264617368626f6172645f6d61696e223b693a313b733a31373a2264617368626f6172645f73696465626172223b693a323b733a31383a2264617368626f6172645f696e616374697665223b693a333b733a373a22636f6e74656e74223b693a343b733a343a2268656c70223b7d733a31343a22726567696f6e735f68696464656e223b613a323a7b693a303b733a383a22706167655f746f70223b693a313b733a31313a22706167655f626f74746f6d223b7d733a32383a226f7665726c61795f737570706c656d656e74616c5f726567696f6e73223b613a313a7b693a303b733a383a22706167655f746f70223b7d7d733a363a22707265666978223b733a31313a2270687074656d706c617465223b733a31313a227374796c65736865657473223b613a313a7b733a333a22616c6c223b613a313a7b733a31303a226c61796f75742e637373223b733a32333a227468656d65732f737461726b2f6c61796f75742e637373223b7d7d733a363a22656e67696e65223b733a31313a2270687074656d706c617465223b7d7d, 'block_admin_display', 0x613a313a7b693a303b733a353a22737461726b223b7d, '', 31, 5, 1, 'admin/structure/block', 'admin/structure/block', 'Stark', 't', '', '', 'a:0:{}', 132, '', '', 0, 'modules/block/block.admin.inc'),
('admin/structure/block/list/stark/add', '', '', 'user_access', 0x613a313a7b693a303b733a31373a2261646d696e697374657220626c6f636b73223b7d, 'drupal_get_form', 0x613a313a7b693a303b733a32303a22626c6f636b5f6164645f626c6f636b5f666f726d223b7d, '', 63, 6, 1, 'admin/structure/block/list/stark', 'admin/structure/block', 'Add block', 't', '', '', 'a:0:{}', 388, '', '', 0, 'modules/block/block.admin.inc'),
('admin/structure/block/manage/%/%', 0x613a323a7b693a343b4e3b693a353b4e3b7d, '', 'user_access', 0x613a313a7b693a303b733a31373a2261646d696e697374657220626c6f636b73223b7d, 'drupal_get_form', 0x613a333a7b693a303b733a32313a22626c6f636b5f61646d696e5f636f6e666967757265223b693a313b693a343b693a323b693a353b7d, '', 60, 6, 0, '', 'admin/structure/block/manage/%/%', 'Configure block', 't', '', '', 'a:0:{}', 6, '', '', 0, 'modules/block/block.admin.inc'),
('admin/structure/block/manage/%/%/configure', 0x613a323a7b693a343b4e3b693a353b4e3b7d, '', 'user_access', 0x613a313a7b693a303b733a31373a2261646d696e697374657220626c6f636b73223b7d, 'drupal_get_form', 0x613a333a7b693a303b733a32313a22626c6f636b5f61646d696e5f636f6e666967757265223b693a313b693a343b693a323b693a353b7d, '', 121, 7, 2, 'admin/structure/block/manage/%/%', 'admin/structure/block/manage/%/%', 'Configure block', 't', '', '', 'a:0:{}', 140, '', '', 0, 'modules/block/block.admin.inc'),
('admin/structure/block/manage/%/%/delete', 0x613a323a7b693a343b4e3b693a353b4e3b7d, '', 'user_access', 0x613a313a7b693a303b733a31373a2261646d696e697374657220626c6f636b73223b7d, 'drupal_get_form', 0x613a333a7b693a303b733a32353a22626c6f636b5f637573746f6d5f626c6f636b5f64656c657465223b693a313b693a343b693a323b693a353b7d, '', 121, 7, 0, 'admin/structure/block/manage/%/%', 'admin/structure/block/manage/%/%', 'Delete block', 't', '', '', 'a:0:{}', 132, '', '', 0, 'modules/block/block.admin.inc'),
('admin/structure/menu', '', '', 'user_access', 0x613a313a7b693a303b733a31353a2261646d696e6973746572206d656e75223b7d, 'menu_overview_page', 0x613a303a7b7d, '', 7, 3, 0, '', 'admin/structure/menu', 'Menus', 't', '', '', 'a:0:{}', 6, 'Add new menus to your site, edit existing menus, and rename and reorganize menu links.', '', 0, 'modules/menu/menu.admin.inc'),
('admin/structure/menu/add', '', '', 'user_access', 0x613a313a7b693a303b733a31353a2261646d696e6973746572206d656e75223b7d, 'drupal_get_form', 0x613a323a7b693a303b733a31343a226d656e755f656469745f6d656e75223b693a313b733a333a22616464223b7d, '', 15, 4, 1, 'admin/structure/menu', 'admin/structure/menu', 'Add menu', 't', '', '', 'a:0:{}', 388, '', '', 0, 'modules/menu/menu.admin.inc'),
('admin/structure/menu/item/%/delete', 0x613a313a7b693a343b733a31343a226d656e755f6c696e6b5f6c6f6164223b7d, '', 'user_access', 0x613a313a7b693a303b733a31353a2261646d696e6973746572206d656e75223b7d, 'menu_item_delete_page', 0x613a313a7b693a303b693a343b7d, '', 61, 6, 0, '', 'admin/structure/menu/item/%/delete', 'Delete menu link', 't', '', '', 'a:0:{}', 6, '', '', 0, 'modules/menu/menu.admin.inc'),
('admin/structure/menu/item/%/edit', 0x613a313a7b693a343b733a31343a226d656e755f6c696e6b5f6c6f6164223b7d, '', 'user_access', 0x613a313a7b693a303b733a31353a2261646d696e6973746572206d656e75223b7d, 'drupal_get_form', 0x613a343a7b693a303b733a31343a226d656e755f656469745f6974656d223b693a313b733a343a2265646974223b693a323b693a343b693a333b4e3b7d, '', 61, 6, 0, '', 'admin/structure/menu/item/%/edit', 'Edit menu link', 't', '', '', 'a:0:{}', 6, '', '', 0, 'modules/menu/menu.admin.inc'),
('admin/structure/menu/item/%/reset', 0x613a313a7b693a343b733a31343a226d656e755f6c696e6b5f6c6f6164223b7d, '', 'user_access', 0x613a313a7b693a303b733a31353a2261646d696e6973746572206d656e75223b7d, 'drupal_get_form', 0x613a323a7b693a303b733a32333a226d656e755f72657365745f6974656d5f636f6e6669726d223b693a313b693a343b7d, '', 61, 6, 0, '', 'admin/structure/menu/item/%/reset', 'Reset menu link', 't', '', '', 'a:0:{}', 6, '', '', 0, 'modules/menu/menu.admin.inc'),
('admin/structure/menu/list', '', '', 'user_access', 0x613a313a7b693a303b733a31353a2261646d696e6973746572206d656e75223b7d, 'menu_overview_page', 0x613a303a7b7d, '', 15, 4, 1, 'admin/structure/menu', 'admin/structure/menu', 'List menus', 't', '', '', 'a:0:{}', 140, '', '', -10, 'modules/menu/menu.admin.inc'),
('admin/structure/menu/manage/%', 0x613a313a7b693a343b733a393a226d656e755f6c6f6164223b7d, '', 'user_access', 0x613a313a7b693a303b733a31353a2261646d696e6973746572206d656e75223b7d, 'drupal_get_form', 0x613a323a7b693a303b733a31383a226d656e755f6f766572766965775f666f726d223b693a313b693a343b7d, '', 30, 5, 0, '', 'admin/structure/menu/manage/%', 'Customize menu', 'menu_overview_title', 'a:1:{i:0;i:4;}', '', 'a:0:{}', 6, '', '', 0, 'modules/menu/menu.admin.inc'),
('admin/structure/menu/manage/%/add', 0x613a313a7b693a343b733a393a226d656e755f6c6f6164223b7d, '', 'user_access', 0x613a313a7b693a303b733a31353a2261646d696e6973746572206d656e75223b7d, 'drupal_get_form', 0x613a343a7b693a303b733a31343a226d656e755f656469745f6974656d223b693a313b733a333a22616464223b693a323b4e3b693a333b693a343b7d, '', 61, 6, 1, 'admin/structure/menu/manage/%', 'admin/structure/menu/manage/%', 'Add link', 't', '', '', 'a:0:{}', 388, '', '', 0, 'modules/menu/menu.admin.inc'),
('admin/structure/menu/manage/%/delete', 0x613a313a7b693a343b733a393a226d656e755f6c6f6164223b7d, '', 'user_access', 0x613a313a7b693a303b733a31353a2261646d696e6973746572206d656e75223b7d, 'menu_delete_menu_page', 0x613a313a7b693a303b693a343b7d, '', 61, 6, 0, '', 'admin/structure/menu/manage/%/delete', 'Delete menu', 't', '', '', 'a:0:{}', 6, '', '', 0, 'modules/menu/menu.admin.inc'),
('admin/structure/menu/manage/%/edit', 0x613a313a7b693a343b733a393a226d656e755f6c6f6164223b7d, '', 'user_access', 0x613a313a7b693a303b733a31353a2261646d696e6973746572206d656e75223b7d, 'drupal_get_form', 0x613a333a7b693a303b733a31343a226d656e755f656469745f6d656e75223b693a313b733a343a2265646974223b693a323b693a343b7d, '', 61, 6, 3, 'admin/structure/menu/manage/%', 'admin/structure/menu/manage/%', 'Edit menu', 't', '', '', 'a:0:{}', 132, '', '', 0, 'modules/menu/menu.admin.inc'),
('admin/structure/menu/manage/%/list', 0x613a313a7b693a343b733a393a226d656e755f6c6f6164223b7d, '', 'user_access', 0x613a313a7b693a303b733a31353a2261646d696e6973746572206d656e75223b7d, 'drupal_get_form', 0x613a323a7b693a303b733a31383a226d656e755f6f766572766965775f666f726d223b693a313b693a343b7d, '', 61, 6, 3, 'admin/structure/menu/manage/%', 'admin/structure/menu/manage/%', 'List links', 't', '', '', 'a:0:{}', 140, '', '', -10, 'modules/menu/menu.admin.inc'),
('admin/structure/menu/parents', '', '', 'user_access', 0x613a313a7b693a303b623a313b7d, 'menu_parent_options_js', 0x613a303a7b7d, '', 15, 4, 0, '', 'admin/structure/menu/parents', 'Parent menu items', 't', '', '', 'a:0:{}', 0, '', '', 0, ''),
('admin/structure/menu/settings', '', '', 'user_access', 0x613a313a7b693a303b733a31353a2261646d696e6973746572206d656e75223b7d, 'drupal_get_form', 0x613a313a7b693a303b733a31343a226d656e755f636f6e666967757265223b7d, '', 15, 4, 1, 'admin/structure/menu', 'admin/structure/menu', 'Settings', 't', '', '', 'a:0:{}', 132, '', '', 5, 'modules/menu/menu.admin.inc'),
('admin/structure/taxonomy', '', '', 'user_access', 0x613a313a7b693a303b733a31393a2261646d696e6973746572207461786f6e6f6d79223b7d, 'drupal_get_form', 0x613a313a7b693a303b733a33303a227461786f6e6f6d795f6f766572766965775f766f636162756c6172696573223b7d, '', 7, 3, 0, '', 'admin/structure/taxonomy', 'Taxonomy', 't', '', '', 'a:0:{}', 6, 'Manage tagging, categorization, and classification of your content.', '', 0, 'modules/taxonomy/taxonomy.admin.inc'),
('admin/structure/taxonomy/%', 0x613a313a7b693a333b733a33373a227461786f6e6f6d795f766f636162756c6172795f6d616368696e655f6e616d655f6c6f6164223b7d, '', 'user_access', 0x613a313a7b693a303b733a31393a2261646d696e6973746572207461786f6e6f6d79223b7d, 'drupal_get_form', 0x613a323a7b693a303b733a32333a227461786f6e6f6d795f6f766572766965775f7465726d73223b693a313b693a333b7d, '', 14, 4, 0, '', 'admin/structure/taxonomy/%', '', 'entity_label', 'a:2:{i:0;s:19:"taxonomy_vocabulary";i:1;i:3;}', '', 'a:0:{}', 6, '', '', 0, 'modules/taxonomy/taxonomy.admin.inc'),
('admin/structure/taxonomy/%/add', 0x613a313a7b693a333b733a33373a227461786f6e6f6d795f766f636162756c6172795f6d616368696e655f6e616d655f6c6f6164223b7d, '', 'user_access', 0x613a313a7b693a303b733a31393a2261646d696e6973746572207461786f6e6f6d79223b7d, 'drupal_get_form', 0x613a333a7b693a303b733a31383a227461786f6e6f6d795f666f726d5f7465726d223b693a313b613a303a7b7d693a323b693a333b7d, '', 29, 5, 1, 'admin/structure/taxonomy/%', 'admin/structure/taxonomy/%', 'Add term', 't', '', '', 'a:0:{}', 388, '', '', 0, 'modules/taxonomy/taxonomy.admin.inc'),
('admin/structure/taxonomy/%/display', 0x613a313a7b693a333b733a33373a227461786f6e6f6d795f766f636162756c6172795f6d616368696e655f6e616d655f6c6f6164223b7d, '', 'user_access', 0x613a313a7b693a303b733a31393a2261646d696e6973746572207461786f6e6f6d79223b7d, 'drupal_get_form', 0x613a343a7b693a303b733a33303a226669656c645f75695f646973706c61795f6f766572766965775f666f726d223b693a313b733a31333a227461786f6e6f6d795f7465726d223b693a323b693a333b693a333b733a373a2264656661756c74223b7d, '', 29, 5, 1, 'admin/structure/taxonomy/%', 'admin/structure/taxonomy/%', 'Manage display', 't', '', '', 'a:0:{}', 132, '', '', 2, 'modules/field_ui/field_ui.admin.inc'),
('admin/structure/taxonomy/%/display/default', 0x613a313a7b693a333b733a33373a227461786f6e6f6d795f766f636162756c6172795f6d616368696e655f6e616d655f6c6f6164223b7d, '', '_field_ui_view_mode_menu_access', 0x613a353a7b693a303b733a31333a227461786f6e6f6d795f7465726d223b693a313b693a333b693a323b733a373a2264656661756c74223b693a333b733a31313a22757365725f616363657373223b693a343b733a31393a2261646d696e6973746572207461786f6e6f6d79223b7d, 'drupal_get_form', 0x613a343a7b693a303b733a33303a226669656c645f75695f646973706c61795f6f766572766965775f666f726d223b693a313b733a31333a227461786f6e6f6d795f7465726d223b693a323b693a333b693a333b733a373a2264656661756c74223b7d, '', 59, 6, 1, 'admin/structure/taxonomy/%/display', 'admin/structure/taxonomy/%', 'Default', 't', '', '', 'a:0:{}', 140, '', '', -10, 'modules/field_ui/field_ui.admin.inc'),
('admin/structure/taxonomy/%/display/full', 0x613a313a7b693a333b733a33373a227461786f6e6f6d795f766f636162756c6172795f6d616368696e655f6e616d655f6c6f6164223b7d, '', '_field_ui_view_mode_menu_access', 0x613a353a7b693a303b733a31333a227461786f6e6f6d795f7465726d223b693a313b693a333b693a323b733a343a2266756c6c223b693a333b733a31313a22757365725f616363657373223b693a343b733a31393a2261646d696e6973746572207461786f6e6f6d79223b7d, 'drupal_get_form', 0x613a343a7b693a303b733a33303a226669656c645f75695f646973706c61795f6f766572766965775f666f726d223b693a313b733a31333a227461786f6e6f6d795f7465726d223b693a323b693a333b693a333b733a343a2266756c6c223b7d, '', 59, 6, 1, 'admin/structure/taxonomy/%/display', 'admin/structure/taxonomy/%', 'Taxonomy term page', 't', '', '', 'a:0:{}', 132, '', '', 0, 'modules/field_ui/field_ui.admin.inc'),
('admin/structure/taxonomy/%/edit', 0x613a313a7b693a333b733a33373a227461786f6e6f6d795f766f636162756c6172795f6d616368696e655f6e616d655f6c6f6164223b7d, '', 'user_access', 0x613a313a7b693a303b733a31393a2261646d696e6973746572207461786f6e6f6d79223b7d, 'drupal_get_form', 0x613a323a7b693a303b733a32343a227461786f6e6f6d795f666f726d5f766f636162756c617279223b693a313b693a333b7d, '', 29, 5, 1, 'admin/structure/taxonomy/%', 'admin/structure/taxonomy/%', 'Edit', 't', '', '', 'a:0:{}', 132, '', '', -10, 'modules/taxonomy/taxonomy.admin.inc'),
('admin/structure/taxonomy/%/fields', 0x613a313a7b693a333b733a33373a227461786f6e6f6d795f766f636162756c6172795f6d616368696e655f6e616d655f6c6f6164223b7d, '', 'user_access', 0x613a313a7b693a303b733a31393a2261646d696e6973746572207461786f6e6f6d79223b7d, 'drupal_get_form', 0x613a333a7b693a303b733a32383a226669656c645f75695f6669656c645f6f766572766965775f666f726d223b693a313b733a31333a227461786f6e6f6d795f7465726d223b693a323b693a333b7d, '', 29, 5, 1, 'admin/structure/taxonomy/%', 'admin/structure/taxonomy/%', 'Manage fields', 't', '', '', 'a:0:{}', 132, '', '', 1, 'modules/field_ui/field_ui.admin.inc'),
('admin/structure/taxonomy/%/fields/%', 0x613a323a7b693a333b613a313a7b733a33373a227461786f6e6f6d795f766f636162756c6172795f6d616368696e655f6e616d655f6c6f6164223b613a343a7b693a303b733a31333a227461786f6e6f6d795f7465726d223b693a313b693a333b693a323b733a313a2233223b693a333b733a343a22256d6170223b7d7d693a353b613a313a7b733a31383a226669656c645f75695f6d656e755f6c6f6164223b613a343a7b693a303b733a31333a227461786f6e6f6d795f7465726d223b693a313b693a333b693a323b733a313a2233223b693a333b733a343a22256d6170223b7d7d7d, '', 'user_access', 0x613a313a7b693a303b733a31393a2261646d696e6973746572207461786f6e6f6d79223b7d, 'drupal_get_form', 0x613a323a7b693a303b733a32343a226669656c645f75695f6669656c645f656469745f666f726d223b693a313b693a353b7d, '', 58, 6, 0, '', 'admin/structure/taxonomy/%/fields/%', '', 'field_ui_menu_title', 'a:1:{i:0;i:5;}', '', 'a:0:{}', 6, '', '', 0, 'modules/field_ui/field_ui.admin.inc'),
('admin/structure/taxonomy/%/fields/%/delete', 0x613a323a7b693a333b613a313a7b733a33373a227461786f6e6f6d795f766f636162756c6172795f6d616368696e655f6e616d655f6c6f6164223b613a343a7b693a303b733a31333a227461786f6e6f6d795f7465726d223b693a313b693a333b693a323b733a313a2233223b693a333b733a343a22256d6170223b7d7d693a353b613a313a7b733a31383a226669656c645f75695f6d656e755f6c6f6164223b613a343a7b693a303b733a31333a227461786f6e6f6d795f7465726d223b693a313b693a333b693a323b733a313a2233223b693a333b733a343a22256d6170223b7d7d7d, '', 'user_access', 0x613a313a7b693a303b733a31393a2261646d696e6973746572207461786f6e6f6d79223b7d, 'drupal_get_form', 0x613a323a7b693a303b733a32363a226669656c645f75695f6669656c645f64656c6574655f666f726d223b693a313b693a353b7d, '', 117, 7, 1, 'admin/structure/taxonomy/%/fields/%', 'admin/structure/taxonomy/%/fields/%', 'Delete', 't', '', '', 'a:0:{}', 132, '', '', 10, 'modules/field_ui/field_ui.admin.inc'),
('admin/structure/taxonomy/%/fields/%/edit', 0x613a323a7b693a333b613a313a7b733a33373a227461786f6e6f6d795f766f636162756c6172795f6d616368696e655f6e616d655f6c6f6164223b613a343a7b693a303b733a31333a227461786f6e6f6d795f7465726d223b693a313b693a333b693a323b733a313a2233223b693a333b733a343a22256d6170223b7d7d693a353b613a313a7b733a31383a226669656c645f75695f6d656e755f6c6f6164223b613a343a7b693a303b733a31333a227461786f6e6f6d795f7465726d223b693a313b693a333b693a323b733a313a2233223b693a333b733a343a22256d6170223b7d7d7d, '', 'user_access', 0x613a313a7b693a303b733a31393a2261646d696e6973746572207461786f6e6f6d79223b7d, 'drupal_get_form', 0x613a323a7b693a303b733a32343a226669656c645f75695f6669656c645f656469745f666f726d223b693a313b693a353b7d, '', 117, 7, 1, 'admin/structure/taxonomy/%/fields/%', 'admin/structure/taxonomy/%/fields/%', 'Edit', 't', '', '', 'a:0:{}', 140, '', '', 0, 'modules/field_ui/field_ui.admin.inc'),
('admin/structure/taxonomy/%/fields/%/field-settings', 0x613a323a7b693a333b613a313a7b733a33373a227461786f6e6f6d795f766f636162756c6172795f6d616368696e655f6e616d655f6c6f6164223b613a343a7b693a303b733a31333a227461786f6e6f6d795f7465726d223b693a313b693a333b693a323b733a313a2233223b693a333b733a343a22256d6170223b7d7d693a353b613a313a7b733a31383a226669656c645f75695f6d656e755f6c6f6164223b613a343a7b693a303b733a31333a227461786f6e6f6d795f7465726d223b693a313b693a333b693a323b733a313a2233223b693a333b733a343a22256d6170223b7d7d7d, '', 'user_access', 0x613a313a7b693a303b733a31393a2261646d696e6973746572207461786f6e6f6d79223b7d, 'drupal_get_form', 0x613a323a7b693a303b733a32383a226669656c645f75695f6669656c645f73657474696e67735f666f726d223b693a313b693a353b7d, '', 117, 7, 1, 'admin/structure/taxonomy/%/fields/%', 'admin/structure/taxonomy/%/fields/%', 'Field settings', 't', '', '', 'a:0:{}', 132, '', '', 0, 'modules/field_ui/field_ui.admin.inc'),
('admin/structure/taxonomy/%/fields/%/widget-type', 0x613a323a7b693a333b613a313a7b733a33373a227461786f6e6f6d795f766f636162756c6172795f6d616368696e655f6e616d655f6c6f6164223b613a343a7b693a303b733a31333a227461786f6e6f6d795f7465726d223b693a313b693a333b693a323b733a313a2233223b693a333b733a343a22256d6170223b7d7d693a353b613a313a7b733a31383a226669656c645f75695f6d656e755f6c6f6164223b613a343a7b693a303b733a31333a227461786f6e6f6d795f7465726d223b693a313b693a333b693a323b733a313a2233223b693a333b733a343a22256d6170223b7d7d7d, '', 'user_access', 0x613a313a7b693a303b733a31393a2261646d696e6973746572207461786f6e6f6d79223b7d, 'drupal_get_form', 0x613a323a7b693a303b733a32353a226669656c645f75695f7769646765745f747970655f666f726d223b693a313b693a353b7d, '', 117, 7, 1, 'admin/structure/taxonomy/%/fields/%', 'admin/structure/taxonomy/%/fields/%', 'Widget type', 't', '', '', 'a:0:{}', 132, '', '', 0, 'modules/field_ui/field_ui.admin.inc'),
('admin/structure/taxonomy/%/list', 0x613a313a7b693a333b733a33373a227461786f6e6f6d795f766f636162756c6172795f6d616368696e655f6e616d655f6c6f6164223b7d, '', 'user_access', 0x613a313a7b693a303b733a31393a2261646d696e6973746572207461786f6e6f6d79223b7d, 'drupal_get_form', 0x613a323a7b693a303b733a32333a227461786f6e6f6d795f6f766572766965775f7465726d73223b693a313b693a333b7d, '', 29, 5, 1, 'admin/structure/taxonomy/%', 'admin/structure/taxonomy/%', 'List', 't', '', '', 'a:0:{}', 140, '', '', -20, 'modules/taxonomy/taxonomy.admin.inc');


CREATE TABLE `drup_node` (
  `nid` int(10) unsigned NOT NULL AUTO_INCREMENT COMMENT 'The primary identifier for a node.',
  `vid` int(10) unsigned DEFAULT NULL COMMENT 'The current dkzs_node_revision.vid version identifier.',
  `type` varchar(32) NOT NULL DEFAULT '' COMMENT 'The aVc3_node_type.type of this node.',
  `language` varchar(12) NOT NULL DEFAULT '' COMMENT 'The aVc3_languages.language of this node.',
  `title` varchar(255) NOT NULL DEFAULT '' COMMENT 'The title of this node, always treated as non-markup plain text.',
  `uid` int(11) NOT NULL DEFAULT '0' COMMENT 'The aVc3_users.uid that owns this node; initially, this is the user that created it.',
  `status` int(11) NOT NULL DEFAULT '1' COMMENT 'Boolean indicating whether the node is published (visible to non-administrators).',
  `created` int(11) NOT NULL DEFAULT '0' COMMENT 'The Unix timestamp when the node was created.',
  `changed` int(11) NOT NULL DEFAULT '0' COMMENT 'The Unix timestamp when the node was most recently saved.',
  `comment` int(11) NOT NULL DEFAULT '0' COMMENT 'Whether comments are allowed on this node: 0 = no, 1 = closed (read only), 2 = open (read/write).',
  `promote` int(11) NOT NULL DEFAULT '0' COMMENT 'Boolean indicating whether the node should be displayed on the front page.',
  `sticky` int(11) NOT NULL DEFAULT '0' COMMENT 'Boolean indicating whether the node should be displayed at the top of lists in which it appears.',
  `tnid` int(10) unsigned NOT NULL DEFAULT '0' COMMENT 'The translation set id for this node, which equals the node id of the source post in each set.',
  `translate` int(11) NOT NULL DEFAULT '0' COMMENT 'A boolean indicating whether this translation page needs to be updated.',
  PRIMARY KEY (`nid`),
  UNIQUE KEY `vid` (`vid`),
  KEY `node_changed` (`changed`),
  KEY `node_created` (`created`),
  KEY `node_frontpage` (`promote`,`status`,`sticky`,`created`),
  KEY `node_status_type` (`status`,`type`,`nid`),
  KEY `node_title_type` (`title`,`type`(4)),
  KEY `node_type` (`type`(4)),
  KEY `uid` (`uid`),
  KEY `tnid` (`tnid`),
  KEY `translate` (`translate`)
) TYPE=InnoDB COMMENT='The base table for nodes.';

CREATE TABLE `drup_node_access` (
  `nid` int(10) unsigned NOT NULL DEFAULT '0' COMMENT 'The aVc3_node.nid this record affects.',
  `gid` int(10) unsigned NOT NULL DEFAULT '0' COMMENT 'The grant ID a user must possess in the specified realm to gain this row’s privileges on the node.',
  `realm` varchar(255) NOT NULL DEFAULT '' COMMENT 'The realm in which the user must possess the grant ID. Each node access node can define one or more realms.',
  `grant_view` tinyint(3) unsigned NOT NULL DEFAULT '0' COMMENT 'Boolean indicating whether a user with the realm/grant pair can view this node.',
  `grant_update` tinyint(3) unsigned NOT NULL DEFAULT '0' COMMENT 'Boolean indicating whether a user with the realm/grant pair can edit this node.',
  `grant_delete` tinyint(3) unsigned NOT NULL DEFAULT '0' COMMENT 'Boolean indicating whether a user with the realm/grant pair can delete this node.',
  PRIMARY KEY (`nid`,`gid`,`realm`)
) TYPE=InnoDB COMMENT='Identifies which realm/grant pairs a user must possess in...';

INSERT INTO `drup_node_access` VALUES
(0, 0, 'all', 1, 0, 0);

CREATE TABLE `drup_node_comment_statistics` (
  `nid` int(10) unsigned NOT NULL DEFAULT '0' COMMENT 'The aVc3_node.nid for which the statistics are compiled.',
  `cid` int(11) NOT NULL DEFAULT '0' COMMENT 'The aVc3_comment.cid of the last comment.',
  `last_comment_timestamp` int(11) NOT NULL DEFAULT '0' COMMENT 'The Unix timestamp of the last comment that was posted within this node, from pr2n_comment.changed.',
  `last_comment_name` varchar(60) DEFAULT NULL COMMENT 'The name of the latest author to post a comment on this node, from aVc3_comment.name.',
  `last_comment_uid` int(11) NOT NULL DEFAULT '0' COMMENT 'The user ID of the latest author to post a comment on this node, from aVc3_comment.uid.',
  `comment_count` int(10) unsigned NOT NULL DEFAULT '0' COMMENT 'The total number of comments on this node.',
  PRIMARY KEY (`nid`),
  KEY `node_comment_timestamp` (`last_comment_timestamp`),
  KEY `comment_count` (`comment_count`),
  KEY `last_comment_uid` (`last_comment_uid`)
) TYPE=InnoDB COMMENT='Maintains statistics of node and comments posts to show ...';

CREATE TABLE `drup_node_revision` (
  `nid` int(10) unsigned NOT NULL DEFAULT '0' COMMENT 'The aVc3_node this version belongs to.',
  `vid` int(10) unsigned NOT NULL AUTO_INCREMENT COMMENT 'The primary identifier for this version.',
  `uid` int(11) NOT NULL DEFAULT '0' COMMENT 'The aVc3_users.uid that created this version.',
  `title` varchar(255) NOT NULL DEFAULT '' COMMENT 'The title of this version.',
  `log` longtext NOT NULL COMMENT 'The log entry explaining the changes in this version.',
  `timestamp` int(11) NOT NULL DEFAULT '0' COMMENT 'A Unix timestamp indicating when this version was created.',
  `status` int(11) NOT NULL DEFAULT '1',
  `comment` int(11) NOT NULL DEFAULT '0' COMMENT 'Whether comments are allowed on this node (at the time of this revision): 0 = no, 1 = closed (read only), 2 = open (read/write).',
  `promote` int(11) NOT NULL DEFAULT '0' COMMENT 'Boolean indicating whether the node (at the time of this revision) should be displayed on the front page.',
  `sticky` int(11) NOT NULL DEFAULT '0' COMMENT 'Boolean indicating whether the node (at the time of this revision) should be displayed at the top of lists in which it appears.',
  PRIMARY KEY (`vid`),
  KEY `nid` (`nid`),
  KEY `uid` (`uid`)
) TYPE=InnoDB COMMENT='Stores information about each saved version of a aVc3_node.';

CREATE TABLE `drup_node_type` (
  `type` varchar(32) NOT NULL COMMENT 'The machine-readable name of this type.',
  `name` varchar(255) NOT NULL DEFAULT '' COMMENT 'The human-readable name of this type.',
  `base` varchar(255) NOT NULL COMMENT 'The base string used to construct callbacks corresponding to this node type.',
  `module` varchar(255) NOT NULL,
  `description` mediumtext NOT NULL COMMENT 'A brief description of this type.',
  `help` mediumtext NOT NULL COMMENT 'Help information shown to the user when creating a aVc3_node of this type.',
  `has_title` tinyint(3) unsigned NOT NULL COMMENT 'Boolean indicating whether this type uses the aVc3_node.title field.',
  `title_label` varchar(255) NOT NULL DEFAULT '' COMMENT 'The label displayed for the title field on the edit form.',
  `custom` tinyint(4) NOT NULL DEFAULT '0' COMMENT 'A boolean indicating whether this type is defined by a module (FALSE) or by a user via Add content type (TRUE).',
  `modified` tinyint(4) NOT NULL DEFAULT '0' COMMENT 'A boolean indicating whether this type has been modified by an administrator; currently not used in any way.',
  `locked` tinyint(4) NOT NULL DEFAULT '0' COMMENT 'A boolean indicating whether the administrator can change the machine name of this type.',
  `disabled` tinyint(4) NOT NULL DEFAULT '0' COMMENT 'A boolean indicating whether the node type is disabled.',
  `orig_type` varchar(255) NOT NULL DEFAULT '' COMMENT 'The original machine-readable name of this node type. This may be different from the current type name if the locked field is 0.',
  PRIMARY KEY (`type`)
) TYPE=InnoDB COMMENT='Stores information about all defined aVc3_node types.';

INSERT INTO `drup_node_type` VALUES
('article', 'Article', 'node_content', 'node', 'Use <em>articles</em> for time-sensitive content like news, press releases or blog posts.', '', 1, 'Title', 1, 1, 0, 0, 'article'),
('page', 'Basic page', 'node_content', 'node', 'Use <em>basic pages</em> for your static content, such as an ''About us'' page.', '', 1, 'Title', 1, 1, 0, 0, 'page');

CREATE TABLE `drup_queue` (
  `item_id` int(10) unsigned NOT NULL AUTO_INCREMENT COMMENT 'Primary Key: Unique item ID.',
  `name` varchar(255) NOT NULL DEFAULT '' COMMENT 'The queue name.',
  `data` longblob COMMENT 'The arbitrary data for the item.',
  `expire` int(11) NOT NULL DEFAULT '0' COMMENT 'Timestamp when the claim lease expires on the item.',
  `created` int(11) NOT NULL DEFAULT '0' COMMENT 'Timestamp when the item was created.',
  PRIMARY KEY (`item_id`),
  KEY `name_created` (`name`,`created`),
  KEY `expire` (`expire`)
) TYPE=InnoDB  COMMENT='Stores items in queues.';

CREATE TABLE `drup_rdf_mapping` (
  `type` varchar(128) NOT NULL COMMENT 'The name of the entity type a mapping applies to (node, user, comment, etc.).',
  `bundle` varchar(128) NOT NULL COMMENT 'The name of the bundle a mapping applies to.',
  `mapping` longblob COMMENT 'The serialized mapping of the bundle type and fields to RDF terms.',
  PRIMARY KEY (`type`,`bundle`)
) TYPE=InnoDB COMMENT='Stores custom RDF mappings for user defined content types...';

INSERT INTO `drup_rdf_mapping` VALUES
('node', 'article', 0x613a31313a7b733a31313a226669656c645f696d616765223b613a323a7b733a31303a2270726564696361746573223b613a323a7b693a303b733a383a226f673a696d616765223b693a313b733a31323a22726466733a736565416c736f223b7d733a343a2274797065223b733a333a2272656c223b7d733a31303a226669656c645f74616773223b613a323a7b733a31303a2270726564696361746573223b613a313a7b693a303b733a31303a2264633a7375626a656374223b7d733a343a2274797065223b733a333a2272656c223b7d733a373a2272646674797065223b613a323a7b693a303b733a393a2273696f633a4974656d223b693a313b733a31333a22666f61663a446f63756d656e74223b7d733a353a227469746c65223b613a313a7b733a31303a2270726564696361746573223b613a313a7b693a303b733a383a2264633a7469746c65223b7d7d733a373a2263726561746564223b613a333a7b733a31303a2270726564696361746573223b613a323a7b693a303b733a373a2264633a64617465223b693a313b733a31303a2264633a63726561746564223b7d733a383a226461746174797065223b733a31323a227873643a6461746554696d65223b733a383a2263616c6c6261636b223b733a31323a22646174655f69736f38363031223b7d733a373a226368616e676564223b613a333a7b733a31303a2270726564696361746573223b613a313a7b693a303b733a31313a2264633a6d6f646966696564223b7d733a383a226461746174797065223b733a31323a227873643a6461746554696d65223b733a383a2263616c6c6261636b223b733a31323a22646174655f69736f38363031223b7d733a343a22626f6479223b613a313a7b733a31303a2270726564696361746573223b613a313a7b693a303b733a31353a22636f6e74656e743a656e636f646564223b7d7d733a333a22756964223b613a323a7b733a31303a2270726564696361746573223b613a313a7b693a303b733a31363a2273696f633a6861735f63726561746f72223b7d733a343a2274797065223b733a333a2272656c223b7d733a343a226e616d65223b613a313a7b733a31303a2270726564696361746573223b613a313a7b693a303b733a393a22666f61663a6e616d65223b7d7d733a31333a22636f6d6d656e745f636f756e74223b613a323a7b733a31303a2270726564696361746573223b613a313a7b693a303b733a31363a2273696f633a6e756d5f7265706c696573223b7d733a383a226461746174797065223b733a31313a227873643a696e7465676572223b7d733a31333a226c6173745f6163746976697479223b613a333a7b733a31303a2270726564696361746573223b613a313a7b693a303b733a32333a2273696f633a6c6173745f61637469766974795f64617465223b7d733a383a226461746174797065223b733a31323a227873643a6461746554696d65223b733a383a2263616c6c6261636b223b733a31323a22646174655f69736f38363031223b7d7d),
('node', 'page', 0x613a393a7b733a373a2272646674797065223b613a313a7b693a303b733a31333a22666f61663a446f63756d656e74223b7d733a353a227469746c65223b613a313a7b733a31303a2270726564696361746573223b613a313a7b693a303b733a383a2264633a7469746c65223b7d7d733a373a2263726561746564223b613a333a7b733a31303a2270726564696361746573223b613a323a7b693a303b733a373a2264633a64617465223b693a313b733a31303a2264633a63726561746564223b7d733a383a226461746174797065223b733a31323a227873643a6461746554696d65223b733a383a2263616c6c6261636b223b733a31323a22646174655f69736f38363031223b7d733a373a226368616e676564223b613a333a7b733a31303a2270726564696361746573223b613a313a7b693a303b733a31313a2264633a6d6f646966696564223b7d733a383a226461746174797065223b733a31323a227873643a6461746554696d65223b733a383a2263616c6c6261636b223b733a31323a22646174655f69736f38363031223b7d733a343a22626f6479223b613a313a7b733a31303a2270726564696361746573223b613a313a7b693a303b733a31353a22636f6e74656e743a656e636f646564223b7d7d733a333a22756964223b613a323a7b733a31303a2270726564696361746573223b613a313a7b693a303b733a31363a2273696f633a6861735f63726561746f72223b7d733a343a2274797065223b733a333a2272656c223b7d733a343a226e616d65223b613a313a7b733a31303a2270726564696361746573223b613a313a7b693a303b733a393a22666f61663a6e616d65223b7d7d733a31333a22636f6d6d656e745f636f756e74223b613a323a7b733a31303a2270726564696361746573223b613a313a7b693a303b733a31363a2273696f633a6e756d5f7265706c696573223b7d733a383a226461746174797065223b733a31313a227873643a696e7465676572223b7d733a31333a226c6173745f6163746976697479223b613a333a7b733a31303a2270726564696361746573223b613a313a7b693a303b733a32333a2273696f633a6c6173745f61637469766974795f64617465223b7d733a383a226461746174797065223b733a31323a227873643a6461746554696d65223b733a383a2263616c6c6261636b223b733a31323a22646174655f69736f38363031223b7d7d);

CREATE TABLE `drup_registry` (
  `name` varchar(255) NOT NULL DEFAULT '' COMMENT 'The name of the function, class, or interface.',
  `type` varchar(9) NOT NULL DEFAULT '' COMMENT 'Either function or class or interface.',
  `filename` varchar(255) NOT NULL,
  `module` varchar(255) NOT NULL DEFAULT '' COMMENT 'Name of the module the file belongs to.',
  `weight` int(11) NOT NULL DEFAULT '0' COMMENT 'The order in which this module’s hooks should be invoked relative to other modules. Equal-weighted modules are ordered by name.',
  PRIMARY KEY (`name`,`type`),
  KEY `hook` (`type`,`weight`,`module`)
) TYPE=InnoDB COMMENT='Each record is a function, class, or interface name and...';

INSERT INTO `drup_registry` VALUES
('AccessDeniedTestCase', 'class', 'modules/system/system.test', 'system', 0),
('AdminMetaTagTestCase', 'class', 'modules/system/system.test', 'system', 0),
('ArchiverInterface', 'interface', 'includes/archiver.inc', '', 0),
('ArchiverTar', 'class', 'modules/system/system.archiver.inc', 'system', 0),
('ArchiverZip', 'class', 'modules/system/system.archiver.inc', 'system', 0),
('Archive_Tar', 'class', 'modules/system/system.tar.inc', 'system', 0),
('BatchMemoryQueue', 'class', 'includes/batch.queue.inc', '', 0),
('BatchQueue', 'class', 'includes/batch.queue.inc', '', 0),
('BlockAdminThemeTestCase', 'class', 'modules/block/block.test', 'block', -5),
('BlockCacheTestCase', 'class', 'modules/block/block.test', 'block', -5),
('BlockHiddenRegionTestCase', 'class', 'modules/block/block.test', 'block', -5),
('BlockHTMLIdTestCase', 'class', 'modules/block/block.test', 'block', -5),
('BlockInvalidRegionTestCase', 'class', 'modules/block/block.test', 'block', -5),
('BlockTemplateSuggestionsUnitTest', 'class', 'modules/block/block.test', 'block', -5),
('BlockTestCase', 'class', 'modules/block/block.test', 'block', -5),
('ColorTestCase', 'class', 'modules/color/color.test', 'color', 0),
('CommentActionsTestCase', 'class', 'modules/comment/comment.test', 'comment', 0),
('CommentAnonymous', 'class', 'modules/comment/comment.test', 'comment', 0),
('CommentApprovalTest', 'class', 'modules/comment/comment.test', 'comment', 0),
('CommentBlockFunctionalTest', 'class', 'modules/comment/comment.test', 'comment', 0),
('CommentContentRebuild', 'class', 'modules/comment/comment.test', 'comment', 0),
('CommentController', 'class', 'modules/comment/comment.module', 'comment', 0),
('CommentFieldsTest', 'class', 'modules/comment/comment.test', 'comment', 0),
('CommentHelperCase', 'class', 'modules/comment/comment.test', 'comment', 0),
('CommentInterfaceTest', 'class', 'modules/comment/comment.test', 'comment', 0),
('CommentNodeAccessTest', 'class', 'modules/comment/comment.test', 'comment', 0),
('CommentNodeChangesTestCase', 'class', 'modules/comment/comment.test', 'comment', 0),
('CommentPagerTest', 'class', 'modules/comment/comment.test', 'comment', 0),
('CommentPreviewTest', 'class', 'modules/comment/comment.test', 'comment', 0),
('CommentRSSUnitTest', 'class', 'modules/comment/comment.test', 'comment', 0),
('CommentThreadingTestCase', 'class', 'modules/comment/comment.test', 'comment', 0),
('CommentTokenReplaceTestCase', 'class', 'modules/comment/comment.test', 'comment', 0),
('ContextualDynamicContextTestCase', 'class', 'modules/contextual/contextual.test', 'contextual', 0),
('CronRunTestCase', 'class', 'modules/system/system.test', 'system', 0),
('DashboardBlocksTestCase', 'class', 'modules/dashboard/dashboard.test', 'dashboard', 0),
('Database', 'class', 'includes/database/database.inc', '', 0),
('DatabaseCondition', 'class', 'includes/database/query.inc', '', 0),
('DatabaseConnection', 'class', 'includes/database/database.inc', '', 0),
('DatabaseConnectionNotDefinedException', 'class', 'includes/database/database.inc', '', 0),
('DatabaseConnection_mysql', 'class', 'includes/database/mysql/database.inc', '', 0),
('DatabaseConnection_pgsql', 'class', 'includes/database/pgsql/database.inc', '', 0),
('DatabaseConnection_sqlite', 'class', 'includes/database/sqlite/database.inc', '', 0),
('DatabaseDriverNotSpecifiedException', 'class', 'includes/database/database.inc', '', 0),
('DatabaseLog', 'class', 'includes/database/log.inc', '', 0),
('DatabaseSchema', 'class', 'includes/database/schema.inc', '', 0),
('DatabaseSchemaObjectDoesNotExistException', 'class', 'includes/database/schema.inc', '', 0),
('DatabaseSchemaObjectExistsException', 'class', 'includes/database/schema.inc', '', 0),
('DatabaseSchema_mysql', 'class', 'includes/database/mysql/schema.inc', '', 0),
('DatabaseSchema_pgsql', 'class', 'includes/database/pgsql/schema.inc', '', 0),
('DatabaseSchema_sqlite', 'class', 'includes/database/sqlite/schema.inc', '', 0),
('DatabaseStatementBase', 'class', 'includes/database/database.inc', '', 0),
('DatabaseStatementEmpty', 'class', 'includes/database/database.inc', '', 0),
('DatabaseStatementInterface', 'interface', 'includes/database/database.inc', '', 0),
('DatabaseStatementPrefetch', 'class', 'includes/database/prefetch.inc', '', 0),
('DatabaseStatement_sqlite', 'class', 'includes/database/sqlite/database.inc', '', 0),
('DatabaseTaskException', 'class', 'includes/install.inc', '', 0),
('DatabaseTasks', 'class', 'includes/install.inc', '', 0),
('DatabaseTasks_mysql', 'class', 'includes/database/mysql/install.inc', '', 0),
('DatabaseTasks_pgsql', 'class', 'includes/database/pgsql/install.inc', '', 0),
('DatabaseTasks_sqlite', 'class', 'includes/database/sqlite/install.inc', '', 0),
('DatabaseTransaction', 'class', 'includes/database/database.inc', '', 0),
('DatabaseTransactionCommitFailedException', 'class', 'includes/database/database.inc', '', 0),
('DatabaseTransactionExplicitCommitNotAllowedException', 'class', 'includes/database/database.inc', '', 0),
('DatabaseTransactionNameNonUniqueException', 'class', 'includes/database/database.inc', '', 0),
('DatabaseTransactionNoActiveException', 'class', 'includes/database/database.inc', '', 0),
('DatabaseTransactionOutOfOrderException', 'class', 'includes/database/database.inc', '', 0),
('DateTimeFunctionalTest', 'class', 'modules/system/system.test', 'system', 0),
('DBLogTestCase', 'class', 'modules/dblog/dblog.test', 'dblog', 0),
('DefaultMailSystem', 'class', 'modules/system/system.mail.inc', 'system', 0),
('DeleteQuery', 'class', 'includes/database/query.inc', '', 0),
('DeleteQuery_sqlite', 'class', 'includes/database/sqlite/query.inc', '', 0),
('DrupalCacheArray', 'class', 'includes/bootstrap.inc', '', 0),
('DrupalCacheInterface', 'interface', 'includes/cache.inc', '', 0),
('DrupalDatabaseCache', 'class', 'includes/cache.inc', '', 0),
('DrupalDefaultEntityController', 'class', 'includes/entity.inc', '', 0),
('DrupalEntityControllerInterface', 'interface', 'includes/entity.inc', '', 0),
('DrupalFakeCache', 'class', 'includes/cache-install.inc', '', 0),
('DrupalLocalStreamWrapper', 'class', 'includes/stream_wrappers.inc', '', 0),
('DrupalPrivateStreamWrapper', 'class', 'includes/stream_wrappers.inc', '', 0),
('DrupalPublicStreamWrapper', 'class', 'includes/stream_wrappers.inc', '', 0),
('DrupalQueue', 'class', 'modules/system/system.queue.inc', 'system', 0),
('DrupalQueueInterface', 'interface', 'modules/system/system.queue.inc', 'system', 0),
('DrupalReliableQueueInterface', 'interface', 'modules/system/system.queue.inc', 'system', 0),
('DrupalStreamWrapperInterface', 'interface', 'includes/stream_wrappers.inc', '', 0),
('DrupalTemporaryStreamWrapper', 'class', 'includes/stream_wrappers.inc', '', 0),
('DrupalUpdateException', 'class', 'includes/update.inc', '', 0),
('DrupalUpdaterInterface', 'interface', 'includes/updater.inc', '', 0),
('EnableDisableTestCase', 'class', 'modules/system/system.test', 'system', 0),
('EntityFieldQuery', 'class', 'includes/entity.inc', '', 0),
('EntityFieldQueryException', 'class', 'includes/entity.inc', '', 0),
('EntityMalformedException', 'class', 'includes/entity.inc', '', 0),
('EntityPropertiesTestCase', 'class', 'modules/field/tests/field.test', 'field', 0),
('FieldAttachOtherTestCase', 'class', 'modules/field/tests/field.test', 'field', 0),
('FieldAttachStorageTestCase', 'class', 'modules/field/tests/field.test', 'field', 0),
('FieldAttachTestCase', 'class', 'modules/field/tests/field.test', 'field', 0),
('FieldBulkDeleteTestCase', 'class', 'modules/field/tests/field.test', 'field', 0),
('FieldCrudTestCase', 'class', 'modules/field/tests/field.test', 'field', 0),
('FieldDisplayAPITestCase', 'class', 'modules/field/tests/field.test', 'field', 0),
('FieldException', 'class', 'modules/field/field.module', 'field', 0),
('FieldFormTestCase', 'class', 'modules/field/tests/field.test', 'field', 0),
('FieldInfoTestCase', 'class', 'modules/field/tests/field.test', 'field', 0),
('FieldInstanceCrudTestCase', 'class', 'modules/field/tests/field.test', 'field', 0),
('FieldsOverlapException', 'class', 'includes/database/database.inc', '', 0),
('FieldSqlStorageTestCase', 'class', 'modules/field/modules/field_sql_storage/field_sql_storage.test', 'field_sql_storage', 0),
('FieldTestCase', 'class', 'modules/field/tests/field.test', 'field', 0),
('FieldTranslationsTestCase', 'class', 'modules/field/tests/field.test', 'field', 0),
('FieldUIAlterTestCase', 'class', 'modules/field_ui/field_ui.test', 'field_ui', 0),
('FieldUIManageDisplayTestCase', 'class', 'modules/field_ui/field_ui.test', 'field_ui', 0),
('FieldUIManageFieldsTestCase', 'class', 'modules/field_ui/field_ui.test', 'field_ui', 0),
('FieldUITestCase', 'class', 'modules/field_ui/field_ui.test', 'field_ui', 0),
('FieldUpdateForbiddenException', 'class', 'modules/field/field.module', 'field', 0),
('FieldValidationException', 'class', 'modules/field/field.attach.inc', 'field', 0),
('FileFieldDisplayTestCase', 'class', 'modules/file/tests/file.test', 'file', 0),
('FileFieldPathTestCase', 'class', 'modules/file/tests/file.test', 'file', 0),
('FileFieldRevisionTestCase', 'class', 'modules/file/tests/file.test', 'file', 0),
('FileFieldTestCase', 'class', 'modules/file/tests/file.test', 'file', 0),
('FileFieldValidateTestCase', 'class', 'modules/file/tests/file.test', 'file', 0),
('FileFieldWidgetTestCase', 'class', 'modules/file/tests/file.test', 'file', 0),
('FileManagedFileElementTestCase', 'class', 'modules/file/tests/file.test', 'file', 0),
('FilePrivateTestCase', 'class', 'modules/file/tests/file.test', 'file', 0),
('FileTokenReplaceTestCase', 'class', 'modules/file/tests/file.test', 'file', 0),
('FileTransfer', 'class', 'includes/filetransfer/filetransfer.inc', '', 0),
('FileTransferChmodInterface', 'interface', 'includes/filetransfer/filetransfer.inc', '', 0),
('FileTransferException', 'class', 'includes/filetransfer/filetransfer.inc', '', 0),
('FileTransferFTP', 'class', 'includes/filetransfer/ftp.inc', '', 0),
('FileTransferFTPExtension', 'class', 'includes/filetransfer/ftp.inc', '', 0),
('FileTransferLocal', 'class', 'includes/filetransfer/local.inc', '', 0),
('FileTransferSSH', 'class', 'includes/filetransfer/ssh.inc', '', 0),
('FilterAdminTestCase', 'class', 'modules/filter/filter.test', 'filter', 0),
('FilterCRUDTestCase', 'class', 'modules/filter/filter.test', 'filter', 0),
('FilterDefaultFormatTestCase', 'class', 'modules/filter/filter.test', 'filter', 0),
('FilterFormatAccessTestCase', 'class', 'modules/filter/filter.test', 'filter', 0),
('FilterHooksTestCase', 'class', 'modules/filter/filter.test', 'filter', 0),
('FilterNoFormatTestCase', 'class', 'modules/filter/filter.test', 'filter', 0),
('FilterSecurityTestCase', 'class', 'modules/filter/filter.test', 'filter', 0),
('FilterSettingsTestCase', 'class', 'modules/filter/filter.test', 'filter', 0),
('FilterUnitTestCase', 'class', 'modules/filter/filter.test', 'filter', 0),
('FloodFunctionalTest', 'class', 'modules/system/system.test', 'system', 0),
('FrontPageTestCase', 'class', 'modules/system/system.test', 'system', 0),
('HelpTestCase', 'class', 'modules/help/help.test', 'help', 0),
('HookRequirementsTestCase', 'class', 'modules/system/system.test', 'system', 0),
('ImageAdminStylesUnitTest', 'class', 'modules/image/image.test', 'image', 0),
('ImageDimensionsScaleTestCase', 'class', 'modules/image/image.test', 'image', 0),
('ImageDimensionsTestCase', 'class', 'modules/image/image.test', 'image', 0),
('ImageEffectsUnitTest', 'class', 'modules/image/image.test', 'image', 0),
('ImageFieldDefaultImagesTestCase', 'class', 'modules/image/image.test', 'image', 0),
('ImageFieldDisplayTestCase', 'class', 'modules/image/image.test', 'image', 0),
('ImageFieldTestCase', 'class', 'modules/image/image.test', 'image', 0),
('ImageFieldValidateTestCase', 'class', 'modules/image/image.test', 'image', 0),
('ImageStylesPathAndUrlTestCase', 'class', 'modules/image/image.test', 'image', 0),
('ImageThemeFunctionWebTestCase', 'class', 'modules/image/image.test', 'image', 0),
('InfoFileParserTestCase', 'class', 'modules/system/system.test', 'system', 0),
('InsertQuery', 'class', 'includes/database/query.inc', '', 0),
('InsertQuery_mysql', 'class', 'includes/database/mysql/query.inc', '', 0),
('InsertQuery_pgsql', 'class', 'includes/database/pgsql/query.inc', '', 0),
('InsertQuery_sqlite', 'class', 'includes/database/sqlite/query.inc', '', 0),
('InvalidMergeQueryException', 'class', 'includes/database/database.inc', '', 0),
('IPAddressBlockingTestCase', 'class', 'modules/system/system.test', 'system', 0),
('ListDynamicValuesTestCase', 'class', 'modules/field/modules/list/tests/list.test', 'list', 0),
('ListDynamicValuesValidationTestCase', 'class', 'modules/field/modules/list/tests/list.test', 'list', 0),
('ListFieldTestCase', 'class', 'modules/field/modules/list/tests/list.test', 'list', 0),
('ListFieldUITestCase', 'class', 'modules/field/modules/list/tests/list.test', 'list', 0),
('LocaleBrowserDetectionTest', 'class', 'modules/locale/locale.test', 'locale', 0),
('LocaleCommentLanguageFunctionalTest', 'class', 'modules/locale/locale.test', 'locale', 0),
('LocaleConfigurationTest', 'class', 'modules/locale/locale.test', 'locale', 0),
('LocaleContentFunctionalTest', 'class', 'modules/locale/locale.test', 'locale', 0),
('LocaleDateFormatsFunctionalTest', 'class', 'modules/locale/locale.test', 'locale', 0),
('LocaleExportFunctionalTest', 'class', 'modules/locale/locale.test', 'locale', 0),
('LocaleImportFunctionalTest', 'class', 'modules/locale/locale.test', 'locale', 0),
('LocaleInstallTest', 'class', 'modules/locale/locale.test', 'locale', 0),
('LocaleJavascriptTranslationTest', 'class', 'modules/locale/locale.test', 'locale', 0),
('LocaleLanguageNegotiationInfoFunctionalTest', 'class', 'modules/locale/locale.test', 'locale', 0),
('LocaleLanguageSwitchingFunctionalTest', 'class', 'modules/locale/locale.test', 'locale', 0),
('LocaleLibraryInfoAlterTest', 'class', 'modules/locale/locale.test', 'locale', 0),
('LocaleMultilingualFieldsFunctionalTest', 'class', 'modules/locale/locale.test', 'locale', 0),
('LocalePathFunctionalTest', 'class', 'modules/locale/locale.test', 'locale', 0),
('LocalePluralFormatTest', 'class', 'modules/locale/locale.test', 'locale', 0),
('LocaleTranslationFunctionalTest', 'class', 'modules/locale/locale.test', 'locale', 0),
('LocaleUILanguageNegotiationTest', 'class', 'modules/locale/locale.test', 'locale', 0),
('LocaleUninstallFrenchFunctionalTest', 'class', 'modules/locale/locale.test', 'locale', 0),
('LocaleUninstallFunctionalTest', 'class', 'modules/locale/locale.test', 'locale', 0),
('LocaleUrlRewritingTest', 'class', 'modules/locale/locale.test', 'locale', 0),
('LocaleUserCreationTest', 'class', 'modules/locale/locale.test', 'locale', 0),
('LocaleUserLanguageFunctionalTest', 'class', 'modules/locale/locale.test', 'locale', 0),
('MailSystemInterface', 'interface', 'includes/mail.inc', '', 0),
('MemoryQueue', 'class', 'modules/system/system.queue.inc', 'system', 0),
('MenuNodeTestCase', 'class', 'modules/menu/menu.test', 'menu', 0),
('MenuTestCase', 'class', 'modules/menu/menu.test', 'menu', 0),
('MergeQuery', 'class', 'includes/database/query.inc', '', 0),
('ModuleDependencyTestCase', 'class', 'modules/system/system.test', 'system', 0),
('ModuleRequiredTestCase', 'class', 'modules/system/system.test', 'system', 0),
('ModuleTestCase', 'class', 'modules/system/system.test', 'system', 0),
('ModuleUpdater', 'class', 'modules/system/system.updater.inc', 'system', 0),
('ModuleVersionTestCase', 'class', 'modules/system/system.test', 'system', 0),
('MultiStepNodeFormBasicOptionsTest', 'class', 'modules/node/node.test', 'node', 0),
('NewDefaultThemeBlocks', 'class', 'modules/block/block.test', 'block', -5),
('NodeAccessBaseTableTestCase', 'class', 'modules/node/node.test', 'node', 0),
('NodeAccessFieldTestCase', 'class', 'modules/node/node.test', 'node', 0),
('NodeAccessPagerTestCase', 'class', 'modules/node/node.test', 'node', 0),
('NodeAccessRebuildTestCase', 'class', 'modules/node/node.test', 'node', 0),
('NodeAccessRecordsTestCase', 'class', 'modules/node/node.test', 'node', 0),
('NodeAccessTestCase', 'class', 'modules/node/node.test', 'node', 0),
('NodeAdminTestCase', 'class', 'modules/node/node.test', 'node', 0),
('NodeBlockFunctionalTest', 'class', 'modules/node/node.test', 'node', 0),
('NodeBlockTestCase', 'class', 'modules/node/node.test', 'node', 0),
('NodeBuildContent', 'class', 'modules/node/node.test', 'node', 0),
('NodeController', 'class', 'modules/node/node.module', 'node', 0),
('NodeCreationTestCase', 'class', 'modules/node/node.test', 'node', 0),
('NodeEntityFieldQueryAlter', 'class', 'modules/node/node.test', 'node', 0),
('NodeEntityViewModeAlterTest', 'class', 'modules/node/node.test', 'node', 0),
('NodeFeedTestCase', 'class', 'modules/node/node.test', 'node', 0),
('NodeLoadHooksTestCase', 'class', 'modules/node/node.test', 'node', 0),
('NodeLoadMultipleTestCase', 'class', 'modules/node/node.test', 'node', 0),
('NodePostSettingsTestCase', 'class', 'modules/node/node.test', 'node', 0),
('NodeQueryAlter', 'class', 'modules/node/node.test', 'node', 0),
('NodeRevisionPermissionsTestCase', 'class', 'modules/node/node.test', 'node', 0),
('NodeRevisionsTestCase', 'class', 'modules/node/node.test', 'node', 0),
('NodeRSSContentTestCase', 'class', 'modules/node/node.test', 'node', 0),
('NodeSaveTestCase', 'class', 'modules/node/node.test', 'node', 0),
('NodeTitleTestCase', 'class', 'modules/node/node.test', 'node', 0),
('NodeTitleXSSTestCase', 'class', 'modules/node/node.test', 'node', 0),
('NodeTokenReplaceTestCase', 'class', 'modules/node/node.test', 'node', 0),
('NodeTypePersistenceTestCase', 'class', 'modules/node/node.test', 'node', 0),
('NodeTypeTestCase', 'class', 'modules/node/node.test', 'node', 0),
('NodeWebTestCase', 'class', 'modules/node/node.test', 'node', 0),
('NoFieldsException', 'class', 'includes/database/database.inc', '', 0),
('NoHelpTestCase', 'class', 'modules/help/help.test', 'help', 0),
('NonDefaultBlockAdmin', 'class', 'modules/block/block.test', 'block', -5),
('NumberFieldTestCase', 'class', 'modules/field/modules/number/number.test', 'number', 0),
('OptionsSelectDynamicValuesTestCase', 'class', 'modules/field/modules/options/options.test', 'options', 0),
('OptionsWidgetsTestCase', 'class', 'modules/field/modules/options/options.test', 'options', 0),
('PageEditTestCase', 'class', 'modules/node/node.test', 'node', 0),
('PageNotFoundTestCase', 'class', 'modules/system/system.test', 'system', 0),
('PagePreviewTestCase', 'class', 'modules/node/node.test', 'node', 0),
('PagerDefault', 'class', 'includes/pager.inc', '', 0),
('PageTitleFiltering', 'class', 'modules/system/system.test', 'system', 0),
('PageViewTestCase', 'class', 'modules/node/node.test', 'node', 0),
('PathLanguageTestCase', 'class', 'modules/path/path.test', 'path', 0),
('PathLanguageUITestCase', 'class', 'modules/path/path.test', 'path', 0),
('PathMonolingualTestCase', 'class', 'modules/path/path.test', 'path', 0),
('PathTaxonomyTermTestCase', 'class', 'modules/path/path.test', 'path', 0),
('PathTestCase', 'class', 'modules/path/path.test', 'path', 0),
('Query', 'class', 'includes/database/query.inc', '', 0),
('QueryAlterableInterface', 'interface', 'includes/database/query.inc', '', 0),
('QueryConditionInterface', 'interface', 'includes/database/query.inc', '', 0),
('QueryExtendableInterface', 'interface', 'includes/database/select.inc', '', 0),
('QueryPlaceholderInterface', 'interface', 'includes/database/query.inc', '', 0),
('QueueTestCase', 'class', 'modules/system/system.test', 'system', 0),
('RdfCommentAttributesTestCase', 'class', 'modules/rdf/rdf.test', 'rdf', 0),
('RdfCrudTestCase', 'class', 'modules/rdf/rdf.test', 'rdf', 0),
('RdfGetRdfNamespacesTestCase', 'class', 'modules/rdf/rdf.test', 'rdf', 0),
('RdfMappingDefinitionTestCase', 'class', 'modules/rdf/rdf.test', 'rdf', 0),
('RdfMappingHookTestCase', 'class', 'modules/rdf/rdf.test', 'rdf', 0),
('RdfRdfaMarkupTestCase', 'class', 'modules/rdf/rdf.test', 'rdf', 0),
('RdfTrackerAttributesTestCase', 'class', 'modules/rdf/rdf.test', 'rdf', 0),
('RetrieveFileTestCase', 'class', 'modules/system/system.test', 'system', 0),
('SchemaCache', 'class', 'includes/bootstrap.inc', '', 0),
('SearchAdvancedSearchForm', 'class', 'modules/search/search.test', 'search', 0),
('SearchBlockTestCase', 'class', 'modules/search/search.test', 'search', 0),
('SearchCommentCountToggleTestCase', 'class', 'modules/search/search.test', 'search', 0),
('SearchCommentTestCase', 'class', 'modules/search/search.test', 'search', 0),
('SearchConfigSettingsForm', 'class', 'modules/search/search.test', 'search', 0),
('SearchEmbedForm', 'class', 'modules/search/search.test', 'search', 0),
('SearchExactTestCase', 'class', 'modules/search/search.test', 'search', 0),
('SearchExcerptTestCase', 'class', 'modules/search/search.test', 'search', 0),
('SearchExpressionInsertExtractTestCase', 'class', 'modules/search/search.test', 'search', 0),
('SearchKeywordsConditions', 'class', 'modules/search/search.test', 'search', 0),
('SearchLanguageTestCase', 'class', 'modules/search/search.test', 'search', 0),
('SearchMatchTestCase', 'class', 'modules/search/search.test', 'search', 0),
('SearchNodeAccessTest', 'class', 'modules/search/search.test', 'search', 0),
('SearchNumberMatchingTestCase', 'class', 'modules/search/search.test', 'search', 0),
('SearchNumbersTestCase', 'class', 'modules/search/search.test', 'search', 0),
('SearchPageOverride', 'class', 'modules/search/search.test', 'search', 0),
('SearchPageText', 'class', 'modules/search/search.test', 'search', 0),
('SearchQuery', 'class', 'modules/search/search.extender.inc', 'search', 0),
('SearchRankingTestCase', 'class', 'modules/search/search.test', 'search', 0),
('SearchSimplifyTestCase', 'class', 'modules/search/search.test', 'search', 0),
('SearchTokenizerTestCase', 'class', 'modules/search/search.test', 'search', 0),
('SelectQuery', 'class', 'includes/database/select.inc', '', 0),
('SelectQueryExtender', 'class', 'includes/database/select.inc', '', 0),
('SelectQueryInterface', 'interface', 'includes/database/select.inc', '', 0),
('SelectQuery_pgsql', 'class', 'includes/database/pgsql/select.inc', '', 0),
('SelectQuery_sqlite', 'class', 'includes/database/sqlite/select.inc', '', 0),
('ShortcutLinksTestCase', 'class', 'modules/shortcut/shortcut.test', 'shortcut', 0),
('ShortcutSetsTestCase', 'class', 'modules/shortcut/shortcut.test', 'shortcut', 0),
('ShortcutTestCase', 'class', 'modules/shortcut/shortcut.test', 'shortcut', 0),
('ShutdownFunctionsTest', 'class', 'modules/system/system.test', 'system', 0),
('SiteMaintenanceTestCase', 'class', 'modules/system/system.test', 'system', 0),
('SkipDotsRecursiveDirectoryIterator', 'class', 'includes/filetransfer/filetransfer.inc', '', 0),
('StreamWrapperInterface', 'interface', 'includes/stream_wrappers.inc', '', 0),
('SummaryLengthTestCase', 'class', 'modules/node/node.test', 'node', 0),
('SystemAdminTestCase', 'class', 'modules/system/system.test', 'system', 0),
('SystemAuthorizeCase', 'class', 'modules/system/system.test', 'system', 0),
('SystemBlockTestCase', 'class', 'modules/system/system.test', 'system', 0),
('SystemIndexPhpTest', 'class', 'modules/system/system.test', 'system', 0),
('SystemInfoAlterTestCase', 'class', 'modules/system/system.test', 'system', 0),
('SystemMainContentFallback', 'class', 'modules/system/system.test', 'system', 0),
('SystemQueue', 'class', 'modules/system/system.queue.inc', 'system', 0),
('SystemThemeFunctionalTest', 'class', 'modules/system/system.test', 'system', 0),
('TableSort', 'class', 'includes/tablesort.inc', '', 0),
('TaxonomyEFQTestCase', 'class', 'modules/taxonomy/taxonomy.test', 'taxonomy', 0),
('TaxonomyHooksTestCase', 'class', 'modules/taxonomy/taxonomy.test', 'taxonomy', 0),
('TaxonomyLegacyTestCase', 'class', 'modules/taxonomy/taxonomy.test', 'taxonomy', 0),
('TaxonomyLoadMultipleTestCase', 'class', 'modules/taxonomy/taxonomy.test', 'taxonomy', 0),
('TaxonomyRSSTestCase', 'class', 'modules/taxonomy/taxonomy.test', 'taxonomy', 0),
('TaxonomyTermController', 'class', 'modules/taxonomy/taxonomy.module', 'taxonomy', 0),
('TaxonomyTermFieldMultipleVocabularyTestCase', 'class', 'modules/taxonomy/taxonomy.test', 'taxonomy', 0),
('TaxonomyTermFieldTestCase', 'class', 'modules/taxonomy/taxonomy.test', 'taxonomy', 0),
('TaxonomyTermFunctionTestCase', 'class', 'modules/taxonomy/taxonomy.test', 'taxonomy', 0),
('TaxonomyTermIndexTestCase', 'class', 'modules/taxonomy/taxonomy.test', 'taxonomy', 0),
('TaxonomyTermTestCase', 'class', 'modules/taxonomy/taxonomy.test', 'taxonomy', 0),
('TaxonomyThemeTestCase', 'class', 'modules/taxonomy/taxonomy.test', 'taxonomy', 0),
('TaxonomyTokenReplaceTestCase', 'class', 'modules/taxonomy/taxonomy.test', 'taxonomy', 0),
('TaxonomyVocabularyController', 'class', 'modules/taxonomy/taxonomy.module', 'taxonomy', 0),
('TaxonomyVocabularyFunctionalTest', 'class', 'modules/taxonomy/taxonomy.test', 'taxonomy', 0),
('TaxonomyVocabularyTestCase', 'class', 'modules/taxonomy/taxonomy.test', 'taxonomy', 0),
('TaxonomyWebTestCase', 'class', 'modules/taxonomy/taxonomy.test', 'taxonomy', 0),
('TestingMailSystem', 'class', 'modules/system/system.mail.inc', 'system', 0),
('TextFieldTestCase', 'class', 'modules/field/modules/text/text.test', 'text', 0),
('TextSummaryTestCase', 'class', 'modules/field/modules/text/text.test', 'text', 0),
('TextTranslationTestCase', 'class', 'modules/field/modules/text/text.test', 'text', 0),
('ThemeRegistry', 'class', 'includes/theme.inc', '', 0),
('ThemeUpdater', 'class', 'modules/system/system.updater.inc', 'system', 0),
('TokenReplaceTestCase', 'class', 'modules/system/system.test', 'system', 0),
('TruncateQuery', 'class', 'includes/database/query.inc', '', 0),
('TruncateQuery_mysql', 'class', 'includes/database/mysql/query.inc', '', 0),
('TruncateQuery_sqlite', 'class', 'includes/database/sqlite/query.inc', '', 0),
('UpdateQuery', 'class', 'includes/database/query.inc', '', 0),
('UpdateQuery_pgsql', 'class', 'includes/database/pgsql/query.inc', '', 0),
('UpdateQuery_sqlite', 'class', 'includes/database/sqlite/query.inc', '', 0),
('Updater', 'class', 'includes/updater.inc', '', 0),
('UpdaterException', 'class', 'includes/updater.inc', '', 0),
('UpdaterFileTransferException', 'class', 'includes/updater.inc', '', 0),
('UpdateScriptFunctionalTest', 'class', 'modules/system/system.test', 'system', 0),
('UserAccountLinksUnitTests', 'class', 'modules/user/user.test', 'user', 0),
('UserAdminTestCase', 'class', 'modules/user/user.test', 'user', 0),
('UserAuthmapAssignmentTestCase', 'class', 'modules/user/user.test', 'user', 0),
('UserAutocompleteTestCase', 'class', 'modules/user/user.test', 'user', 0),
('UserBlocksUnitTests', 'class', 'modules/user/user.test', 'user', 0),
('UserCancelTestCase', 'class', 'modules/user/user.test', 'user', 0),
('UserController', 'class', 'modules/user/user.module', 'user', 0),
('UserCreateTestCase', 'class', 'modules/user/user.test', 'user', 0),
('UserEditedOwnAccountTestCase', 'class', 'modules/user/user.test', 'user', 0),
('UserEditTestCase', 'class', 'modules/user/user.test', 'user', 0),
('UserLoginTestCase', 'class', 'modules/user/user.test', 'user', 0),
('UserPasswordResetTestCase', 'class', 'modules/user/user.test', 'user', 0),
('UserPermissionsTestCase', 'class', 'modules/user/user.test', 'user', 0),
('UserPictureTestCase', 'class', 'modules/user/user.test', 'user', 0),
('UserRegistrationTestCase', 'class', 'modules/user/user.test', 'user', 0),
('UserRoleAdminTestCase', 'class', 'modules/user/user.test', 'user', 0),
('UserRolesAssignmentTestCase', 'class', 'modules/user/user.test', 'user', 0),
('UserSaveTestCase', 'class', 'modules/user/user.test', 'user', 0),
('UserSignatureTestCase', 'class', 'modules/user/user.test', 'user', 0),
('UserTimeZoneFunctionalTest', 'class', 'modules/user/user.test', 'user', 0),
('UserTokenReplaceTestCase', 'class', 'modules/user/user.test', 'user', 0),
('UserUserSearchTestCase', 'class', 'modules/user/user.test', 'user', 0),
('UserValidateCurrentPassCustomForm', 'class', 'modules/user/user.test', 'user', 0),
('UserValidationTestCase', 'class', 'modules/user/user.test', 'user', 0);

CREATE TABLE `drup_registry_file` (
  `filename` varchar(255) NOT NULL COMMENT 'Path to the file.',
  `hash` varchar(64) NOT NULL COMMENT 'sha-256 hash of the file’s contents when last parsed.',
  PRIMARY KEY (`filename`)
) TYPE=InnoDB COMMENT='Files parsed to build the registry.';

INSERT INTO `drup_registry_file` VALUES
('includes/actions.inc', 'f36b066681463c7dfe189e0430cb1a89bf66f7e228cbb53cdfcd93987193f759'),
('includes/ajax.inc', '03eadc82eeac4fb6c5a417d0092a99f4c6604ab0495f40c0282e9a68bc50431a'),
('includes/archiver.inc', 'bdbb21b712a62f6b913590b609fd17cd9f3c3b77c0d21f68e71a78427ed2e3e9'),
('includes/authorize.inc', '6d64d8c21aa01eb12fc29918732e4df6b871ed06e5d41373cb95c197ed661d13'),
('includes/batch.inc', '059da9e36e1f3717f27840aae73f10dea7d6c8daf16f6520401cc1ca3b4c0388'),
('includes/batch.queue.inc', '554b2e92e1dad0f7fd5a19cb8dff7e109f10fbe2441a5692d076338ec908de0f'),
('includes/bootstrap.inc', '8902994ff8f9b60af971cc5abb5cb54007ada481ba0202448f6efc348f91008f'),
('includes/cache-install.inc', 'e7ed123c5805703c84ad2cce9c1ca46b3ce8caeeea0d8ef39a3024a4ab95fa0e'),
('includes/cache.inc', '0a70a291f7ce423d1aab4816ef06a6eaf58b454a03a1f419ff309c1147c4765b'),
('includes/common.inc', 'bc10087927d1e9b41d102a90dd9afd21aaa60762396abf12132c38e06f5885d8'),
('includes/database/database.inc', '8caecb405825809b7861df05dcb194046b6a55677f8f334dc66544452d36270b'),
('includes/database/log.inc', '9feb5a17ae2fabcf26a96d2a634ba73da501f7bcfc3599a693d916a6971d00d1'),
('includes/database/mysql/database.inc', 'd4648a3212519b038654457b83466aabc1b928affdd56076c655ba3d8b79a54b'),
('includes/database/mysql/install.inc', '6ae316941f771732fbbabed7e1d6b4cbb41b1f429dd097d04b3345aa15e461a0'),
('includes/database/mysql/query.inc', '7d9ea18a7ff04b7aab6210abbd0313cb53325c19a47ff8ed6c0e591c6e7149c2'),
('includes/database/mysql/schema.inc', 'd8d3904ea9c23a526c2f2a7acc8ba870b31c378aac2eb53e2e41a73c6209c5bd'),
('includes/database/pgsql/database.inc', '56726100fd44f461a04886c590c9c472cc2b2a1b92eb26c7674bf3821a76bb64'),
('includes/database/pgsql/install.inc', '585b80c5bbd6f134bff60d06397f15154657a577d4da8d1b181858905f09dea5'),
('includes/database/pgsql/query.inc', 'cb4c84f8f1ffc73098ed71137248dcd078a505a7530e60d979d74b3a3cdaa658'),
('includes/database/pgsql/schema.inc', '8fd647e4557522283caef63e528c6e403fc0751a46e94aac867a281af85eac27'),
('includes/database/pgsql/select.inc', 'fd4bba7887c1dc6abc8f080fc3a76c01d92ea085434e355dc1ecb50d8743c22d'),
('includes/database/prefetch.inc', 'b5b207a66a69ecb52ee4f4459af16a7b5eabedc87254245f37cc33bebb61c0fb'),
('includes/database/query.inc', '128b5fdb90562d7f7a9e2662ff6f35251b1370ac215298e2c3297c87ebafd961'),
('includes/database/schema.inc', '7eb7251f331109757173353263d1031493c1198ae17a165a6f5a03d3f14f93e7'),
('includes/database/select.inc', '1c74fa55c7721a704f5ef3389032604bf7a60fced15c40d844aee3e1cead7dc6'),
('includes/database/sqlite/database.inc', 'ed2b9981794239cdad2cd04cf4bcdc896ad4d6b66179a4fa487b0d1ec2150a10'),
('includes/database/sqlite/install.inc', '381f3db8c59837d961978ba3097bb6443534ed1659fd713aa563963fa0c42cc5'),
('includes/database/sqlite/query.inc', '523ff7c05aa2b2aca08cad3743b321868ec772856f2b1c7af908bb236c6919ad'),
('includes/database/sqlite/schema.inc', '238414785aa96dd27f10f48c961783f4d1091392beee8d0e7ca8ae774e917da2'),
('includes/database/sqlite/select.inc', '8d1c426dbd337733c206cce9f59a172546c6ed856d8ef3f1c7bef05a16f7bf68'),
('includes/date.inc', '18c047be64f201e16d189f1cc47ed9dcf0a145151b1ee187e90511b24e5d2b36'),
('includes/entity.inc', '93ed9b3f29fb2a75852af3b4cf03ce0edf3e9eddf19e4b82eeba8659d3d5bc78'),
('includes/errors.inc', '0923cf3303e0e976756d159c80c86bbe039109bd90a35a9aca18027c68abd0aa'),
('includes/file.inc', '3c871061ffa6cf44d774122081d546ed0503943ad0b377851d3a73d736084a62'),
('includes/file.mimetypes.inc', 'f88c967550576694b7a1ce2afd0f2f1bbc1a91d21cc2c20f86c44d39ff353867'),
('includes/filetransfer/filetransfer.inc', 'ad42c3696d317f5ebb100c6aca003b8b52b80148ac9553361eab0731d1169592'),
('includes/filetransfer/ftp.inc', '589ebf4b8bd4a2973aa56a156ac1fa83b6c73e703391361fb573167670e0d832'),
('includes/filetransfer/local.inc', '7cbfdb46abbdf539640db27e66fb30e5265128f31002bd0dfc3af16ae01a9492'),
('includes/filetransfer/ssh.inc', '002e24a24cac133d12728bd3843868ce378681237d7fad420761af84e6efe5ad'),
('includes/form.inc', 'ccec80695ca7e2189783bd56863ee69a46e48f786787febbf2ebd15cf9f3deba'),
('includes/graph.inc', '8e0e313a8bb33488f371df11fc1b58d7cf80099b886cd1003871e2c896d1b536'),
('includes/image.inc', 'ea529f15dc0ac27dbd466ee8a38a9e3eb254c9388dc5a3df5d2033aa9f122e06'),
('includes/install.core.inc', '279ac33cbeba9b5e1e8b0999fc6cd37e10f559bcb9ad8c135aef09a1b2837b64'),
('includes/install.inc', 'b58dc8ba85d84b39196c1c20b57b45ec88ca62040595a34ccd1e72862a3a6363'),
('includes/iso.inc', '27730e6175b79c3b5d494582a124f6210289faa03bef099e16347bb914464c66'),
('includes/json-encode.inc', '02a822a652d00151f79db9aa9e171c310b69b93a12f549bc2ce00533a8efa14e'),
('includes/language.inc', 'bbb04c7f467d9419ed288fee8a2d092a507c553ee9824740091ca041c8159772'),
('includes/locale.inc', '8cc571c114587f2b30e4e24db17e97e51e81f9cc395fa01f348aba12cee8523e'),
('includes/lock.inc', 'daa62e95528f6b986b85680b600a896452bf2ce6f38921242857dcc5a3460a1b'),
('includes/mail.inc', '1c2f3e2cd0272751d1628b1e998472296164138b6ba054bb02103c416b96d4e9'),
('includes/menu.inc', 'e7d91cd217fce42d7fde220174b212e73acb2b1f4941255d007687a1adfc281b'),
('includes/module.inc', '17e8e3664d69ac4951908144ab119e772d0c67658de51db33a4fc4c6210f056f'),
('includes/pager.inc', '6f9494b85c07a2cc3be4e54aff2d2757485238c476a7da084d25bde1d88be6d8'),
('includes/password.inc', '5e4f00a25eb65f8e4ffdcc82a251ac8e76f733d5afbd88603a424808aed43b02'),
('includes/path.inc', '1d939d6b59b07ef41e71c9d616c2e9a34712dd81f6110e1a1f280613b3228738'),
('includes/registry.inc', '4ffb8c9c8c179c1417ff01790f339edf50b5f7cc0c8bb976eef6858cc71e9bc8'),
('includes/session.inc', '7e309e8fb83649bcd838490f50dee04d8440f8771601558095a976f29efb0c30'),
('includes/stream_wrappers.inc', 'b04e31585a9a397b0edf7b3586050cbd4b1f631e283296e1c93f4356662faeb9'),
('includes/tablesort.inc', '3f3cb2820920f7edc0c3d046ffba4fc4e3b73a699a2492780371141cf501aa50'),
('includes/theme.inc', 'afc1cc778c7b82fd2a842397094467625559a671d06754993a23eef10216896b'),
('includes/theme.maintenance.inc', 'd110314b4d943c3e965fcefe452f6873b53cd6a8844154467dfcbb2b6142dc82'),
('includes/token.inc', 'a975300558711bb49406a5c7f78294648baa2e5c912cb66f0c78bb2991c0f3c3'),
('includes/unicode.entities.inc', '2b858138596d961fbaa4c6e3986e409921df7f76b6ee1b109c4af5970f1e0f54'),
('includes/unicode.inc', '465d9c1e8e57a525c304cb0c62dac8bb20c2caf011d2e93bcff607b10d4280a9'),
('includes/update.inc', 'fceffc2a28bdf089ef2374e562d52cddfb1cf2eea6ba9d692f78fb65ebed4bc1'),
('includes/updater.inc', 'd2da0e74ed86e93c209f16069f3d32e1a134ceb6c06a0044f78e841a1b54e380'),
('includes/utility.inc', '9b834814fd3f5ef10ce1946be30ef1ddf3f283c749f1ef1a4ebf845ecd524d59'),
('includes/xmlrpc.inc', 'c5b6ea78adeb135373d11aeaaea057d9fa8995faa4e8c0fec9b7c647f15cc4e0'),
('includes/xmlrpcs.inc', '79dc6e9882f4c506123d7dd8e228a61e22c46979c3aab21a5b1afa315ef6639c'),
('modules/block/block.test', '7aefd627d62b44f9c1e9ee3aa9da6c6e2a7cfce01c6613e8bd24c0b9c464dd73'),
('modules/color/color.test', '013806279bd47ceb2f82ca854b57f880ba21058f7a2592c422afae881a7f5d15'),
('modules/comment/comment.module', '594bab37ef1f4d0b0f9a54c7a0f620698fa595bc6b61c8e62635f6dda70fe672'),
('modules/comment/comment.test', '5404277c15b1306a1ad5eca6703f7d2003567fea6085ffd2b1c3d65896acdf21'),
('modules/contextual/contextual.test', '023dafa199bd325ecc55a17b2a3db46ac0a31e23059f701f789f3bc42427ba0b'),
('modules/dashboard/dashboard.test', '270378b5c8ed0e7d0e00fbc62e617813c6dec1d79396229786942bf9fb738e16'),
('modules/dblog/dblog.test', '74b2ec1fd67c39edcc30d2460d9c9752311a1fc44c82836a22abff97a704604b'),
('modules/field/field.attach.inc', 'd1d0d7e63ccbe1e184bd137adfd0b17434f7a85ff97c579155bb88130fc1f3c5'),
('modules/field/field.module', '8cdfc5afe890564d7fc9f0cf3ae9a24f13396ae9f42da96b06a2c85290946bbd'),
('modules/field/modules/field_sql_storage/field_sql_storage.test', '8ede9843d771e307dfd3d7e7562976b07e0e0a9310a5cf409413581f199c897f'),
('modules/field/modules/list/tests/list.test', '9f366469763beb3fe0571d66318bac6df293fd15f4eb5cfe4850b9fb9a509f38'),
('modules/field/modules/number/number.test', 'cb55fbc3a1ceed154af673af727b4c5ee6ac2e7dc9d4e1cbc33f3f8e2269146c'),
('modules/field/modules/options/options.test', '8c6dd464fdb5cca90b0260bcfa5f56941b4b28edd879b23a795f0442f5368d4c'),
('modules/field/modules/text/text.test', '9d74c6d039f55dd7d6447a59186da8d48bf20617bfe58424612798f649797586'),
('modules/field/tests/field.test', '83b24244179ffb630f792bbc687907cba6ca480de731520cae8675c6cf1067fc'),
('modules/field_ui/field_ui.test', 'ca549daa46206221863098c6ee5da53a4c647a3016ee5903687804224a44dc9d'),
('modules/file/tests/file.test', '802532f0032f1740592379d7bd9c93f8c453f68b93f11bf0143bd5de648659c8'),
('modules/filter/filter.test', 'f439e0d529cae5089990c7f0c5059ece953ae14c56e8a753d6375acf0f873560'),
('modules/help/help.test', 'c6f03ece30548a6a345afcfac920d85afc418596a19dc4cf43f994391c5050d9'),
('modules/image/image.test', '4c801a6ddecd97b3c2c5fbe308cce367279431a04b812b493b5a32de9eb85406'),
('modules/locale/locale.test', 'aecf163a517fa4cea54f1d9ed4115f55fdc39221fd9a9aef09140775478e8b67'),
('modules/menu/menu.test', 'b8ee602184584fab464900a946090dc1f3d81c15b8176004ee62022814632430'),
('modules/node/node.module', '879ce1cc1800b36f0127b283ea4c2366c31f3954a8b24eb89451dccc16ba0ebd'),
('modules/node/node.test', '993e86ff2fc8dec1e2fae7b3b66cb9c220f130f2d3cf4f9c24c9fe3ba28379ae'),
('modules/path/path.test', 'c05b26db575e93a73f2e4c8eaa6091b4fe8fc805f59620c2f7e1276cc206ba9d'),
('modules/rdf/rdf.test', 'de1fae2117cc338b25d3405412f93b056c7ab62af06af250742a69feb9bd74b8'),
('modules/search/search.extender.inc', 'fea036745113dca3fea52ba956af605c4789f4acfa2ab1650a5843c6e173d7fe'),
('modules/search/search.test', '1fe9dfc982953f42f67d7eee9a855e7248373067ba55cfff001d8a750b83e695'),
('modules/shortcut/shortcut.test', '9d0f81602c9a58b60ad3ae4b996e5a431016014151540769e9594711232575e4'),
('modules/system/system.archiver.inc', 'faa849f3e646a910ab82fd6c8bbf0a4e6b8c60725d7ba81ec0556bd716616cd1'),
('modules/system/system.mail.inc', '3c2c06b55bded609e72add89db41af3bb405d42b9553793acba5fe51be8861d8'),
('modules/system/system.queue.inc', 'caf4feda51bdf7ad62cf782bc23274d367154e51897f2732f07bd06982d85ab1'),
('modules/system/system.tar.inc', '8a31d91f7b3cd7eac25b3fa46e1ed9a8527c39718ba76c3f8c0bbbeaa3aa4086'),
('modules/system/system.test', 'ca539539bea3d2c070552f79dbae279e2872ba9d48af386c89ab6c1fc95488da'),
('modules/system/system.updater.inc', 'e2eeed65b833a6215f807b113f6fb4cc3cc487e93efcb1402ed87c536d2c9ea6'),
('modules/taxonomy/taxonomy.module', '389f4e8e040e99c02b4795983e7b44ffb00e766d2a4b3fa06aca98621073f6b2'),
('modules/taxonomy/taxonomy.test', 'c986487a1ffb9cd75b4ce607494055ddf5a9a82b40f7d7a98175c145a7a17a8c'),
('modules/user/user.module', '1317214f56eb99e83da2b09bf01ae557e06f23a8dd7973d3382c539c0456b59a'),
('modules/user/user.test', '7e6168e8f75a523af6f86c7b75240d30b360aeb753208d64c2db96de992fcd62');

CREATE TABLE `drup_role` (
  `rid` int(10) unsigned NOT NULL AUTO_INCREMENT COMMENT 'Primary Key: Unique role ID.',
  `name` varchar(64) NOT NULL DEFAULT '' COMMENT 'Unique role name.',
  `weight` int(11) NOT NULL DEFAULT '0' COMMENT 'The weight of this role in listings and the user interface.',
  PRIMARY KEY (`rid`),
  UNIQUE KEY `name` (`name`),
  KEY `name_weight` (`name`,`weight`)
) TYPE=InnoDB  COMMENT='Stores user roles.';

INSERT INTO `drup_role` VALUES
(3, 'administrator', 2),
(1, 'anonymous user', 0),
(2, 'authenticated user', 1);



INSERT INTO `drup_role_permission` VALUES
(1, 'access comments', 'comment'),
(1, 'access content', 'node'),
(1, 'use text format filtered_html', 'filter'),
(2, 'access comments', 'comment'),
(2, 'access content', 'node'),
(2, 'post comments', 'comment'),
(2, 'skip comment approval', 'comment'),
(2, 'use text format filtered_html', 'filter'),
(3, 'access administration pages', 'system'),
(3, 'access comments', 'comment'),
(3, 'access content', 'node'),
(3, 'access content overview', 'node'),
(3, 'access contextual links', 'contextual'),
(3, 'access dashboard', 'dashboard'),
(3, 'access overlay', 'overlay'),
(3, 'access site in maintenance mode', 'system'),
(3, 'access site reports', 'system'),
(3, 'access toolbar', 'toolbar'),
(3, 'access user profiles', 'user'),
(3, 'administer actions', 'system'),
(3, 'administer blocks', 'block'),
(3, 'administer comments', 'comment'),
(3, 'administer content types', 'node'),
(3, 'administer filters', 'filter'),
(3, 'administer image styles', 'image'),
(3, 'administer languages', 'locale'),
(3, 'administer menu', 'menu'),
(3, 'administer modules', 'system'),
(3, 'administer nodes', 'node'),
(3, 'administer permissions', 'user'),
(3, 'administer search', 'search'),
(3, 'administer shortcuts', 'shortcut'),
(3, 'administer site configuration', 'system'),
(3, 'administer software updates', 'system'),
(3, 'administer taxonomy', 'taxonomy'),
(3, 'administer themes', 'system'),
(3, 'administer url aliases', 'path'),
(3, 'administer users', 'user'),
(3, 'block IP addresses', 'system'),
(3, 'bypass node access', 'node'),
(3, 'cancel account', 'user'),
(3, 'change own username', 'user'),
(3, 'create article content', 'node'),
(3, 'create page content', 'node'),
(3, 'create url aliases', 'path'),
(3, 'customize shortcut links', 'shortcut'),
(3, 'delete any article content', 'node'),
(3, 'delete any page content', 'node'),
(3, 'delete own article content', 'node'),
(3, 'delete own page content', 'node'),
(3, 'delete revisions', 'node'),
(3, 'delete terms in 1', 'taxonomy'),
(3, 'edit any article content', 'node'),
(3, 'edit any page content', 'node'),
(3, 'edit own article content', 'node'),
(3, 'edit own comments', 'comment'),
(3, 'edit own page content', 'node'),
(3, 'edit terms in 1', 'taxonomy'),
(3, 'post comments', 'comment'),
(3, 'revert revisions', 'node'),
(3, 'search content', 'search'),
(3, 'select account cancellation method', 'user'),
(3, 'skip comment approval', 'comment'),
(3, 'switch shortcut sets', 'shortcut'),
(3, 'translate interface', 'locale'),
(3, 'use advanced search', 'search'),
(3, 'use text format filtered_html', 'filter'),
(3, 'use text format full_html', 'filter'),
(3, 'view own unpublished content', 'node'),
(3, 'view revisions', 'node'),
(3, 'view the administration theme', 'system');

CREATE TABLE `drup_search_dataset` (
  `sid` int(10) unsigned NOT NULL DEFAULT '0' COMMENT 'Search item ID, e.g. node ID for nodes.',
  `type` varchar(16) NOT NULL COMMENT 'Type of item, e.g. node.',
  `data` longtext NOT NULL COMMENT 'List of space-separated words from the item.',
  `reindex` int(10) unsigned NOT NULL DEFAULT '0' COMMENT 'Set to force node reindexing.',
  PRIMARY KEY (`sid`,`type`)
) TYPE=InnoDB COMMENT='Stores items that will be searched.';

CREATE TABLE `drup_search_index` (
  `word` varchar(50) NOT NULL DEFAULT '' COMMENT 'The aVc3_search_total.word that is associated with the search item.',
  `sid` int(10) unsigned NOT NULL DEFAULT '0' COMMENT 'The aVc3_search_dataset.sid of the searchable item to which the word belongs.',
  `type` varchar(16) NOT NULL COMMENT 'The aVc3_search_dataset.type of the searchable item to which the word belongs.',
  `score` float DEFAULT NULL COMMENT 'The numeric score of the word, higher being more important.',
  PRIMARY KEY (`word`,`sid`,`type`),
  KEY `sid_type` (`sid`,`type`)
) TYPE=InnoDB COMMENT='Stores the search index, associating words, items and...';

CREATE TABLE `drup_search_node_links` (
  `sid` int(10) unsigned NOT NULL DEFAULT '0' COMMENT 'The aVc3_search_dataset.sid of the searchable item containing the link to the node.',
  `type` varchar(16) NOT NULL DEFAULT '' COMMENT 'The aVc3_search_dataset.type of the searchable item containing the link to the node.',
  `nid` int(10) unsigned NOT NULL DEFAULT '0' COMMENT 'The aVc3_node.nid that this item links to.',
  `caption` longtext COMMENT 'The text used to link to the aVc3_node.nid.',
  PRIMARY KEY (`sid`,`type`,`nid`),
  KEY `nid` (`nid`)
) TYPE=InnoDB COMMENT='Stores items (like nodes) that link to other nodes, used...';

CREATE TABLE `drup_search_total` (
  `word` varchar(50) NOT NULL DEFAULT '' COMMENT 'Primary Key: Unique word in the search index.',
  `count` float DEFAULT NULL COMMENT 'The count of the word in the index using Zipf’s law to equalize the probability distribution.',
  PRIMARY KEY (`word`)
) TYPE=InnoDB COMMENT='Stores search totals for words.';

CREATE TABLE `drup_semaphore` (
  `name` varchar(255) NOT NULL DEFAULT '' COMMENT 'Primary Key: Unique name.',
  `value` varchar(255) NOT NULL DEFAULT '' COMMENT 'A value for the semaphore.',
  `expire` double NOT NULL COMMENT 'A Unix timestamp with microseconds indicating when the semaphore should expire.',
  PRIMARY KEY (`name`),
  KEY `value` (`value`),
  KEY `expire` (`expire`)
) TYPE=InnoDB COMMENT='Table for holding semaphores, locks, flags, etc. that...';

CREATE TABLE `drup_sequences` (
  `value` int(10) unsigned NOT NULL AUTO_INCREMENT COMMENT 'The value of the sequence.',
  PRIMARY KEY (`value`)
) TYPE=InnoDB  COMMENT='Stores IDs.';

INSERT INTO `drup_sequences` VALUES
(11);

CREATE TABLE `drup_sessions` (
  `uid` int(10) unsigned NOT NULL COMMENT 'The aVc3_users.uid corresponding to a session, or 0 for anonymous user.',
  `sid` varchar(128) NOT NULL COMMENT 'A session ID. The value is generated by Drupal’s session handlers.',
  `ssid` varchar(128) NOT NULL DEFAULT '' COMMENT 'Secure session ID. The value is generated by Drupal’s session handlers.',
  `hostname` varchar(128) NOT NULL DEFAULT '' COMMENT 'The IP address that last used this session ID (sid).',
  `timestamp` int(11) NOT NULL DEFAULT '0' COMMENT 'The Unix timestamp when this session last requested a page. Old records are purged by PHP automatically.',
  `cache` int(11) NOT NULL DEFAULT '0' COMMENT 'The time of this user’s last post. This is used when the site has specified a minimum_cache_lifetime. See cache_get().',
  `session` longblob COMMENT 'The serialized contents of $_SESSION, an array of name/value pairs that persists across page requests by this session ID. Drupal loads $_SESSION from here at the start of each request and saves it at the end.',
  PRIMARY KEY (`sid`,`ssid`),
  KEY `timestamp` (`timestamp`),
  KEY `uid` (`uid`),
  KEY `ssid` (`ssid`)
) TYPE=InnoDB COMMENT='Drupal’s session handlers read and write into the...';

INSERT INTO `drup_sessions` VALUES
(1, 'SvvJ8qo_JUjhjPj1zRnBwz_5SNIW0_BKT_wtOzB8LWY', '', '174.60.87.127', 1352359907, 0, 0x626174636865737c613a313a7b693a31313b623a313b7d757064617465735f72656d61696e696e677c613a303a7b7d);

CREATE TABLE `drup_shortcut_set` (
  `set_name` varchar(32) NOT NULL DEFAULT '' COMMENT 'Primary Key: The aVc3_menu_links.menu_name under which the set’s links are stored.',
  `title` varchar(255) NOT NULL DEFAULT '' COMMENT 'The title of the set.',
  PRIMARY KEY (`set_name`)
) TYPE=InnoDB COMMENT='Stores information about sets of shortcuts links.';

INSERT INTO `drup_shortcut_set` VALUES
('shortcut-set-1', 'Default');

CREATE TABLE `drup_shortcut_set_users` (
  `uid` int(10) unsigned NOT NULL DEFAULT '0' COMMENT 'The aVc3_users.uid for this set.',
  `set_name` varchar(32) NOT NULL DEFAULT '' COMMENT 'The aVc3_shortcut_set.set_name that will be displayed for this user.',
  PRIMARY KEY (`uid`),
  KEY `set_name` (`set_name`)
) TYPE=InnoDB COMMENT='Maps users to shortcut sets.';

CREATE TABLE `drup_system` (
  `filename` varchar(255) NOT NULL DEFAULT '' COMMENT 'The path of the primary file for this item, relative to the Drupal root; e.g. modules/node/node.module.',
  `name` varchar(255) NOT NULL DEFAULT '' COMMENT 'The name of the item; e.g. node.',
  `type` varchar(12) NOT NULL DEFAULT '' COMMENT 'The type of the item, either module, theme, theme_engine, or profile.',
  `owner` varchar(255) NOT NULL DEFAULT '' COMMENT 'A theme’s ’parent’ . Can be either a theme or an engine.',
  `status` int(11) NOT NULL DEFAULT '0' COMMENT 'Boolean indicating whether or not this item is enabled.',
  `bootstrap` int(11) NOT NULL DEFAULT '0' COMMENT 'Boolean indicating whether this module is loaded during Drupal’s early bootstrapping phase (e.g. even before the page cache is consulted).',
  `schema_version` smallint(6) NOT NULL DEFAULT '-1' COMMENT 'The module’s database schema version number. -1 if the module is not installed (its tables do not exist); 0 or the largest N of the module’s hook_update_N() function that has either been run or existed when the module was first installed.',
  `weight` int(11) NOT NULL DEFAULT '0' COMMENT 'The order in which this module’s hooks should be invoked relative to other modules. Equal-weighted modules are ordered by name.',
  `info` blob COMMENT 'A serialized array containing information from the module’s .info file; keys can include name, description, package, version, core, dependencies, and php.',
  PRIMARY KEY (`filename`),
  KEY `system_list` (`status`,`bootstrap`,`type`,`weight`,`name`),
  KEY `type_name` (`type`,`name`)
) TYPE=InnoDB COMMENT='A list of all modules, themes, and theme engines that are...';

INSERT INTO `drup_system` VALUES
('modules/aggregator/aggregator.module', 'aggregator', 'module', '', 0, 0, -1, 0, 0x613a31333a7b733a343a226e616d65223b733a31303a2241676772656761746f72223b733a31313a226465736372697074696f6e223b733a35373a22416767726567617465732073796e6469636174656420636f6e74656e7420285253532c205244462c20616e642041746f6d206665656473292e223b733a373a227061636b616765223b733a343a22436f7265223b733a373a2276657273696f6e223b733a343a22372e3137223b733a343a22636f7265223b733a333a22372e78223b733a353a2266696c6573223b613a313a7b693a303b733a31353a2261676772656761746f722e74657374223b7d733a393a22636f6e666967757265223b733a34313a2261646d696e2f636f6e6669672f73657276696365732f61676772656761746f722f73657474696e6773223b733a31313a227374796c65736865657473223b613a313a7b733a333a22616c6c223b613a313a7b733a31343a2261676772656761746f722e637373223b733a33333a226d6f64756c65732f61676772656761746f722f61676772656761746f722e637373223b7d7d733a373a2270726f6a656374223b733a363a2264727570616c223b733a393a22646174657374616d70223b733a31303a2231333532333235333537223b733a31323a22646570656e64656e63696573223b613a303a7b7d733a333a22706870223b733a353a22352e322e34223b733a393a22626f6f747374726170223b693a303b7d),
('modules/aggregator/tests/aggregator_test.module', 'aggregator_test', 'module', '', 0, 0, -1, 0, 0x613a31323a7b733a343a226e616d65223b733a32333a2241676772656761746f72206d6f64756c65207465737473223b733a31313a226465736372697074696f6e223b733a34363a22537570706f7274206d6f64756c6520666f722061676772656761746f722072656c617465642074657374696e672e223b733a373a227061636b616765223b733a373a2254657374696e67223b733a373a2276657273696f6e223b733a343a22372e3137223b733a343a22636f7265223b733a333a22372e78223b733a363a2268696464656e223b623a313b733a373a2270726f6a656374223b733a363a2264727570616c223b733a393a22646174657374616d70223b733a31303a2231333532333235333537223b733a31323a22646570656e64656e63696573223b613a303a7b7d733a333a22706870223b733a353a22352e322e34223b733a353a2266696c6573223b613a303a7b7d733a393a22626f6f747374726170223b693a303b7d),
('modules/block/block.module', 'block', 'module', '', 1, 0, 7008, -5, 0x613a31323a7b733a343a226e616d65223b733a353a22426c6f636b223b733a31313a226465736372697074696f6e223b733a3134303a22436f6e74726f6c73207468652076697375616c206275696c64696e6720626c6f636b732061207061676520697320636f6e737472756374656420776974682e20426c6f636b732061726520626f786573206f6620636f6e74656e742072656e646572656420696e746f20616e20617265612c206f7220726567696f6e2c206f6620612077656220706167652e223b733a373a227061636b616765223b733a343a22436f7265223b733a373a2276657273696f6e223b733a343a22372e3137223b733a343a22636f7265223b733a333a22372e78223b733a353a2266696c6573223b613a313a7b693a303b733a31303a22626c6f636b2e74657374223b7d733a393a22636f6e666967757265223b733a32313a2261646d696e2f7374727563747572652f626c6f636b223b733a373a2270726f6a656374223b733a363a2264727570616c223b733a393a22646174657374616d70223b733a31303a2231333532333235333537223b733a31323a22646570656e64656e63696573223b613a303a7b7d733a333a22706870223b733a353a22352e322e34223b733a393a22626f6f747374726170223b693a303b7d),
('modules/block/tests/block_test.module', 'block_test', 'module', '', 0, 0, -1, 0, 0x613a31323a7b733a343a226e616d65223b733a31303a22426c6f636b2074657374223b733a31313a226465736372697074696f6e223b733a32313a2250726f7669646573207465737420626c6f636b732e223b733a373a227061636b616765223b733a373a2254657374696e67223b733a373a2276657273696f6e223b733a343a22372e3137223b733a343a22636f7265223b733a333a22372e78223b733a363a2268696464656e223b623a313b733a373a2270726f6a656374223b733a363a2264727570616c223b733a393a22646174657374616d70223b733a31303a2231333532333235333537223b733a31323a22646570656e64656e63696573223b613a303a7b7d733a333a22706870223b733a353a22352e322e34223b733a353a2266696c6573223b613a303a7b7d733a393a22626f6f747374726170223b693a303b7d),
('modules/blog/blog.module', 'blog', 'module', '', 0, 0, -1, 0, 0x613a31313a7b733a343a226e616d65223b733a343a22426c6f67223b733a31313a226465736372697074696f6e223b733a32353a22456e61626c6573206d756c74692d7573657220626c6f67732e223b733a373a227061636b616765223b733a343a22436f7265223b733a373a2276657273696f6e223b733a343a22372e3137223b733a343a22636f7265223b733a333a22372e78223b733a353a2266696c6573223b613a313a7b693a303b733a393a22626c6f672e74657374223b7d733a373a2270726f6a656374223b733a363a2264727570616c223b733a393a22646174657374616d70223b733a31303a2231333532333235333537223b733a31323a22646570656e64656e63696573223b613a303a7b7d733a333a22706870223b733a353a22352e322e34223b733a393a22626f6f747374726170223b693a303b7d),
('modules/book/book.module', 'book', 'module', '', 0, 0, -1, 0, 0x613a31333a7b733a343a226e616d65223b733a343a22426f6f6b223b733a31313a226465736372697074696f6e223b733a36363a22416c6c6f777320757365727320746f2063726561746520616e64206f7267616e697a652072656c6174656420636f6e74656e7420696e20616e206f75746c696e652e223b733a373a227061636b616765223b733a343a22436f7265223b733a373a2276657273696f6e223b733a343a22372e3137223b733a343a22636f7265223b733a333a22372e78223b733a353a2266696c6573223b613a313a7b693a303b733a393a22626f6f6b2e74657374223b7d733a393a22636f6e666967757265223b733a32373a2261646d696e2f636f6e74656e742f626f6f6b2f73657474696e6773223b733a31313a227374796c65736865657473223b613a313a7b733a333a22616c6c223b613a313a7b733a383a22626f6f6b2e637373223b733a32313a226d6f64756c65732f626f6f6b2f626f6f6b2e637373223b7d7d733a373a2270726f6a656374223b733a363a2264727570616c223b733a393a22646174657374616d70223b733a31303a2231333532333235333537223b733a31323a22646570656e64656e63696573223b613a303a7b7d733a333a22706870223b733a353a22352e322e34223b733a393a22626f6f747374726170223b693a303b7d),
('modules/color/color.module', 'color', 'module', '', 1, 0, 7001, 0, 0x613a31313a7b733a343a226e616d65223b733a353a22436f6c6f72223b733a31313a226465736372697074696f6e223b733a37303a22416c6c6f77732061646d696e6973747261746f727320746f206368616e67652074686520636f6c6f7220736368656d65206f6620636f6d70617469626c65207468656d65732e223b733a373a227061636b616765223b733a343a22436f7265223b733a373a2276657273696f6e223b733a343a22372e3137223b733a343a22636f7265223b733a333a22372e78223b733a353a2266696c6573223b613a313a7b693a303b733a31303a22636f6c6f722e74657374223b7d733a373a2270726f6a656374223b733a363a2264727570616c223b733a393a22646174657374616d70223b733a31303a2231333532333235333537223b733a31323a22646570656e64656e63696573223b613a303a7b7d733a333a22706870223b733a353a22352e322e34223b733a393a22626f6f747374726170223b693a303b7d),
('modules/comment/comment.module', 'comment', 'module', '', 1, 0, 7009, 0, 0x613a31333a7b733a343a226e616d65223b733a373a22436f6d6d656e74223b733a31313a226465736372697074696f6e223b733a35373a22416c6c6f777320757365727320746f20636f6d6d656e74206f6e20616e642064697363757373207075626c697368656420636f6e74656e742e223b733a373a227061636b616765223b733a343a22436f7265223b733a373a2276657273696f6e223b733a343a22372e3137223b733a343a22636f7265223b733a333a22372e78223b733a31323a22646570656e64656e63696573223b613a313a7b693a303b733a343a2274657874223b7d733a353a2266696c6573223b613a323a7b693a303b733a31343a22636f6d6d656e742e6d6f64756c65223b693a313b733a31323a22636f6d6d656e742e74657374223b7d733a393a22636f6e666967757265223b733a32313a2261646d696e2f636f6e74656e742f636f6d6d656e74223b733a31313a227374796c65736865657473223b613a313a7b733a333a22616c6c223b613a313a7b733a31313a22636f6d6d656e742e637373223b733a32373a226d6f64756c65732f636f6d6d656e742f636f6d6d656e742e637373223b7d7d733a373a2270726f6a656374223b733a363a2264727570616c223b733a393a22646174657374616d70223b733a31303a2231333532333235333537223b733a333a22706870223b733a353a22352e322e34223b733a393a22626f6f747374726170223b693a303b7d),
('modules/contact/contact.module', 'contact', 'module', '', 0, 0, -1, 0, 0x613a31323a7b733a343a226e616d65223b733a373a22436f6e74616374223b733a31313a226465736372697074696f6e223b733a36313a22456e61626c65732074686520757365206f6620626f746820706572736f6e616c20616e6420736974652d7769646520636f6e7461637420666f726d732e223b733a373a227061636b616765223b733a343a22436f7265223b733a373a2276657273696f6e223b733a343a22372e3137223b733a343a22636f7265223b733a333a22372e78223b733a353a2266696c6573223b613a313a7b693a303b733a31323a22636f6e746163742e74657374223b7d733a393a22636f6e666967757265223b733a32333a2261646d696e2f7374727563747572652f636f6e74616374223b733a373a2270726f6a656374223b733a363a2264727570616c223b733a393a22646174657374616d70223b733a31303a2231333532333235333537223b733a31323a22646570656e64656e63696573223b613a303a7b7d733a333a22706870223b733a353a22352e322e34223b733a393a22626f6f747374726170223b693a303b7d),
('modules/contextual/contextual.module', 'contextual', 'module', '', 1, 0, 0, 0, 0x613a31313a7b733a343a226e616d65223b733a31363a22436f6e7465787475616c206c696e6b73223b733a31313a226465736372697074696f6e223b733a37353a2250726f766964657320636f6e7465787475616c206c696e6b7320746f20706572666f726d20616374696f6e732072656c6174656420746f20656c656d656e7473206f6e206120706167652e223b733a373a227061636b616765223b733a343a22436f7265223b733a373a2276657273696f6e223b733a343a22372e3137223b733a343a22636f7265223b733a333a22372e78223b733a353a2266696c6573223b613a313a7b693a303b733a31353a22636f6e7465787475616c2e74657374223b7d733a373a2270726f6a656374223b733a363a2264727570616c223b733a393a22646174657374616d70223b733a31303a2231333532333235333537223b733a31323a22646570656e64656e63696573223b613a303a7b7d733a333a22706870223b733a353a22352e322e34223b733a393a22626f6f747374726170223b693a303b7d),
('modules/dashboard/dashboard.module', 'dashboard', 'module', '', 1, 0, 0, 0, 0x613a31323a7b733a343a226e616d65223b733a393a2244617368626f617264223b733a31313a226465736372697074696f6e223b733a3133363a2250726f766964657320612064617368626f617264207061676520696e207468652061646d696e69737472617469766520696e7465726661636520666f72206f7267616e697a696e672061646d696e697374726174697665207461736b7320616e6420747261636b696e6720696e666f726d6174696f6e2077697468696e20796f757220736974652e223b733a343a22636f7265223b733a333a22372e78223b733a373a227061636b616765223b733a343a22436f7265223b733a373a2276657273696f6e223b733a343a22372e3137223b733a353a2266696c6573223b613a313a7b693a303b733a31343a2264617368626f6172642e74657374223b7d733a31323a22646570656e64656e63696573223b613a313a7b693a303b733a353a22626c6f636b223b7d733a393a22636f6e666967757265223b733a32353a2261646d696e2f64617368626f6172642f637573746f6d697a65223b733a373a2270726f6a656374223b733a363a2264727570616c223b733a393a22646174657374616d70223b733a31303a2231333532333235333537223b733a333a22706870223b733a353a22352e322e34223b733a393a22626f6f747374726170223b693a303b7d),
('modules/dblog/dblog.module', 'dblog', 'module', '', 1, 1, 7001, 0, 0x613a31313a7b733a343a226e616d65223b733a31363a224461746162617365206c6f6767696e67223b733a31313a226465736372697074696f6e223b733a34373a224c6f677320616e64207265636f7264732073797374656d206576656e747320746f207468652064617461626173652e223b733a373a227061636b616765223b733a343a22436f7265223b733a373a2276657273696f6e223b733a343a22372e3137223b733a343a22636f7265223b733a333a22372e78223b733a353a2266696c6573223b613a313a7b693a303b733a31303a2264626c6f672e74657374223b7d733a373a2270726f6a656374223b733a363a2264727570616c223b733a393a22646174657374616d70223b733a31303a2231333532333235333537223b733a31323a22646570656e64656e63696573223b613a303a7b7d733a333a22706870223b733a353a22352e322e34223b733a393a22626f6f747374726170223b693a303b7d),
('modules/field/field.module', 'field', 'module', '', 1, 0, 7002, 0, 0x613a31333a7b733a343a226e616d65223b733a353a224669656c64223b733a31313a226465736372697074696f6e223b733a35373a224669656c642041504920746f20616464206669656c647320746f20656e746974696573206c696b65206e6f64657320616e642075736572732e223b733a373a227061636b616765223b733a343a22436f7265223b733a373a2276657273696f6e223b733a343a22372e3137223b733a343a22636f7265223b733a333a22372e78223b733a353a2266696c6573223b613a333a7b693a303b733a31323a226669656c642e6d6f64756c65223b693a313b733a31363a226669656c642e6174746163682e696e63223b693a323b733a31363a2274657374732f6669656c642e74657374223b7d733a31323a22646570656e64656e63696573223b613a313a7b693a303b733a31373a226669656c645f73716c5f73746f72616765223b7d733a383a227265717569726564223b623a313b733a31313a227374796c65736865657473223b613a313a7b733a333a22616c6c223b613a313a7b733a31353a227468656d652f6669656c642e637373223b733a32393a226d6f64756c65732f6669656c642f7468656d652f6669656c642e637373223b7d7d733a373a2270726f6a656374223b733a363a2264727570616c223b733a393a22646174657374616d70223b733a31303a2231333532333235333537223b733a333a22706870223b733a353a22352e322e34223b733a393a22626f6f747374726170223b693a303b7d),
('modules/field/modules/field_sql_storage/field_sql_storage.module', 'field_sql_storage', 'module', '', 1, 0, 7002, 0, 0x613a31323a7b733a343a226e616d65223b733a31373a224669656c642053514c2073746f72616765223b733a31313a226465736372697074696f6e223b733a33373a2253746f726573206669656c64206461746120696e20616e2053514c2064617461626173652e223b733a373a227061636b616765223b733a343a22436f7265223b733a373a2276657273696f6e223b733a343a22372e3137223b733a343a22636f7265223b733a333a22372e78223b733a31323a22646570656e64656e63696573223b613a313a7b693a303b733a353a226669656c64223b7d733a353a2266696c6573223b613a313a7b693a303b733a32323a226669656c645f73716c5f73746f726167652e74657374223b7d733a383a227265717569726564223b623a313b733a373a2270726f6a656374223b733a363a2264727570616c223b733a393a22646174657374616d70223b733a31303a2231333532333235333537223b733a333a22706870223b733a353a22352e322e34223b733a393a22626f6f747374726170223b693a303b7d),
('modules/field/modules/list/list.module', 'list', 'module', '', 1, 0, 7002, 0, 0x613a31313a7b733a343a226e616d65223b733a343a224c697374223b733a31313a226465736372697074696f6e223b733a36393a22446566696e6573206c697374206669656c642074797065732e205573652077697468204f7074696f6e7320746f206372656174652073656c656374696f6e206c697374732e223b733a373a227061636b616765223b733a343a22436f7265223b733a373a2276657273696f6e223b733a343a22372e3137223b733a343a22636f7265223b733a333a22372e78223b733a31323a22646570656e64656e63696573223b613a323a7b693a303b733a353a226669656c64223b693a313b733a373a226f7074696f6e73223b7d733a353a2266696c6573223b613a313a7b693a303b733a31353a2274657374732f6c6973742e74657374223b7d733a373a2270726f6a656374223b733a363a2264727570616c223b733a393a22646174657374616d70223b733a31303a2231333532333235333537223b733a333a22706870223b733a353a22352e322e34223b733a393a22626f6f747374726170223b693a303b7d),
('modules/field/modules/list/tests/list_test.module', 'list_test', 'module', '', 0, 0, -1, 0, 0x613a31323a7b733a343a226e616d65223b733a393a224c6973742074657374223b733a31313a226465736372697074696f6e223b733a34313a22537570706f7274206d6f64756c6520666f7220746865204c697374206d6f64756c652074657374732e223b733a343a22636f7265223b733a333a22372e78223b733a373a227061636b616765223b733a373a2254657374696e67223b733a373a2276657273696f6e223b733a343a22372e3137223b733a363a2268696464656e223b623a313b733a373a2270726f6a656374223b733a363a2264727570616c223b733a393a22646174657374616d70223b733a31303a2231333532333235333537223b733a31323a22646570656e64656e63696573223b613a303a7b7d733a333a22706870223b733a353a22352e322e34223b733a353a2266696c6573223b613a303a7b7d733a393a22626f6f747374726170223b693a303b7d),
('modules/field/modules/number/number.module', 'number', 'module', '', 1, 0, 0, 0, 0x613a31313a7b733a343a226e616d65223b733a363a224e756d626572223b733a31313a226465736372697074696f6e223b733a32383a22446566696e6573206e756d65726963206669656c642074797065732e223b733a373a227061636b616765223b733a343a22436f7265223b733a373a2276657273696f6e223b733a343a22372e3137223b733a343a22636f7265223b733a333a22372e78223b733a31323a22646570656e64656e63696573223b613a313a7b693a303b733a353a226669656c64223b7d733a353a2266696c6573223b613a313a7b693a303b733a31313a226e756d6265722e74657374223b7d733a373a2270726f6a656374223b733a363a2264727570616c223b733a393a22646174657374616d70223b733a31303a2231333532333235333537223b733a333a22706870223b733a353a22352e322e34223b733a393a22626f6f747374726170223b693a303b7d),
('modules/field/modules/options/options.module', 'options', 'module', '', 1, 0, 0, 0, 0x613a31313a7b733a343a226e616d65223b733a373a224f7074696f6e73223b733a31313a226465736372697074696f6e223b733a38323a22446566696e65732073656c656374696f6e2c20636865636b20626f7820616e6420726164696f20627574746f6e207769646765747320666f72207465787420616e64206e756d65726963206669656c64732e223b733a373a227061636b616765223b733a343a22436f7265223b733a373a2276657273696f6e223b733a343a22372e3137223b733a343a22636f7265223b733a333a22372e78223b733a31323a22646570656e64656e63696573223b613a313a7b693a303b733a353a226669656c64223b7d733a353a2266696c6573223b613a313a7b693a303b733a31323a226f7074696f6e732e74657374223b7d733a373a2270726f6a656374223b733a363a2264727570616c223b733a393a22646174657374616d70223b733a31303a2231333532333235333537223b733a333a22706870223b733a353a22352e322e34223b733a393a22626f6f747374726170223b693a303b7d),
('modules/field/modules/text/text.module', 'text', 'module', '', 1, 0, 7000, 0, 0x613a31333a7b733a343a226e616d65223b733a343a2254657874223b733a31313a226465736372697074696f6e223b733a33323a22446566696e65732073696d706c652074657874206669656c642074797065732e223b733a373a227061636b616765223b733a343a22436f7265223b733a373a2276657273696f6e223b733a343a22372e3137223b733a343a22636f7265223b733a333a22372e78223b733a31323a22646570656e64656e63696573223b613a313a7b693a303b733a353a226669656c64223b7d733a353a2266696c6573223b613a313a7b693a303b733a393a22746578742e74657374223b7d733a383a227265717569726564223b623a313b733a373a2270726f6a656374223b733a363a2264727570616c223b733a393a22646174657374616d70223b733a31303a2231333532333235333537223b733a333a22706870223b733a353a22352e322e34223b733a393a22626f6f747374726170223b693a303b733a31313a226578706c616e6174696f6e223b733a38393a224669656c64207479706528732920696e20757365202d20736565203c6120687265663d222f64727570616c3031303031742f3f713d61646d696e2f7265706f7274732f6669656c6473223e4669656c64206c6973743c2f613e223b7d),
('modules/field/tests/field_test.module', 'field_test', 'module', '', 0, 0, -1, 0, 0x613a31323a7b733a343a226e616d65223b733a31343a224669656c64204150492054657374223b733a31313a226465736372697074696f6e223b733a33393a22537570706f7274206d6f64756c6520666f7220746865204669656c64204150492074657374732e223b733a343a22636f7265223b733a333a22372e78223b733a373a227061636b616765223b733a373a2254657374696e67223b733a353a2266696c6573223b613a313a7b693a303b733a32313a226669656c645f746573742e656e746974792e696e63223b7d733a373a2276657273696f6e223b733a343a22372e3137223b733a363a2268696464656e223b623a313b733a373a2270726f6a656374223b733a363a2264727570616c223b733a393a22646174657374616d70223b733a31303a2231333532333235333537223b733a31323a22646570656e64656e63696573223b613a303a7b7d733a333a22706870223b733a353a22352e322e34223b733a393a22626f6f747374726170223b693a303b7d),
('modules/field_ui/field_ui.module', 'field_ui', 'module', '', 1, 0, 0, 0, 0x613a31313a7b733a343a226e616d65223b733a383a224669656c64205549223b733a31313a226465736372697074696f6e223b733a33333a225573657220696e7465726661636520666f7220746865204669656c64204150492e223b733a373a227061636b616765223b733a343a22436f7265223b733a373a2276657273696f6e223b733a343a22372e3137223b733a343a22636f7265223b733a333a22372e78223b733a31323a22646570656e64656e63696573223b613a313a7b693a303b733a353a226669656c64223b7d733a353a2266696c6573223b613a313a7b693a303b733a31333a226669656c645f75692e74657374223b7d733a373a2270726f6a656374223b733a363a2264727570616c223b733a393a22646174657374616d70223b733a31303a2231333532333235333537223b733a333a22706870223b733a353a22352e322e34223b733a393a22626f6f747374726170223b693a303b7d),
('modules/file/file.module', 'file', 'module', '', 1, 0, 0, 0, 0x613a31313a7b733a343a226e616d65223b733a343a2246696c65223b733a31313a226465736372697074696f6e223b733a32363a22446566696e657320612066696c65206669656c6420747970652e223b733a373a227061636b616765223b733a343a22436f7265223b733a373a2276657273696f6e223b733a343a22372e3137223b733a343a22636f7265223b733a333a22372e78223b733a31323a22646570656e64656e63696573223b613a313a7b693a303b733a353a226669656c64223b7d733a353a2266696c6573223b613a313a7b693a303b733a31353a2274657374732f66696c652e74657374223b7d733a373a2270726f6a656374223b733a363a2264727570616c223b733a393a22646174657374616d70223b733a31303a2231333532333235333537223b733a333a22706870223b733a353a22352e322e34223b733a393a22626f6f747374726170223b693a303b7d),
('modules/file/tests/file_module_test.module', 'file_module_test', 'module', '', 0, 0, -1, 0, 0x613a31323a7b733a343a226e616d65223b733a393a2246696c652074657374223b733a31313a226465736372697074696f6e223b733a35333a2250726f766964657320686f6f6b7320666f722074657374696e672046696c65206d6f64756c652066756e6374696f6e616c6974792e223b733a373a227061636b616765223b733a343a22436f7265223b733a373a2276657273696f6e223b733a343a22372e3137223b733a343a22636f7265223b733a333a22372e78223b733a363a2268696464656e223b623a313b733a373a2270726f6a656374223b733a363a2264727570616c223b733a393a22646174657374616d70223b733a31303a2231333532333235333537223b733a31323a22646570656e64656e63696573223b613a303a7b7d733a333a22706870223b733a353a22352e322e34223b733a353a2266696c6573223b613a303a7b7d733a393a22626f6f747374726170223b693a303b7d),
('modules/filter/filter.module', 'filter', 'module', '', 1, 0, 7010, 0, 0x613a31333a7b733a343a226e616d65223b733a363a2246696c746572223b733a31313a226465736372697074696f6e223b733a34333a2246696c7465727320636f6e74656e7420696e207072657061726174696f6e20666f7220646973706c61792e223b733a373a227061636b616765223b733a343a22436f7265223b733a373a2276657273696f6e223b733a343a22372e3137223b733a343a22636f7265223b733a333a22372e78223b733a353a2266696c6573223b613a313a7b693a303b733a31313a2266696c7465722e74657374223b7d733a383a227265717569726564223b623a313b733a393a22636f6e666967757265223b733a32383a2261646d696e2f636f6e6669672f636f6e74656e742f666f726d617473223b733a373a2270726f6a656374223b733a363a2264727570616c223b733a393a22646174657374616d70223b733a31303a2231333532333235333537223b733a31323a22646570656e64656e63696573223b613a303a7b7d733a333a22706870223b733a353a22352e322e34223b733a393a22626f6f747374726170223b693a303b7d),
('modules/forum/forum.module', 'forum', 'module', '', 0, 0, -1, 0, 0x613a31333a7b733a343a226e616d65223b733a353a22466f72756d223b733a31313a226465736372697074696f6e223b733a32373a2250726f76696465732064697363757373696f6e20666f72756d732e223b733a31323a22646570656e64656e63696573223b613a323a7b693a303b733a383a227461786f6e6f6d79223b693a313b733a373a22636f6d6d656e74223b7d733a373a227061636b616765223b733a343a22436f7265223b733a373a2276657273696f6e223b733a343a22372e3137223b733a343a22636f7265223b733a333a22372e78223b733a353a2266696c6573223b613a313a7b693a303b733a31303a22666f72756d2e74657374223b7d733a393a22636f6e666967757265223b733a32313a2261646d696e2f7374727563747572652f666f72756d223b733a31313a227374796c65736865657473223b613a313a7b733a333a22616c6c223b613a313a7b733a393a22666f72756d2e637373223b733a32333a226d6f64756c65732f666f72756d2f666f72756d2e637373223b7d7d733a373a2270726f6a656374223b733a363a2264727570616c223b733a393a22646174657374616d70223b733a31303a2231333532333235333537223b733a333a22706870223b733a353a22352e322e34223b733a393a22626f6f747374726170223b693a303b7d),
('modules/help/help.module', 'help', 'module', '', 1, 0, 0, 0, 0x613a31313a7b733a343a226e616d65223b733a343a2248656c70223b733a31313a226465736372697074696f6e223b733a33353a224d616e616765732074686520646973706c6179206f66206f6e6c696e652068656c702e223b733a373a227061636b616765223b733a343a22436f7265223b733a373a2276657273696f6e223b733a343a22372e3137223b733a343a22636f7265223b733a333a22372e78223b733a353a2266696c6573223b613a313a7b693a303b733a393a2268656c702e74657374223b7d733a373a2270726f6a656374223b733a363a2264727570616c223b733a393a22646174657374616d70223b733a31303a2231333532333235333537223b733a31323a22646570656e64656e63696573223b613a303a7b7d733a333a22706870223b733a353a22352e322e34223b733a393a22626f6f747374726170223b693a303b7d),
('modules/image/image.module', 'image', 'module', '', 1, 0, 7004, 0, 0x613a31343a7b733a343a226e616d65223b733a353a22496d616765223b733a31313a226465736372697074696f6e223b733a33343a2250726f766964657320696d616765206d616e6970756c6174696f6e20746f6f6c732e223b733a373a227061636b616765223b733a343a22436f7265223b733a373a2276657273696f6e223b733a343a22372e3137223b733a343a22636f7265223b733a333a22372e78223b733a31323a22646570656e64656e63696573223b613a313a7b693a303b733a343a2266696c65223b7d733a353a2266696c6573223b613a313a7b693a303b733a31303a22696d6167652e74657374223b7d733a393a22636f6e666967757265223b733a33313a2261646d696e2f636f6e6669672f6d656469612f696d6167652d7374796c6573223b733a373a2270726f6a656374223b733a363a2264727570616c223b733a393a22646174657374616d70223b733a31303a2231333532333235333537223b733a333a22706870223b733a353a22352e322e34223b733a393a22626f6f747374726170223b693a303b733a383a227265717569726564223b623a313b733a31313a226578706c616e6174696f6e223b733a38393a224669656c64207479706528732920696e20757365202d20736565203c6120687265663d222f64727570616c3031303031742f3f713d61646d696e2f7265706f7274732f6669656c6473223e4669656c64206c6973743c2f613e223b7d),
('modules/image/tests/image_module_test.module', 'image_module_test', 'module', '', 0, 0, -1, 0, 0x613a31323a7b733a343a226e616d65223b733a31303a22496d6167652074657374223b733a31313a226465736372697074696f6e223b733a36393a2250726f766964657320686f6f6b20696d706c656d656e746174696f6e7320666f722074657374696e6720496d616765206d6f64756c652066756e6374696f6e616c6974792e223b733a373a227061636b616765223b733a343a22436f7265223b733a373a2276657273696f6e223b733a343a22372e3137223b733a343a22636f7265223b733a333a22372e78223b733a353a2266696c6573223b613a313a7b693a303b733a32343a22696d6167655f6d6f64756c655f746573742e6d6f64756c65223b7d733a363a2268696464656e223b623a313b733a373a2270726f6a656374223b733a363a2264727570616c223b733a393a22646174657374616d70223b733a31303a2231333532333235333537223b733a31323a22646570656e64656e63696573223b613a303a7b7d733a333a22706870223b733a353a22352e322e34223b733a393a22626f6f747374726170223b693a303b7d),
('modules/locale/locale.module', 'locale', 'module', '', 1, 0, 7005, 0, 0x613a31323a7b733a343a226e616d65223b733a363a224c6f63616c65223b733a31313a226465736372697074696f6e223b733a3131393a2241646473206c616e67756167652068616e646c696e672066756e6374696f6e616c69747920616e6420656e61626c657320746865207472616e736c6174696f6e206f6620746865207573657220696e7465726661636520746f206c616e677561676573206f74686572207468616e20456e676c6973682e223b733a373a227061636b616765223b733a343a22436f7265223b733a373a2276657273696f6e223b733a343a22372e3137223b733a343a22636f7265223b733a333a22372e78223b733a353a2266696c6573223b613a313a7b693a303b733a31313a226c6f63616c652e74657374223b7d733a393a22636f6e666967757265223b733a33303a2261646d696e2f636f6e6669672f726567696f6e616c2f6c616e6775616765223b733a373a2270726f6a656374223b733a363a2264727570616c223b733a393a22646174657374616d70223b733a31303a2231333532333235333537223b733a31323a22646570656e64656e63696573223b613a303a7b7d733a333a22706870223b733a353a22352e322e34223b733a393a22626f6f747374726170223b693a303b7d),
('modules/locale/tests/locale_test.module', 'locale_test', 'module', '', 0, 0, -1, 0, 0x613a31323a7b733a343a226e616d65223b733a31313a224c6f63616c652054657374223b733a31313a226465736372697074696f6e223b733a34323a22537570706f7274206d6f64756c6520666f7220746865206c6f63616c65206c617965722074657374732e223b733a343a22636f7265223b733a333a22372e78223b733a373a227061636b616765223b733a373a2254657374696e67223b733a373a2276657273696f6e223b733a343a22372e3137223b733a363a2268696464656e223b623a313b733a373a2270726f6a656374223b733a363a2264727570616c223b733a393a22646174657374616d70223b733a31303a2231333532333235333537223b733a31323a22646570656e64656e63696573223b613a303a7b7d733a333a22706870223b733a353a22352e322e34223b733a353a2266696c6573223b613a303a7b7d733a393a22626f6f747374726170223b693a303b7d),
('modules/menu/menu.module', 'menu', 'module', '', 1, 0, 7003, 0, 0x613a31323a7b733a343a226e616d65223b733a343a224d656e75223b733a31313a226465736372697074696f6e223b733a36303a22416c6c6f77732061646d696e6973747261746f727320746f20637573746f6d697a65207468652073697465206e617669676174696f6e206d656e752e223b733a373a227061636b616765223b733a343a22436f7265223b733a373a2276657273696f6e223b733a343a22372e3137223b733a343a22636f7265223b733a333a22372e78223b733a353a2266696c6573223b613a313a7b693a303b733a393a226d656e752e74657374223b7d733a393a22636f6e666967757265223b733a32303a2261646d696e2f7374727563747572652f6d656e75223b733a373a2270726f6a656374223b733a363a2264727570616c223b733a393a22646174657374616d70223b733a31303a2231333532333235333537223b733a31323a22646570656e64656e63696573223b613a303a7b7d733a333a22706870223b733a353a22352e322e34223b733a393a22626f6f747374726170223b693a303b7d),
('modules/node/node.module', 'node', 'module', '', 1, 0, 7013, 0, 0x613a31343a7b733a343a226e616d65223b733a343a224e6f6465223b733a31313a226465736372697074696f6e223b733a36363a22416c6c6f777320636f6e74656e7420746f206265207375626d697474656420746f20746865207369746520616e6420646973706c61796564206f6e2070616765732e223b733a373a227061636b616765223b733a343a22436f7265223b733a373a2276657273696f6e223b733a343a22372e3137223b733a343a22636f7265223b733a333a22372e78223b733a353a2266696c6573223b613a323a7b693a303b733a31313a226e6f64652e6d6f64756c65223b693a313b733a393a226e6f64652e74657374223b7d733a383a227265717569726564223b623a313b733a393a22636f6e666967757265223b733a32313a2261646d696e2f7374727563747572652f7479706573223b733a31313a227374796c65736865657473223b613a313a7b733a333a22616c6c223b613a313a7b733a383a226e6f64652e637373223b733a32313a226d6f64756c65732f6e6f64652f6e6f64652e637373223b7d7d733a373a2270726f6a656374223b733a363a2264727570616c223b733a393a22646174657374616d70223b733a31303a2231333532333235333537223b733a31323a22646570656e64656e63696573223b613a303a7b7d733a333a22706870223b733a353a22352e322e34223b733a393a22626f6f747374726170223b693a303b7d),
('modules/node/tests/node_access_test.module', 'node_access_test', 'module', '', 0, 0, -1, 0, 0x613a31323a7b733a343a226e616d65223b733a32343a224e6f6465206d6f64756c6520616363657373207465737473223b733a31313a226465736372697074696f6e223b733a34333a22537570706f7274206d6f64756c6520666f72206e6f6465207065726d697373696f6e2074657374696e672e223b733a373a227061636b616765223b733a373a2254657374696e67223b733a373a2276657273696f6e223b733a343a22372e3137223b733a343a22636f7265223b733a333a22372e78223b733a363a2268696464656e223b623a313b733a373a2270726f6a656374223b733a363a2264727570616c223b733a393a22646174657374616d70223b733a31303a2231333532333235333537223b733a31323a22646570656e64656e63696573223b613a303a7b7d733a333a22706870223b733a353a22352e322e34223b733a353a2266696c6573223b613a303a7b7d733a393a22626f6f747374726170223b693a303b7d),
('modules/node/tests/node_test.module', 'node_test', 'module', '', 0, 0, -1, 0, 0x613a31323a7b733a343a226e616d65223b733a31373a224e6f6465206d6f64756c65207465737473223b733a31313a226465736372697074696f6e223b733a34303a22537570706f7274206d6f64756c6520666f72206e6f64652072656c617465642074657374696e672e223b733a373a227061636b616765223b733a373a2254657374696e67223b733a373a2276657273696f6e223b733a343a22372e3137223b733a343a22636f7265223b733a333a22372e78223b733a363a2268696464656e223b623a313b733a373a2270726f6a656374223b733a363a2264727570616c223b733a393a22646174657374616d70223b733a31303a2231333532333235333537223b733a31323a22646570656e64656e63696573223b613a303a7b7d733a333a22706870223b733a353a22352e322e34223b733a353a2266696c6573223b613a303a7b7d733a393a22626f6f747374726170223b693a303b7d),
('modules/node/tests/node_test_exception.module', 'node_test_exception', 'module', '', 0, 0, -1, 0, 0x613a31323a7b733a343a226e616d65223b733a32373a224e6f6465206d6f64756c6520657863657074696f6e207465737473223b733a31313a226465736372697074696f6e223b733a35303a22537570706f7274206d6f64756c6520666f72206e6f64652072656c6174656420657863657074696f6e2074657374696e672e223b733a373a227061636b616765223b733a373a2254657374696e67223b733a373a2276657273696f6e223b733a343a22372e3137223b733a343a22636f7265223b733a333a22372e78223b733a363a2268696464656e223b623a313b733a373a2270726f6a656374223b733a363a2264727570616c223b733a393a22646174657374616d70223b733a31303a2231333532333235333537223b733a31323a22646570656e64656e63696573223b613a303a7b7d733a333a22706870223b733a353a22352e322e34223b733a353a2266696c6573223b613a303a7b7d733a393a22626f6f747374726170223b693a303b7d),
('modules/openid/openid.module', 'openid', 'module', '', 0, 0, -1, 0, 0x613a31313a7b733a343a226e616d65223b733a363a224f70656e4944223b733a31313a226465736372697074696f6e223b733a34383a22416c6c6f777320757365727320746f206c6f6720696e746f20796f75722073697465207573696e67204f70656e49442e223b733a373a2276657273696f6e223b733a343a22372e3137223b733a373a227061636b616765223b733a343a22436f7265223b733a343a22636f7265223b733a333a22372e78223b733a353a2266696c6573223b613a313a7b693a303b733a31313a226f70656e69642e74657374223b7d733a373a2270726f6a656374223b733a363a2264727570616c223b733a393a22646174657374616d70223b733a31303a2231333532333235333537223b733a31323a22646570656e64656e63696573223b613a303a7b7d733a333a22706870223b733a353a22352e322e34223b733a393a22626f6f747374726170223b693a303b7d),
('modules/openid/tests/openid_test.module', 'openid_test', 'module', '', 0, 0, -1, 0, 0x613a31323a7b733a343a226e616d65223b733a32313a224f70656e49442064756d6d792070726f7669646572223b733a31313a226465736372697074696f6e223b733a33333a224f70656e49442070726f7669646572207573656420666f722074657374696e672e223b733a373a227061636b616765223b733a373a2254657374696e67223b733a373a2276657273696f6e223b733a343a22372e3137223b733a343a22636f7265223b733a333a22372e78223b733a31323a22646570656e64656e63696573223b613a313a7b693a303b733a363a226f70656e6964223b7d733a363a2268696464656e223b623a313b733a373a2270726f6a656374223b733a363a2264727570616c223b733a393a22646174657374616d70223b733a31303a2231333532333235333537223b733a333a22706870223b733a353a22352e322e34223b733a353a2266696c6573223b613a303a7b7d733a393a22626f6f747374726170223b693a303b7d),
('modules/overlay/overlay.module', 'overlay', 'module', '', 1, 1, 0, 0, 0x613a31313a7b733a343a226e616d65223b733a373a224f7665726c6179223b733a31313a226465736372697074696f6e223b733a35393a22446973706c617973207468652044727570616c2061646d696e697374726174696f6e20696e7465726661636520696e20616e206f7665726c61792e223b733a373a227061636b616765223b733a343a22436f7265223b733a373a2276657273696f6e223b733a343a22372e3137223b733a343a22636f7265223b733a333a22372e78223b733a373a2270726f6a656374223b733a363a2264727570616c223b733a393a22646174657374616d70223b733a31303a2231333532333235333537223b733a31323a22646570656e64656e63696573223b613a303a7b7d733a333a22706870223b733a353a22352e322e34223b733a353a2266696c6573223b613a303a7b7d733a393a22626f6f747374726170223b693a303b7d),
('modules/path/path.module', 'path', 'module', '', 1, 0, 0, 0, 0x613a31323a7b733a343a226e616d65223b733a343a2250617468223b733a31313a226465736372697074696f6e223b733a32383a22416c6c6f777320757365727320746f2072656e616d652055524c732e223b733a373a227061636b616765223b733a343a22436f7265223b733a373a2276657273696f6e223b733a343a22372e3137223b733a343a22636f7265223b733a333a22372e78223b733a353a2266696c6573223b613a313a7b693a303b733a393a22706174682e74657374223b7d733a393a22636f6e666967757265223b733a32343a2261646d696e2f636f6e6669672f7365617263682f70617468223b733a373a2270726f6a656374223b733a363a2264727570616c223b733a393a22646174657374616d70223b733a31303a2231333532333235333537223b733a31323a22646570656e64656e63696573223b613a303a7b7d733a333a22706870223b733a353a22352e322e34223b733a393a22626f6f747374726170223b693a303b7d),
('modules/php/php.module', 'php', 'module', '', 0, 0, -1, 0, 0x613a31313a7b733a343a226e616d65223b733a31303a225048502066696c746572223b733a31313a226465736372697074696f6e223b733a35303a22416c6c6f777320656d6265646465642050485020636f64652f736e69707065747320746f206265206576616c75617465642e223b733a373a227061636b616765223b733a343a22436f7265223b733a373a2276657273696f6e223b733a343a22372e3137223b733a343a22636f7265223b733a333a22372e78223b733a353a2266696c6573223b613a313a7b693a303b733a383a227068702e74657374223b7d733a373a2270726f6a656374223b733a363a2264727570616c223b733a393a22646174657374616d70223b733a31303a2231333532333235333537223b733a31323a22646570656e64656e63696573223b613a303a7b7d733a333a22706870223b733a353a22352e322e34223b733a393a22626f6f747374726170223b693a303b7d),
('modules/poll/poll.module', 'poll', 'module', '', 0, 0, -1, 0, 0x613a31323a7b733a343a226e616d65223b733a343a22506f6c6c223b733a31313a226465736372697074696f6e223b733a39353a22416c6c6f777320796f7572207369746520746f206361707475726520766f746573206f6e20646966666572656e7420746f7069637320696e2074686520666f726d206f66206d756c7469706c652063686f696365207175657374696f6e732e223b733a373a227061636b616765223b733a343a22436f7265223b733a373a2276657273696f6e223b733a343a22372e3137223b733a343a22636f7265223b733a333a22372e78223b733a353a2266696c6573223b613a313a7b693a303b733a393a22706f6c6c2e74657374223b7d733a31313a227374796c65736865657473223b613a313a7b733a333a22616c6c223b613a313a7b733a383a22706f6c6c2e637373223b733a32313a226d6f64756c65732f706f6c6c2f706f6c6c2e637373223b7d7d733a373a2270726f6a656374223b733a363a2264727570616c223b733a393a22646174657374616d70223b733a31303a2231333532333235333537223b733a31323a22646570656e64656e63696573223b613a303a7b7d733a333a22706870223b733a353a22352e322e34223b733a393a22626f6f747374726170223b693a303b7d),
('modules/profile/profile.module', 'profile', 'module', '', 0, 0, -1, 0, 0x613a31333a7b733a343a226e616d65223b733a373a2250726f66696c65223b733a31313a226465736372697074696f6e223b733a33363a22537570706f72747320636f6e666967757261626c6520757365722070726f66696c65732e223b733a373a227061636b616765223b733a343a22436f7265223b733a373a2276657273696f6e223b733a343a22372e3137223b733a343a22636f7265223b733a333a22372e78223b733a353a2266696c6573223b613a313a7b693a303b733a31323a2270726f66696c652e74657374223b7d733a393a22636f6e666967757265223b733a32373a2261646d696e2f636f6e6669672f70656f706c652f70726f66696c65223b733a363a2268696464656e223b623a313b733a373a2270726f6a656374223b733a363a2264727570616c223b733a393a22646174657374616d70223b733a31303a2231333532333235333537223b733a31323a22646570656e64656e63696573223b613a303a7b7d733a333a22706870223b733a353a22352e322e34223b733a393a22626f6f747374726170223b693a303b7d),
('modules/rdf/rdf.module', 'rdf', 'module', '', 1, 0, 0, 0, 0x613a31313a7b733a343a226e616d65223b733a333a22524446223b733a31313a226465736372697074696f6e223b733a3134383a22456e72696368657320796f757220636f6e74656e742077697468206d6574616461746120746f206c6574206f74686572206170706c69636174696f6e732028652e672e2073656172636820656e67696e65732c2061676772656761746f7273292062657474657220756e6465727374616e64206974732072656c6174696f6e736869707320616e6420617474726962757465732e223b733a373a227061636b616765223b733a343a22436f7265223b733a373a2276657273696f6e223b733a343a22372e3137223b733a343a22636f7265223b733a333a22372e78223b733a353a2266696c6573223b613a313a7b693a303b733a383a227264662e74657374223b7d733a373a2270726f6a656374223b733a363a2264727570616c223b733a393a22646174657374616d70223b733a31303a2231333532333235333537223b733a31323a22646570656e64656e63696573223b613a303a7b7d733a333a22706870223b733a353a22352e322e34223b733a393a22626f6f747374726170223b693a303b7d),
('modules/rdf/tests/rdf_test.module', 'rdf_test', 'module', '', 0, 0, -1, 0, 0x613a31323a7b733a343a226e616d65223b733a31363a22524446206d6f64756c65207465737473223b733a31313a226465736372697074696f6e223b733a33383a22537570706f7274206d6f64756c6520666f7220524446206d6f64756c652074657374696e672e223b733a373a227061636b616765223b733a373a2254657374696e67223b733a373a2276657273696f6e223b733a343a22372e3137223b733a343a22636f7265223b733a333a22372e78223b733a363a2268696464656e223b623a313b733a373a2270726f6a656374223b733a363a2264727570616c223b733a393a22646174657374616d70223b733a31303a2231333532333235333537223b733a31323a22646570656e64656e63696573223b613a303a7b7d733a333a22706870223b733a353a22352e322e34223b733a353a2266696c6573223b613a303a7b7d733a393a22626f6f747374726170223b693a303b7d),
('modules/search/search.module', 'search', 'module', '', 1, 0, 7000, 0, 0x613a31333a7b733a343a226e616d65223b733a363a22536561726368223b733a31313a226465736372697074696f6e223b733a33363a22456e61626c657320736974652d77696465206b6579776f726420736561726368696e672e223b733a373a227061636b616765223b733a343a22436f7265223b733a373a2276657273696f6e223b733a343a22372e3137223b733a343a22636f7265223b733a333a22372e78223b733a353a2266696c6573223b613a323a7b693a303b733a31393a227365617263682e657874656e6465722e696e63223b693a313b733a31313a227365617263682e74657374223b7d733a393a22636f6e666967757265223b733a32383a2261646d696e2f636f6e6669672f7365617263682f73657474696e6773223b733a31313a227374796c65736865657473223b613a313a7b733a333a22616c6c223b613a313a7b733a31303a227365617263682e637373223b733a32353a226d6f64756c65732f7365617263682f7365617263682e637373223b7d7d733a373a2270726f6a656374223b733a363a2264727570616c223b733a393a22646174657374616d70223b733a31303a2231333532333235333537223b733a31323a22646570656e64656e63696573223b613a303a7b7d733a333a22706870223b733a353a22352e322e34223b733a393a22626f6f747374726170223b693a303b7d),
('modules/search/tests/search_embedded_form.module', 'search_embedded_form', 'module', '', 0, 0, -1, 0, 0x613a31323a7b733a343a226e616d65223b733a32303a2253656172636820656d62656464656420666f726d223b733a31313a226465736372697074696f6e223b733a35393a22537570706f7274206d6f64756c6520666f7220736561726368206d6f64756c652074657374696e67206f6620656d62656464656420666f726d732e223b733a373a227061636b616765223b733a373a2254657374696e67223b733a373a2276657273696f6e223b733a343a22372e3137223b733a343a22636f7265223b733a333a22372e78223b733a363a2268696464656e223b623a313b733a373a2270726f6a656374223b733a363a2264727570616c223b733a393a22646174657374616d70223b733a31303a2231333532333235333537223b733a31323a22646570656e64656e63696573223b613a303a7b7d733a333a22706870223b733a353a22352e322e34223b733a353a2266696c6573223b613a303a7b7d733a393a22626f6f747374726170223b693a303b7d),
('modules/search/tests/search_extra_type.module', 'search_extra_type', 'module', '', 0, 0, -1, 0, 0x613a31323a7b733a343a226e616d65223b733a31363a2254657374207365617263682074797065223b733a31313a226465736372697074696f6e223b733a34313a22537570706f7274206d6f64756c6520666f7220736561726368206d6f64756c652074657374696e672e223b733a373a227061636b616765223b733a373a2254657374696e67223b733a373a2276657273696f6e223b733a343a22372e3137223b733a343a22636f7265223b733a333a22372e78223b733a363a2268696464656e223b623a313b733a373a2270726f6a656374223b733a363a2264727570616c223b733a393a22646174657374616d70223b733a31303a2231333532333235333537223b733a31323a22646570656e64656e63696573223b613a303a7b7d733a333a22706870223b733a353a22352e322e34223b733a353a2266696c6573223b613a303a7b7d733a393a22626f6f747374726170223b693a303b7d),
('modules/shortcut/shortcut.module', 'shortcut', 'module', '', 1, 0, 0, 0, 0x613a31323a7b733a343a226e616d65223b733a383a2253686f7274637574223b733a31313a226465736372697074696f6e223b733a36303a22416c6c6f777320757365727320746f206d616e61676520637573746f6d697a61626c65206c69737473206f662073686f7274637574206c696e6b732e223b733a373a227061636b616765223b733a343a22436f7265223b733a373a2276657273696f6e223b733a343a22372e3137223b733a343a22636f7265223b733a333a22372e78223b733a353a2266696c6573223b613a313a7b693a303b733a31333a2273686f72746375742e74657374223b7d733a393a22636f6e666967757265223b733a33363a2261646d696e2f636f6e6669672f757365722d696e746572666163652f73686f7274637574223b733a373a2270726f6a656374223b733a363a2264727570616c223b733a393a22646174657374616d70223b733a31303a2231333532333235333537223b733a31323a22646570656e64656e63696573223b613a303a7b7d733a333a22706870223b733a353a22352e322e34223b733a393a22626f6f747374726170223b693a303b7d),
('modules/simpletest/simpletest.module', 'simpletest', 'module', '', 0, 0, -1, 0, 0x[encoded data, 4214 characters]),
('modules/simpletest/tests/actions_loop_test.module', 'actions_loop_test', 'module', '', 0, 0, -1, 0, 0x613a31323a7b733a343a226e616d65223b733a31373a22416374696f6e73206c6f6f702074657374223b733a31313a226465736372697074696f6e223b733a33393a22537570706f7274206d6f64756c6520666f7220616374696f6e206c6f6f702074657374696e672e223b733a373a227061636b616765223b733a373a2254657374696e67223b733a373a2276657273696f6e223b733a343a22372e3137223b733a343a22636f7265223b733a333a22372e78223b733a363a2268696464656e223b623a313b733a373a2270726f6a656374223b733a363a2264727570616c223b733a393a22646174657374616d70223b733a31303a2231333532333235333537223b733a31323a22646570656e64656e63696573223b613a303a7b7d733a333a22706870223b733a353a22352e322e34223b733a353a2266696c6573223b613a303a7b7d733a393a22626f6f747374726170223b693a303b7d),
('modules/simpletest/tests/ajax_forms_test.module', 'ajax_forms_test', 'module', '', 0, 0, -1, 0, 0x613a31323a7b733a343a226e616d65223b733a32363a22414a415820666f726d2074657374206d6f636b206d6f64756c65223b733a31313a226465736372697074696f6e223b733a32353a225465737420666f7220414a415820666f726d2063616c6c732e223b733a343a22636f7265223b733a333a22372e78223b733a373a227061636b616765223b733a373a2254657374696e67223b733a373a2276657273696f6e223b733a343a22372e3137223b733a363a2268696464656e223b623a313b733a373a2270726f6a656374223b733a363a2264727570616c223b733a393a22646174657374616d70223b733a31303a2231333532333235333537223b733a31323a22646570656e64656e63696573223b613a303a7b7d733a333a22706870223b733a353a22352e322e34223b733a353a2266696c6573223b613a303a7b7d733a393a22626f6f747374726170223b693a303b7d),
('modules/simpletest/tests/ajax_test.module', 'ajax_test', 'module', '', 0, 0, -1, 0, 0x613a31323a7b733a343a226e616d65223b733a393a22414a41582054657374223b733a31313a226465736372697074696f6e223b733a34303a22537570706f7274206d6f64756c6520666f7220414a4158206672616d65776f726b2074657374732e223b733a373a227061636b616765223b733a373a2254657374696e67223b733a373a2276657273696f6e223b733a343a22372e3137223b733a343a22636f7265223b733a333a22372e78223b733a363a2268696464656e223b623a313b733a373a2270726f6a656374223b733a363a2264727570616c223b733a393a22646174657374616d70223b733a31303a2231333532333235333537223b733a31323a22646570656e64656e63696573223b613a303a7b7d733a333a22706870223b733a353a22352e322e34223b733a353a2266696c6573223b613a303a7b7d733a393a22626f6f747374726170223b693a303b7d);
INSERT INTO `drup_system` VALUES
('modules/simpletest/tests/batch_test.module', 'batch_test', 'module', '', 0, 0, -1, 0, 0x613a31323a7b733a343a226e616d65223b733a31343a224261746368204150492074657374223b733a31313a226465736372697074696f6e223b733a33353a22537570706f7274206d6f64756c6520666f72204261746368204150492074657374732e223b733a373a227061636b616765223b733a373a2254657374696e67223b733a373a2276657273696f6e223b733a343a22372e3137223b733a343a22636f7265223b733a333a22372e78223b733a363a2268696464656e223b623a313b733a373a2270726f6a656374223b733a363a2264727570616c223b733a393a22646174657374616d70223b733a31303a2231333532333235333537223b733a31323a22646570656e64656e63696573223b613a303a7b7d733a333a22706870223b733a353a22352e322e34223b733a353a2266696c6573223b613a303a7b7d733a393a22626f6f747374726170223b693a303b7d),
('modules/simpletest/tests/common_test.module', 'common_test', 'module', '', 0, 0, -1, 0, 0x613a31333a7b733a343a226e616d65223b733a31313a22436f6d6d6f6e2054657374223b733a31313a226465736372697074696f6e223b733a33323a22537570706f7274206d6f64756c6520666f7220436f6d6d6f6e2074657374732e223b733a373a227061636b616765223b733a373a2254657374696e67223b733a373a2276657273696f6e223b733a343a22372e3137223b733a343a22636f7265223b733a333a22372e78223b733a31313a227374796c65736865657473223b613a323a7b733a333a22616c6c223b613a313a7b733a31353a22636f6d6d6f6e5f746573742e637373223b733a34303a226d6f64756c65732f73696d706c65746573742f74657374732f636f6d6d6f6e5f746573742e637373223b7d733a353a227072696e74223b613a313a7b733a32313a22636f6d6d6f6e5f746573742e7072696e742e637373223b733a34363a226d6f64756c65732f73696d706c65746573742f74657374732f636f6d6d6f6e5f746573742e7072696e742e637373223b7d7d733a363a2268696464656e223b623a313b733a373a2270726f6a656374223b733a363a2264727570616c223b733a393a22646174657374616d70223b733a31303a2231333532333235333537223b733a31323a22646570656e64656e63696573223b613a303a7b7d733a333a22706870223b733a353a22352e322e34223b733a353a2266696c6573223b613a303a7b7d733a393a22626f6f747374726170223b693a303b7d),
('modules/simpletest/tests/common_test_cron_helper.module', 'common_test_cron_helper', 'module', '', 0, 0, -1, 0, 0x613a31323a7b733a343a226e616d65223b733a32333a22436f6d6d6f6e20546573742043726f6e2048656c706572223b733a31313a226465736372697074696f6e223b733a35363a2248656c706572206d6f64756c6520666f722043726f6e52756e54657374436173653a3a7465737443726f6e457863657074696f6e7328292e223b733a373a227061636b616765223b733a373a2254657374696e67223b733a373a2276657273696f6e223b733a343a22372e3137223b733a343a22636f7265223b733a333a22372e78223b733a363a2268696464656e223b623a313b733a373a2270726f6a656374223b733a363a2264727570616c223b733a393a22646174657374616d70223b733a31303a2231333532333235333537223b733a31323a22646570656e64656e63696573223b613a303a7b7d733a333a22706870223b733a353a22352e322e34223b733a353a2266696c6573223b613a303a7b7d733a393a22626f6f747374726170223b693a303b7d),
('modules/simpletest/tests/database_test.module', 'database_test', 'module', '', 0, 0, -1, 0, 0x613a31323a7b733a343a226e616d65223b733a31333a2244617461626173652054657374223b733a31313a226465736372697074696f6e223b733a34303a22537570706f7274206d6f64756c6520666f72204461746162617365206c617965722074657374732e223b733a343a22636f7265223b733a333a22372e78223b733a373a227061636b616765223b733a373a2254657374696e67223b733a373a2276657273696f6e223b733a343a22372e3137223b733a363a2268696464656e223b623a313b733a373a2270726f6a656374223b733a363a2264727570616c223b733a393a22646174657374616d70223b733a31303a2231333532333235333537223b733a31323a22646570656e64656e63696573223b613a303a7b7d733a333a22706870223b733a353a22352e322e34223b733a353a2266696c6573223b613a303a7b7d733a393a22626f6f747374726170223b693a303b7d),
('modules/simpletest/tests/drupal_system_listing_compatible_test/drupal_system_listing_compatible_test.module', 'drupal_system_listing_compatible_test', 'module', '', 0, 0, -1, 0, 0x613a31323a7b733a343a226e616d65223b733a33373a2244727570616c2073797374656d206c697374696e6720636f6d70617469626c652074657374223b733a31313a226465736372697074696f6e223b733a36323a22537570706f7274206d6f64756c6520666f722074657374696e67207468652064727570616c5f73797374656d5f6c697374696e672066756e6374696f6e2e223b733a373a227061636b616765223b733a373a2254657374696e67223b733a373a2276657273696f6e223b733a343a22372e3137223b733a343a22636f7265223b733a333a22372e78223b733a363a2268696464656e223b623a313b733a373a2270726f6a656374223b733a363a2264727570616c223b733a393a22646174657374616d70223b733a31303a2231333532333235333537223b733a31323a22646570656e64656e63696573223b613a303a7b7d733a333a22706870223b733a353a22352e322e34223b733a353a2266696c6573223b613a303a7b7d733a393a22626f6f747374726170223b693a303b7d),
('modules/simpletest/tests/drupal_system_listing_incompatible_test/drupal_system_listing_incompatible_test.module', 'drupal_system_listing_incompatible_test', 'module', '', 0, 0, -1, 0, 0x613a31323a7b733a343a226e616d65223b733a33393a2244727570616c2073797374656d206c697374696e6720696e636f6d70617469626c652074657374223b733a31313a226465736372697074696f6e223b733a36323a22537570706f7274206d6f64756c6520666f722074657374696e67207468652064727570616c5f73797374656d5f6c697374696e672066756e6374696f6e2e223b733a373a227061636b616765223b733a373a2254657374696e67223b733a373a2276657273696f6e223b733a343a22372e3137223b733a343a22636f7265223b733a333a22372e78223b733a363a2268696464656e223b623a313b733a373a2270726f6a656374223b733a363a2264727570616c223b733a393a22646174657374616d70223b733a31303a2231333532333235333537223b733a31323a22646570656e64656e63696573223b613a303a7b7d733a333a22706870223b733a353a22352e322e34223b733a353a2266696c6573223b613a303a7b7d733a393a22626f6f747374726170223b693a303b7d),
('modules/simpletest/tests/entity_cache_test.module', 'entity_cache_test', 'module', '', 0, 0, -1, 0, 0x613a31323a7b733a343a226e616d65223b733a31373a22456e746974792063616368652074657374223b733a31313a226465736372697074696f6e223b733a34303a22537570706f7274206d6f64756c6520666f722074657374696e6720656e746974792063616368652e223b733a373a227061636b616765223b733a373a2254657374696e67223b733a373a2276657273696f6e223b733a343a22372e3137223b733a343a22636f7265223b733a333a22372e78223b733a31323a22646570656e64656e63696573223b613a313a7b693a303b733a32383a22656e746974795f63616368655f746573745f646570656e64656e6379223b7d733a363a2268696464656e223b623a313b733a373a2270726f6a656374223b733a363a2264727570616c223b733a393a22646174657374616d70223b733a31303a2231333532333235333537223b733a333a22706870223b733a353a22352e322e34223b733a353a2266696c6573223b613a303a7b7d733a393a22626f6f747374726170223b693a303b7d),
('modules/simpletest/tests/entity_cache_test_dependency.module', 'entity_cache_test_dependency', 'module', '', 0, 0, -1, 0, 0x613a31323a7b733a343a226e616d65223b733a32383a22456e74697479206361636865207465737420646570656e64656e6379223b733a31313a226465736372697074696f6e223b733a35313a22537570706f727420646570656e64656e6379206d6f64756c6520666f722074657374696e6720656e746974792063616368652e223b733a373a227061636b616765223b733a373a2254657374696e67223b733a373a2276657273696f6e223b733a343a22372e3137223b733a343a22636f7265223b733a333a22372e78223b733a363a2268696464656e223b623a313b733a373a2270726f6a656374223b733a363a2264727570616c223b733a393a22646174657374616d70223b733a31303a2231333532333235333537223b733a31323a22646570656e64656e63696573223b613a303a7b7d733a333a22706870223b733a353a22352e322e34223b733a353a2266696c6573223b613a303a7b7d733a393a22626f6f747374726170223b693a303b7d),
('modules/simpletest/tests/entity_crud_hook_test.module', 'entity_crud_hook_test', 'module', '', 0, 0, -1, 0, 0x613a31323a7b733a343a226e616d65223b733a32323a22456e74697479204352554420486f6f6b732054657374223b733a31313a226465736372697074696f6e223b733a33353a22537570706f7274206d6f64756c6520666f72204352554420686f6f6b2074657374732e223b733a343a22636f7265223b733a333a22372e78223b733a373a227061636b616765223b733a373a2254657374696e67223b733a373a2276657273696f6e223b733a343a22372e3137223b733a363a2268696464656e223b623a313b733a373a2270726f6a656374223b733a363a2264727570616c223b733a393a22646174657374616d70223b733a31303a2231333532333235333537223b733a31323a22646570656e64656e63696573223b613a303a7b7d733a333a22706870223b733a353a22352e322e34223b733a353a2266696c6573223b613a303a7b7d733a393a22626f6f747374726170223b693a303b7d),
('modules/simpletest/tests/entity_query_access_test.module', 'entity_query_access_test', 'module', '', 0, 0, -1, 0, 0x613a31323a7b733a343a226e616d65223b733a32343a22456e74697479207175657279206163636573732074657374223b733a31313a226465736372697074696f6e223b733a34393a22537570706f7274206d6f64756c6520666f7220636865636b696e6720656e7469747920717565727920726573756c74732e223b733a373a227061636b616765223b733a373a2254657374696e67223b733a373a2276657273696f6e223b733a343a22372e3137223b733a343a22636f7265223b733a333a22372e78223b733a363a2268696464656e223b623a313b733a373a2270726f6a656374223b733a363a2264727570616c223b733a393a22646174657374616d70223b733a31303a2231333532333235333537223b733a31323a22646570656e64656e63696573223b613a303a7b7d733a333a22706870223b733a353a22352e322e34223b733a353a2266696c6573223b613a303a7b7d733a393a22626f6f747374726170223b693a303b7d),
('modules/simpletest/tests/error_test.module', 'error_test', 'module', '', 0, 0, -1, 0, 0x613a31323a7b733a343a226e616d65223b733a31303a224572726f722074657374223b733a31313a226465736372697074696f6e223b733a34373a22537570706f7274206d6f64756c6520666f72206572726f7220616e6420657863657074696f6e2074657374696e672e223b733a373a227061636b616765223b733a373a2254657374696e67223b733a373a2276657273696f6e223b733a343a22372e3137223b733a343a22636f7265223b733a333a22372e78223b733a363a2268696464656e223b623a313b733a373a2270726f6a656374223b733a363a2264727570616c223b733a393a22646174657374616d70223b733a31303a2231333532333235333537223b733a31323a22646570656e64656e63696573223b613a303a7b7d733a333a22706870223b733a353a22352e322e34223b733a353a2266696c6573223b613a303a7b7d733a393a22626f6f747374726170223b693a303b7d),
('modules/simpletest/tests/file_test.module', 'file_test', 'module', '', 0, 0, -1, 0, 0x613a31323a7b733a343a226e616d65223b733a393a2246696c652074657374223b733a31313a226465736372697074696f6e223b733a33393a22537570706f7274206d6f64756c6520666f722066696c652068616e646c696e672074657374732e223b733a373a227061636b616765223b733a373a2254657374696e67223b733a373a2276657273696f6e223b733a343a22372e3137223b733a343a22636f7265223b733a333a22372e78223b733a353a2266696c6573223b613a313a7b693a303b733a31363a2266696c655f746573742e6d6f64756c65223b7d733a363a2268696464656e223b623a313b733a373a2270726f6a656374223b733a363a2264727570616c223b733a393a22646174657374616d70223b733a31303a2231333532333235333537223b733a31323a22646570656e64656e63696573223b613a303a7b7d733a333a22706870223b733a353a22352e322e34223b733a393a22626f6f747374726170223b693a303b7d),
('modules/simpletest/tests/filter_test.module', 'filter_test', 'module', '', 0, 0, -1, 0, 0x613a31323a7b733a343a226e616d65223b733a31383a2246696c7465722074657374206d6f64756c65223b733a31313a226465736372697074696f6e223b733a33333a2254657374732066696c74657220686f6f6b7320616e642066756e6374696f6e732e223b733a373a227061636b616765223b733a373a2254657374696e67223b733a373a2276657273696f6e223b733a343a22372e3137223b733a343a22636f7265223b733a333a22372e78223b733a363a2268696464656e223b623a313b733a373a2270726f6a656374223b733a363a2264727570616c223b733a393a22646174657374616d70223b733a31303a2231333532333235333537223b733a31323a22646570656e64656e63696573223b613a303a7b7d733a333a22706870223b733a353a22352e322e34223b733a353a2266696c6573223b613a303a7b7d733a393a22626f6f747374726170223b693a303b7d),
('modules/simpletest/tests/form_test.module', 'form_test', 'module', '', 0, 0, -1, 0, 0x613a31323a7b733a343a226e616d65223b733a31323a22466f726d4150492054657374223b733a31313a226465736372697074696f6e223b733a33343a22537570706f7274206d6f64756c6520666f7220466f726d204150492074657374732e223b733a373a227061636b616765223b733a373a2254657374696e67223b733a373a2276657273696f6e223b733a343a22372e3137223b733a343a22636f7265223b733a333a22372e78223b733a363a2268696464656e223b623a313b733a373a2270726f6a656374223b733a363a2264727570616c223b733a393a22646174657374616d70223b733a31303a2231333532333235333537223b733a31323a22646570656e64656e63696573223b613a303a7b7d733a333a22706870223b733a353a22352e322e34223b733a353a2266696c6573223b613a303a7b7d733a393a22626f6f747374726170223b693a303b7d),
('modules/simpletest/tests/image_test.module', 'image_test', 'module', '', 0, 0, -1, 0, 0x613a31323a7b733a343a226e616d65223b733a31303a22496d6167652074657374223b733a31313a226465736372697074696f6e223b733a33393a22537570706f7274206d6f64756c6520666f7220696d61676520746f6f6c6b69742074657374732e223b733a373a227061636b616765223b733a373a2254657374696e67223b733a373a2276657273696f6e223b733a343a22372e3137223b733a343a22636f7265223b733a333a22372e78223b733a363a2268696464656e223b623a313b733a373a2270726f6a656374223b733a363a2264727570616c223b733a393a22646174657374616d70223b733a31303a2231333532333235333537223b733a31323a22646570656e64656e63696573223b613a303a7b7d733a333a22706870223b733a353a22352e322e34223b733a353a2266696c6573223b613a303a7b7d733a393a22626f6f747374726170223b693a303b7d),
('modules/simpletest/tests/menu_test.module', 'menu_test', 'module', '', 0, 0, -1, 0, 0x613a31323a7b733a343a226e616d65223b733a31353a22486f6f6b206d656e75207465737473223b733a31313a226465736372697074696f6e223b733a33373a22537570706f7274206d6f64756c6520666f72206d656e7520686f6f6b2074657374696e672e223b733a373a227061636b616765223b733a373a2254657374696e67223b733a373a2276657273696f6e223b733a343a22372e3137223b733a343a22636f7265223b733a333a22372e78223b733a363a2268696464656e223b623a313b733a373a2270726f6a656374223b733a363a2264727570616c223b733a393a22646174657374616d70223b733a31303a2231333532333235333537223b733a31323a22646570656e64656e63696573223b613a303a7b7d733a333a22706870223b733a353a22352e322e34223b733a353a2266696c6573223b613a303a7b7d733a393a22626f6f747374726170223b693a303b7d),
('modules/simpletest/tests/module_test.module', 'module_test', 'module', '', 0, 0, -1, 0, 0x613a31323a7b733a343a226e616d65223b733a31313a224d6f64756c652074657374223b733a31313a226465736372697074696f6e223b733a34313a22537570706f7274206d6f64756c6520666f72206d6f64756c652073797374656d2074657374696e672e223b733a373a227061636b616765223b733a373a2254657374696e67223b733a373a2276657273696f6e223b733a343a22372e3137223b733a343a22636f7265223b733a333a22372e78223b733a363a2268696464656e223b623a313b733a373a2270726f6a656374223b733a363a2264727570616c223b733a393a22646174657374616d70223b733a31303a2231333532333235333537223b733a31323a22646570656e64656e63696573223b613a303a7b7d733a333a22706870223b733a353a22352e322e34223b733a353a2266696c6573223b613a303a7b7d733a393a22626f6f747374726170223b693a303b7d),
('modules/simpletest/tests/path_test.module', 'path_test', 'module', '', 0, 0, -1, 0, 0x613a31323a7b733a343a226e616d65223b733a31353a22486f6f6b2070617468207465737473223b733a31313a226465736372697074696f6e223b733a33373a22537570706f7274206d6f64756c6520666f72207061746820686f6f6b2074657374696e672e223b733a373a227061636b616765223b733a373a2254657374696e67223b733a373a2276657273696f6e223b733a343a22372e3137223b733a343a22636f7265223b733a333a22372e78223b733a363a2268696464656e223b623a313b733a373a2270726f6a656374223b733a363a2264727570616c223b733a393a22646174657374616d70223b733a31303a2231333532333235333537223b733a31323a22646570656e64656e63696573223b613a303a7b7d733a333a22706870223b733a353a22352e322e34223b733a353a2266696c6573223b613a303a7b7d733a393a22626f6f747374726170223b693a303b7d),
('modules/simpletest/tests/requirements1_test.module', 'requirements1_test', 'module', '', 0, 0, -1, 0, 0x613a31323a7b733a343a226e616d65223b733a31393a22526571756972656d656e747320312054657374223b733a31313a226465736372697074696f6e223b733a38303a22546573747320746861742061206d6f64756c65206973206e6f7420696e7374616c6c6564207768656e206974206661696c7320686f6f6b5f726571756972656d656e74732827696e7374616c6c27292e223b733a373a227061636b616765223b733a373a2254657374696e67223b733a373a2276657273696f6e223b733a343a22372e3137223b733a343a22636f7265223b733a333a22372e78223b733a363a2268696464656e223b623a313b733a373a2270726f6a656374223b733a363a2264727570616c223b733a393a22646174657374616d70223b733a31303a2231333532333235333537223b733a31323a22646570656e64656e63696573223b613a303a7b7d733a333a22706870223b733a353a22352e322e34223b733a353a2266696c6573223b613a303a7b7d733a393a22626f6f747374726170223b693a303b7d),
('modules/simpletest/tests/requirements2_test.module', 'requirements2_test', 'module', '', 0, 0, -1, 0, 0x613a31323a7b733a343a226e616d65223b733a31393a22526571756972656d656e747320322054657374223b733a31313a226465736372697074696f6e223b733a39383a22546573747320746861742061206d6f64756c65206973206e6f7420696e7374616c6c6564207768656e20746865206f6e6520697420646570656e6473206f6e206661696c7320686f6f6b5f726571756972656d656e74732827696e7374616c6c292e223b733a31323a22646570656e64656e63696573223b613a323a7b693a303b733a31383a22726571756972656d656e7473315f74657374223b693a313b733a373a22636f6d6d656e74223b7d733a373a227061636b616765223b733a373a2254657374696e67223b733a373a2276657273696f6e223b733a343a22372e3137223b733a343a22636f7265223b733a333a22372e78223b733a363a2268696464656e223b623a313b733a373a2270726f6a656374223b733a363a2264727570616c223b733a393a22646174657374616d70223b733a31303a2231333532333235333537223b733a333a22706870223b733a353a22352e322e34223b733a353a2266696c6573223b613a303a7b7d733a393a22626f6f747374726170223b693a303b7d),
('modules/simpletest/tests/session_test.module', 'session_test', 'module', '', 0, 0, -1, 0, 0x613a31323a7b733a343a226e616d65223b733a31323a2253657373696f6e2074657374223b733a31313a226465736372697074696f6e223b733a34303a22537570706f7274206d6f64756c6520666f722073657373696f6e20646174612074657374696e672e223b733a373a227061636b616765223b733a373a2254657374696e67223b733a373a2276657273696f6e223b733a343a22372e3137223b733a343a22636f7265223b733a333a22372e78223b733a363a2268696464656e223b623a313b733a373a2270726f6a656374223b733a363a2264727570616c223b733a393a22646174657374616d70223b733a31303a2231333532333235333537223b733a31323a22646570656e64656e63696573223b613a303a7b7d733a333a22706870223b733a353a22352e322e34223b733a353a2266696c6573223b613a303a7b7d733a393a22626f6f747374726170223b693a303b7d),
('modules/simpletest/tests/system_dependencies_test.module', 'system_dependencies_test', 'module', '', 0, 0, -1, 0, 0x613a31323a7b733a343a226e616d65223b733a32323a2253797374656d20646570656e64656e63792074657374223b733a31313a226465736372697074696f6e223b733a34373a22537570706f7274206d6f64756c6520666f722074657374696e672073797374656d20646570656e64656e636965732e223b733a373a227061636b616765223b733a373a2254657374696e67223b733a373a2276657273696f6e223b733a343a22372e3137223b733a343a22636f7265223b733a333a22372e78223b733a363a2268696464656e223b623a313b733a31323a22646570656e64656e63696573223b613a313a7b693a303b733a31393a225f6d697373696e675f646570656e64656e6379223b7d733a373a2270726f6a656374223b733a363a2264727570616c223b733a393a22646174657374616d70223b733a31303a2231333532333235333537223b733a333a22706870223b733a353a22352e322e34223b733a353a2266696c6573223b613a303a7b7d733a393a22626f6f747374726170223b693a303b7d),
('modules/simpletest/tests/system_incompatible_core_version_dependencies_test.module', 'system_incompatible_core_version_dependencies_test', 'module', '', 0, 0, -1, 0, 0x613a31323a7b733a343a226e616d65223b733a35303a2253797374656d20696e636f6d70617469626c6520636f72652076657273696f6e20646570656e64656e636965732074657374223b733a31313a226465736372697074696f6e223b733a34373a22537570706f7274206d6f64756c6520666f722074657374696e672073797374656d20646570656e64656e636965732e223b733a373a227061636b616765223b733a373a2254657374696e67223b733a373a2276657273696f6e223b733a343a22372e3137223b733a343a22636f7265223b733a333a22372e78223b733a363a2268696464656e223b623a313b733a31323a22646570656e64656e63696573223b613a313a7b693a303b733a33373a2273797374656d5f696e636f6d70617469626c655f636f72655f76657273696f6e5f74657374223b7d733a373a2270726f6a656374223b733a363a2264727570616c223b733a393a22646174657374616d70223b733a31303a2231333532333235333537223b733a333a22706870223b733a353a22352e322e34223b733a353a2266696c6573223b613a303a7b7d733a393a22626f6f747374726170223b693a303b7d),
('modules/simpletest/tests/system_incompatible_core_version_test.module', 'system_incompatible_core_version_test', 'module', '', 0, 0, -1, 0, 0x613a31323a7b733a343a226e616d65223b733a33373a2253797374656d20696e636f6d70617469626c6520636f72652076657273696f6e2074657374223b733a31313a226465736372697074696f6e223b733a34373a22537570706f7274206d6f64756c6520666f722074657374696e672073797374656d20646570656e64656e636965732e223b733a373a227061636b616765223b733a373a2254657374696e67223b733a373a2276657273696f6e223b733a343a22372e3137223b733a343a22636f7265223b733a333a22352e78223b733a363a2268696464656e223b623a313b733a373a2270726f6a656374223b733a363a2264727570616c223b733a393a22646174657374616d70223b733a31303a2231333532333235333537223b733a31323a22646570656e64656e63696573223b613a303a7b7d733a333a22706870223b733a353a22352e322e34223b733a353a2266696c6573223b613a303a7b7d733a393a22626f6f747374726170223b693a303b7d),
('modules/simpletest/tests/system_incompatible_module_version_dependencies_test.module', 'system_incompatible_module_version_dependencies_test', 'module', '', 0, 0, -1, 0, 0x613a31323a7b733a343a226e616d65223b733a35323a2253797374656d20696e636f6d70617469626c65206d6f64756c652076657273696f6e20646570656e64656e636965732074657374223b733a31313a226465736372697074696f6e223b733a34373a22537570706f7274206d6f64756c6520666f722074657374696e672073797374656d20646570656e64656e636965732e223b733a373a227061636b616765223b733a373a2254657374696e67223b733a373a2276657273696f6e223b733a343a22372e3137223b733a343a22636f7265223b733a333a22372e78223b733a363a2268696464656e223b623a313b733a31323a22646570656e64656e63696573223b613a313a7b693a303b733a34363a2273797374656d5f696e636f6d70617469626c655f6d6f64756c655f76657273696f6e5f7465737420283e322e3029223b7d733a373a2270726f6a656374223b733a363a2264727570616c223b733a393a22646174657374616d70223b733a31303a2231333532333235333537223b733a333a22706870223b733a353a22352e322e34223b733a353a2266696c6573223b613a303a7b7d733a393a22626f6f747374726170223b693a303b7d),
('modules/simpletest/tests/system_incompatible_module_version_test.module', 'system_incompatible_module_version_test', 'module', '', 0, 0, -1, 0, 0x613a31323a7b733a343a226e616d65223b733a33393a2253797374656d20696e636f6d70617469626c65206d6f64756c652076657273696f6e2074657374223b733a31313a226465736372697074696f6e223b733a34373a22537570706f7274206d6f64756c6520666f722074657374696e672073797374656d20646570656e64656e636965732e223b733a373a227061636b616765223b733a373a2254657374696e67223b733a373a2276657273696f6e223b733a343a22372e3137223b733a343a22636f7265223b733a333a22372e78223b733a363a2268696464656e223b623a313b733a373a2270726f6a656374223b733a363a2264727570616c223b733a393a22646174657374616d70223b733a31303a2231333532333235333537223b733a31323a22646570656e64656e63696573223b613a303a7b7d733a333a22706870223b733a353a22352e322e34223b733a353a2266696c6573223b613a303a7b7d733a393a22626f6f747374726170223b693a303b7d),
('modules/simpletest/tests/system_test.module', 'system_test', 'module', '', 0, 0, -1, 0, 0x613a31323a7b733a343a226e616d65223b733a31313a2253797374656d2074657374223b733a31313a226465736372697074696f6e223b733a33343a22537570706f7274206d6f64756c6520666f722073797374656d2074657374696e672e223b733a373a227061636b616765223b733a373a2254657374696e67223b733a373a2276657273696f6e223b733a343a22372e3137223b733a343a22636f7265223b733a333a22372e78223b733a353a2266696c6573223b613a313a7b693a303b733a31383a2273797374656d5f746573742e6d6f64756c65223b7d733a363a2268696464656e223b623a313b733a373a2270726f6a656374223b733a363a2264727570616c223b733a393a22646174657374616d70223b733a31303a2231333532333235333537223b733a31323a22646570656e64656e63696573223b613a303a7b7d733a333a22706870223b733a353a22352e322e34223b733a393a22626f6f747374726170223b693a303b7d),
('modules/simpletest/tests/taxonomy_test.module', 'taxonomy_test', 'module', '', 0, 0, -1, 0, 0x613a31323a7b733a343a226e616d65223b733a32303a225461786f6e6f6d792074657374206d6f64756c65223b733a31313a226465736372697074696f6e223b733a34353a222254657374732066756e6374696f6e7320616e6420686f6f6b73206e6f74207573656420696e20636f7265222e223b733a373a227061636b616765223b733a373a2254657374696e67223b733a373a2276657273696f6e223b733a343a22372e3137223b733a343a22636f7265223b733a333a22372e78223b733a363a2268696464656e223b623a313b733a31323a22646570656e64656e63696573223b613a313a7b693a303b733a383a227461786f6e6f6d79223b7d733a373a2270726f6a656374223b733a363a2264727570616c223b733a393a22646174657374616d70223b733a31303a2231333532333235333537223b733a333a22706870223b733a353a22352e322e34223b733a353a2266696c6573223b613a303a7b7d733a393a22626f6f747374726170223b693a303b7d),
('modules/simpletest/tests/theme_test.module', 'theme_test', 'module', '', 0, 0, -1, 0, 0x613a31323a7b733a343a226e616d65223b733a31303a225468656d652074657374223b733a31313a226465736372697074696f6e223b733a34303a22537570706f7274206d6f64756c6520666f72207468656d652073797374656d2074657374696e672e223b733a373a227061636b616765223b733a373a2254657374696e67223b733a373a2276657273696f6e223b733a343a22372e3137223b733a343a22636f7265223b733a333a22372e78223b733a363a2268696464656e223b623a313b733a373a2270726f6a656374223b733a363a2264727570616c223b733a393a22646174657374616d70223b733a31303a2231333532333235333537223b733a31323a22646570656e64656e63696573223b613a303a7b7d733a333a22706870223b733a353a22352e322e34223b733a353a2266696c6573223b613a303a7b7d733a393a22626f6f747374726170223b693a303b7d),
('modules/simpletest/tests/update_script_test.module', 'update_script_test', 'module', '', 0, 0, -1, 0, 0x613a31323a7b733a343a226e616d65223b733a31383a22557064617465207363726970742074657374223b733a31313a226465736372697074696f6e223b733a34313a22537570706f7274206d6f64756c6520666f7220757064617465207363726970742074657374696e672e223b733a373a227061636b616765223b733a373a2254657374696e67223b733a373a2276657273696f6e223b733a343a22372e3137223b733a343a22636f7265223b733a333a22372e78223b733a363a2268696464656e223b623a313b733a373a2270726f6a656374223b733a363a2264727570616c223b733a393a22646174657374616d70223b733a31303a2231333532333235333537223b733a31323a22646570656e64656e63696573223b613a303a7b7d733a333a22706870223b733a353a22352e322e34223b733a353a2266696c6573223b613a303a7b7d733a393a22626f6f747374726170223b693a303b7d),
('modules/simpletest/tests/update_test_1.module', 'update_test_1', 'module', '', 0, 0, -1, 0, 0x613a31323a7b733a343a226e616d65223b733a31313a225570646174652074657374223b733a31313a226465736372697074696f6e223b733a33343a22537570706f7274206d6f64756c6520666f72207570646174652074657374696e672e223b733a373a227061636b616765223b733a373a2254657374696e67223b733a373a2276657273696f6e223b733a343a22372e3137223b733a343a22636f7265223b733a333a22372e78223b733a363a2268696464656e223b623a313b733a373a2270726f6a656374223b733a363a2264727570616c223b733a393a22646174657374616d70223b733a31303a2231333532333235333537223b733a31323a22646570656e64656e63696573223b613a303a7b7d733a333a22706870223b733a353a22352e322e34223b733a353a2266696c6573223b613a303a7b7d733a393a22626f6f747374726170223b693a303b7d),
('modules/simpletest/tests/update_test_2.module', 'update_test_2', 'module', '', 0, 0, -1, 0, 0x613a31323a7b733a343a226e616d65223b733a31313a225570646174652074657374223b733a31313a226465736372697074696f6e223b733a33343a22537570706f7274206d6f64756c6520666f72207570646174652074657374696e672e223b733a373a227061636b616765223b733a373a2254657374696e67223b733a373a2276657273696f6e223b733a343a22372e3137223b733a343a22636f7265223b733a333a22372e78223b733a363a2268696464656e223b623a313b733a373a2270726f6a656374223b733a363a2264727570616c223b733a393a22646174657374616d70223b733a31303a2231333532333235333537223b733a31323a22646570656e64656e63696573223b613a303a7b7d733a333a22706870223b733a353a22352e322e34223b733a353a2266696c6573223b613a303a7b7d733a393a22626f6f747374726170223b693a303b7d),
('modules/simpletest/tests/update_test_3.module', 'update_test_3', 'module', '', 0, 0, -1, 0, 0x613a31323a7b733a343a226e616d65223b733a31313a225570646174652074657374223b733a31313a226465736372697074696f6e223b733a33343a22537570706f7274206d6f64756c6520666f72207570646174652074657374696e672e223b733a373a227061636b616765223b733a373a2254657374696e67223b733a373a2276657273696f6e223b733a343a22372e3137223b733a343a22636f7265223b733a333a22372e78223b733a363a2268696464656e223b623a313b733a373a2270726f6a656374223b733a363a2264727570616c223b733a393a22646174657374616d70223b733a31303a2231333532333235333537223b733a31323a22646570656e64656e63696573223b613a303a7b7d733a333a22706870223b733a353a22352e322e34223b733a353a2266696c6573223b613a303a7b7d733a393a22626f6f747374726170223b693a303b7d),
('modules/simpletest/tests/url_alter_test.module', 'url_alter_test', 'module', '', 0, 0, -1, 0, 0x613a31323a7b733a343a226e616d65223b733a31353a2255726c5f616c746572207465737473223b733a31313a226465736372697074696f6e223b733a34353a224120737570706f7274206d6f64756c657320666f722075726c5f616c74657220686f6f6b2074657374696e672e223b733a343a22636f7265223b733a333a22372e78223b733a373a227061636b616765223b733a373a2254657374696e67223b733a373a2276657273696f6e223b733a343a22372e3137223b733a363a2268696464656e223b623a313b733a373a2270726f6a656374223b733a363a2264727570616c223b733a393a22646174657374616d70223b733a31303a2231333532333235333537223b733a31323a22646570656e64656e63696573223b613a303a7b7d733a333a22706870223b733a353a22352e322e34223b733a353a2266696c6573223b613a303a7b7d733a393a22626f6f747374726170223b693a303b7d),
('modules/simpletest/tests/xmlrpc_test.module', 'xmlrpc_test', 'module', '', 0, 0, -1, 0, 0x613a31323a7b733a343a226e616d65223b733a31323a22584d4c2d5250432054657374223b733a31313a226465736372697074696f6e223b733a37353a22537570706f7274206d6f64756c6520666f7220584d4c2d525043207465737473206163636f7264696e6720746f207468652076616c696461746f72312073706563696669636174696f6e2e223b733a373a227061636b616765223b733a373a2254657374696e67223b733a373a2276657273696f6e223b733a343a22372e3137223b733a343a22636f7265223b733a333a22372e78223b733a363a2268696464656e223b623a313b733a373a2270726f6a656374223b733a363a2264727570616c223b733a393a22646174657374616d70223b733a31303a2231333532333235333537223b733a31323a22646570656e64656e63696573223b613a303a7b7d733a333a22706870223b733a353a22352e322e34223b733a353a2266696c6573223b613a303a7b7d733a393a22626f6f747374726170223b693a303b7d),
('modules/statistics/statistics.module', 'statistics', 'module', '', 0, 0, -1, 0, 0x613a31323a7b733a343a226e616d65223b733a31303a2253746174697374696373223b733a31313a226465736372697074696f6e223b733a33373a224c6f677320616363657373207374617469737469637320666f7220796f757220736974652e223b733a373a227061636b616765223b733a343a22436f7265223b733a373a2276657273696f6e223b733a343a22372e3137223b733a343a22636f7265223b733a333a22372e78223b733a353a2266696c6573223b613a313a7b693a303b733a31353a22737461746973746963732e74657374223b7d733a393a22636f6e666967757265223b733a33303a2261646d696e2f636f6e6669672f73797374656d2f73746174697374696373223b733a373a2270726f6a656374223b733a363a2264727570616c223b733a393a22646174657374616d70223b733a31303a2231333532333235333537223b733a31323a22646570656e64656e63696573223b613a303a7b7d733a333a22706870223b733a353a22352e322e34223b733a393a22626f6f747374726170223b693a303b7d),
('modules/syslog/syslog.module', 'syslog', 'module', '', 0, 0, -1, 0, 0x613a31313a7b733a343a226e616d65223b733a363a225379736c6f67223b733a31313a226465736372697074696f6e223b733a34313a224c6f677320616e64207265636f7264732073797374656d206576656e747320746f207379736c6f672e223b733a373a227061636b616765223b733a343a22436f7265223b733a373a2276657273696f6e223b733a343a22372e3137223b733a343a22636f7265223b733a333a22372e78223b733a353a2266696c6573223b613a313a7b693a303b733a31313a227379736c6f672e74657374223b7d733a373a2270726f6a656374223b733a363a2264727570616c223b733a393a22646174657374616d70223b733a31303a2231333532333235333537223b733a31323a22646570656e64656e63696573223b613a303a7b7d733a333a22706870223b733a353a22352e322e34223b733a393a22626f6f747374726170223b693a303b7d),
('modules/system/system.module', 'system', 'module', '', 1, 0, 7077, 0, 0x613a31333a7b733a343a226e616d65223b733a363a2253797374656d223b733a31313a226465736372697074696f6e223b733a35343a2248616e646c65732067656e6572616c207369746520636f6e66696775726174696f6e20666f722061646d696e6973747261746f72732e223b733a373a227061636b616765223b733a343a22436f7265223b733a373a2276657273696f6e223b733a343a22372e3137223b733a343a22636f7265223b733a333a22372e78223b733a353a2266696c6573223b613a363a7b693a303b733a31393a2273797374656d2e61726368697665722e696e63223b693a313b733a31353a2273797374656d2e6d61696c2e696e63223b693a323b733a31363a2273797374656d2e71756575652e696e63223b693a333b733a31343a2273797374656d2e7461722e696e63223b693a343b733a31383a2273797374656d2e757064617465722e696e63223b693a353b733a31313a2273797374656d2e74657374223b7d733a383a227265717569726564223b623a313b733a393a22636f6e666967757265223b733a31393a2261646d696e2f636f6e6669672f73797374656d223b733a373a2270726f6a656374223b733a363a2264727570616c223b733a393a22646174657374616d70223b733a31303a2231333532333235333537223b733a31323a22646570656e64656e63696573223b613a303a7b7d733a333a22706870223b733a353a22352e322e34223b733a393a22626f6f747374726170223b693a303b7d),
('modules/taxonomy/taxonomy.module', 'taxonomy', 'module', '', 1, 0, 7010, 0, 0x613a31343a7b733a343a226e616d65223b733a383a225461786f6e6f6d79223b733a31313a226465736372697074696f6e223b733a33383a22456e61626c6573207468652063617465676f72697a6174696f6e206f6620636f6e74656e742e223b733a373a227061636b616765223b733a343a22436f7265223b733a373a2276657273696f6e223b733a343a22372e3137223b733a343a22636f7265223b733a333a22372e78223b733a31323a22646570656e64656e63696573223b613a313a7b693a303b733a373a226f7074696f6e73223b7d733a353a2266696c6573223b613a323a7b693a303b733a31353a227461786f6e6f6d792e6d6f64756c65223b693a313b733a31333a227461786f6e6f6d792e74657374223b7d733a393a22636f6e666967757265223b733a32343a2261646d696e2f7374727563747572652f7461786f6e6f6d79223b733a373a2270726f6a656374223b733a363a2264727570616c223b733a393a22646174657374616d70223b733a31303a2231333532333235333537223b733a333a22706870223b733a353a22352e322e34223b733a393a22626f6f747374726170223b693a303b733a383a227265717569726564223b623a313b733a31313a226578706c616e6174696f6e223b733a38393a224669656c64207479706528732920696e20757365202d20736565203c6120687265663d222f64727570616c3031303031742f3f713d61646d696e2f7265706f7274732f6669656c6473223e4669656c64206c6973743c2f613e223b7d),
('modules/toolbar/toolbar.module', 'toolbar', 'module', '', 1, 0, 0, 0, 0x613a31313a7b733a343a226e616d65223b733a373a22546f6f6c626172223b733a31313a226465736372697074696f6e223b733a39393a2250726f7669646573206120746f6f6c62617220746861742073686f77732074686520746f702d6c6576656c2061646d696e697374726174696f6e206d656e75206974656d7320616e64206c696e6b732066726f6d206f74686572206d6f64756c65732e223b733a343a22636f7265223b733a333a22372e78223b733a373a227061636b616765223b733a343a22436f7265223b733a373a2276657273696f6e223b733a343a22372e3137223b733a373a2270726f6a656374223b733a363a2264727570616c223b733a393a22646174657374616d70223b733a31303a2231333532333235333537223b733a31323a22646570656e64656e63696573223b613a303a7b7d733a333a22706870223b733a353a22352e322e34223b733a353a2266696c6573223b613a303a7b7d733a393a22626f6f747374726170223b693a303b7d),
('modules/tracker/tracker.module', 'tracker', 'module', '', 0, 0, -1, 0, 0x613a31313a7b733a343a226e616d65223b733a373a22547261636b6572223b733a31313a226465736372697074696f6e223b733a34353a22456e61626c657320747261636b696e67206f6620726563656e7420636f6e74656e7420666f722075736572732e223b733a31323a22646570656e64656e63696573223b613a313a7b693a303b733a373a22636f6d6d656e74223b7d733a373a227061636b616765223b733a343a22436f7265223b733a373a2276657273696f6e223b733a343a22372e3137223b733a343a22636f7265223b733a333a22372e78223b733a353a2266696c6573223b613a313a7b693a303b733a31323a22747261636b65722e74657374223b7d733a373a2270726f6a656374223b733a363a2264727570616c223b733a393a22646174657374616d70223b733a31303a2231333532333235333537223b733a333a22706870223b733a353a22352e322e34223b733a393a22626f6f747374726170223b693a303b7d),
('modules/translation/tests/translation_test.module', 'translation_test', 'module', '', 0, 0, -1, 0, 0x613a31323a7b733a343a226e616d65223b733a32343a22436f6e74656e74205472616e736c6174696f6e2054657374223b733a31313a226465736372697074696f6e223b733a34393a22537570706f7274206d6f64756c6520666f722074686520636f6e74656e74207472616e736c6174696f6e2074657374732e223b733a343a22636f7265223b733a333a22372e78223b733a373a227061636b616765223b733a373a2254657374696e67223b733a373a2276657273696f6e223b733a343a22372e3137223b733a363a2268696464656e223b623a313b733a373a2270726f6a656374223b733a363a2264727570616c223b733a393a22646174657374616d70223b733a31303a2231333532333235333537223b733a31323a22646570656e64656e63696573223b613a303a7b7d733a333a22706870223b733a353a22352e322e34223b733a353a2266696c6573223b613a303a7b7d733a393a22626f6f747374726170223b693a303b7d),
('modules/translation/translation.module', 'translation', 'module', '', 0, 0, -1, 0, 0x613a31313a7b733a343a226e616d65223b733a31393a22436f6e74656e74207472616e736c6174696f6e223b733a31313a226465736372697074696f6e223b733a35373a22416c6c6f777320636f6e74656e7420746f206265207472616e736c6174656420696e746f20646966666572656e74206c616e6775616765732e223b733a31323a22646570656e64656e63696573223b613a313a7b693a303b733a363a226c6f63616c65223b7d733a373a227061636b616765223b733a343a22436f7265223b733a373a2276657273696f6e223b733a343a22372e3137223b733a343a22636f7265223b733a333a22372e78223b733a353a2266696c6573223b613a313a7b693a303b733a31363a227472616e736c6174696f6e2e74657374223b7d733a373a2270726f6a656374223b733a363a2264727570616c223b733a393a22646174657374616d70223b733a31303a2231333532333235333537223b733a333a22706870223b733a353a22352e322e34223b733a393a22626f6f747374726170223b693a303b7d),
('modules/trigger/tests/trigger_test.module', 'trigger_test', 'module', '', 0, 0, -1, 0, 0x613a31323a7b733a343a226e616d65223b733a31323a22547269676765722054657374223b733a31313a226465736372697074696f6e223b733a33333a22537570706f7274206d6f64756c6520666f7220547269676765722074657374732e223b733a373a227061636b616765223b733a373a2254657374696e67223b733a343a22636f7265223b733a333a22372e78223b733a363a2268696464656e223b623a313b733a373a2276657273696f6e223b733a343a22372e3137223b733a373a2270726f6a656374223b733a363a2264727570616c223b733a393a22646174657374616d70223b733a31303a2231333532333235333537223b733a31323a22646570656e64656e63696573223b613a303a7b7d733a333a22706870223b733a353a22352e322e34223b733a353a2266696c6573223b613a303a7b7d733a393a22626f6f747374726170223b693a303b7d),
('modules/trigger/trigger.module', 'trigger', 'module', '', 0, 0, -1, 0, 0x613a31323a7b733a343a226e616d65223b733a373a2254726967676572223b733a31313a226465736372697074696f6e223b733a39303a22456e61626c657320616374696f6e7320746f206265206669726564206f6e206365727461696e2073797374656d206576656e74732c2073756368206173207768656e206e657720636f6e74656e7420697320637265617465642e223b733a373a227061636b616765223b733a343a22436f7265223b733a373a2276657273696f6e223b733a343a22372e3137223b733a343a22636f7265223b733a333a22372e78223b733a353a2266696c6573223b613a313a7b693a303b733a31323a22747269676765722e74657374223b7d733a393a22636f6e666967757265223b733a32333a2261646d696e2f7374727563747572652f74726967676572223b733a373a2270726f6a656374223b733a363a2264727570616c223b733a393a22646174657374616d70223b733a31303a2231333532333235333537223b733a31323a22646570656e64656e63696573223b613a303a7b7d733a333a22706870223b733a353a22352e322e34223b733a393a22626f6f747374726170223b693a303b7d),
('modules/update/tests/aaa_update_test.module', 'aaa_update_test', 'module', '', 0, 0, -1, 0, 0x613a31323a7b733a343a226e616d65223b733a31353a22414141205570646174652074657374223b733a31313a226465736372697074696f6e223b733a34313a22537570706f7274206d6f64756c6520666f7220757064617465206d6f64756c652074657374696e672e223b733a373a227061636b616765223b733a373a2254657374696e67223b733a343a22636f7265223b733a333a22372e78223b733a363a2268696464656e223b623a313b733a373a2276657273696f6e223b733a343a22372e3137223b733a373a2270726f6a656374223b733a363a2264727570616c223b733a393a22646174657374616d70223b733a31303a2231333532333235333537223b733a31323a22646570656e64656e63696573223b613a303a7b7d733a333a22706870223b733a353a22352e322e34223b733a353a2266696c6573223b613a303a7b7d733a393a22626f6f747374726170223b693a303b7d),
('modules/update/tests/bbb_update_test.module', 'bbb_update_test', 'module', '', 0, 0, -1, 0, 0x613a31323a7b733a343a226e616d65223b733a31353a22424242205570646174652074657374223b733a31313a226465736372697074696f6e223b733a34313a22537570706f7274206d6f64756c6520666f7220757064617465206d6f64756c652074657374696e672e223b733a373a227061636b616765223b733a373a2254657374696e67223b733a343a22636f7265223b733a333a22372e78223b733a363a2268696464656e223b623a313b733a373a2276657273696f6e223b733a343a22372e3137223b733a373a2270726f6a656374223b733a363a2264727570616c223b733a393a22646174657374616d70223b733a31303a2231333532333235333537223b733a31323a22646570656e64656e63696573223b613a303a7b7d733a333a22706870223b733a353a22352e322e34223b733a353a2266696c6573223b613a303a7b7d733a393a22626f6f747374726170223b693a303b7d),
('modules/update/tests/ccc_update_test.module', 'ccc_update_test', 'module', '', 0, 0, -1, 0, 0x613a31323a7b733a343a226e616d65223b733a31353a22434343205570646174652074657374223b733a31313a226465736372697074696f6e223b733a34313a22537570706f7274206d6f64756c6520666f7220757064617465206d6f64756c652074657374696e672e223b733a373a227061636b616765223b733a373a2254657374696e67223b733a343a22636f7265223b733a333a22372e78223b733a363a2268696464656e223b623a313b733a373a2276657273696f6e223b733a343a22372e3137223b733a373a2270726f6a656374223b733a363a2264727570616c223b733a393a22646174657374616d70223b733a31303a2231333532333235333537223b733a31323a22646570656e64656e63696573223b613a303a7b7d733a333a22706870223b733a353a22352e322e34223b733a353a2266696c6573223b613a303a7b7d733a393a22626f6f747374726170223b693a303b7d),
('modules/update/tests/update_test.module', 'update_test', 'module', '', 0, 0, -1, 0, 0x613a31323a7b733a343a226e616d65223b733a31313a225570646174652074657374223b733a31313a226465736372697074696f6e223b733a34313a22537570706f7274206d6f64756c6520666f7220757064617465206d6f64756c652074657374696e672e223b733a373a227061636b616765223b733a373a2254657374696e67223b733a373a2276657273696f6e223b733a343a22372e3137223b733a343a22636f7265223b733a333a22372e78223b733a363a2268696464656e223b623a313b733a373a2270726f6a656374223b733a363a2264727570616c223b733a393a22646174657374616d70223b733a31303a2231333532333235333537223b733a31323a22646570656e64656e63696573223b613a303a7b7d733a333a22706870223b733a353a22352e322e34223b733a353a2266696c6573223b613a303a7b7d733a393a22626f6f747374726170223b693a303b7d),
('modules/update/update.module', 'update', 'module', '', 0, 0, -1, 0, 0x613a31323a7b733a343a226e616d65223b733a31343a22557064617465206d616e61676572223b733a31313a226465736372697074696f6e223b733a3130343a22436865636b7320666f7220617661696c61626c6520757064617465732c20616e642063616e207365637572656c7920696e7374616c6c206f7220757064617465206d6f64756c657320616e64207468656d65732076696120612077656220696e746572666163652e223b733a373a2276657273696f6e223b733a343a22372e3137223b733a373a227061636b616765223b733a343a22436f7265223b733a343a22636f7265223b733a333a22372e78223b733a353a2266696c6573223b613a313a7b693a303b733a31313a227570646174652e74657374223b7d733a393a22636f6e666967757265223b733a33303a2261646d696e2f7265706f7274732f757064617465732f73657474696e6773223b733a373a2270726f6a656374223b733a363a2264727570616c223b733a393a22646174657374616d70223b733a31303a2231333532333235333537223b733a31323a22646570656e64656e63696573223b613a303a7b7d733a333a22706870223b733a353a22352e322e34223b733a393a22626f6f747374726170223b693a303b7d),
('modules/user/tests/user_form_test.module', 'user_form_test', 'module', '', 0, 0, -1, 0, 0x613a31323a7b733a343a226e616d65223b733a32323a2255736572206d6f64756c6520666f726d207465737473223b733a31313a226465736372697074696f6e223b733a33373a22537570706f7274206d6f64756c6520666f72207573657220666f726d2074657374696e672e223b733a373a227061636b616765223b733a373a2254657374696e67223b733a373a2276657273696f6e223b733a343a22372e3137223b733a343a22636f7265223b733a333a22372e78223b733a363a2268696464656e223b623a313b733a373a2270726f6a656374223b733a363a2264727570616c223b733a393a22646174657374616d70223b733a31303a2231333532333235333537223b733a31323a22646570656e64656e63696573223b613a303a7b7d733a333a22706870223b733a353a22352e322e34223b733a353a2266696c6573223b613a303a7b7d733a393a22626f6f747374726170223b693a303b7d),
('modules/user/user.module', 'user', 'module', '', 1, 0, 7018, 0, 0x613a31343a7b733a343a226e616d65223b733a343a2255736572223b733a31313a226465736372697074696f6e223b733a34373a224d616e6167657320746865207573657220726567697374726174696f6e20616e64206c6f67696e2073797374656d2e223b733a373a227061636b616765223b733a343a22436f7265223b733a373a2276657273696f6e223b733a343a22372e3137223b733a343a22636f7265223b733a333a22372e78223b733a353a2266696c6573223b613a323a7b693a303b733a31313a22757365722e6d6f64756c65223b693a313b733a393a22757365722e74657374223b7d733a383a227265717569726564223b623a313b733a393a22636f6e666967757265223b733a31393a2261646d696e2f636f6e6669672f70656f706c65223b733a31313a227374796c65736865657473223b613a313a7b733a333a22616c6c223b613a313a7b733a383a22757365722e637373223b733a32313a226d6f64756c65732f757365722f757365722e637373223b7d7d733a373a2270726f6a656374223b733a363a2264727570616c223b733a393a22646174657374616d70223b733a31303a2231333532333235333537223b733a31323a22646570656e64656e63696573223b613a303a7b7d733a333a22706870223b733a353a22352e322e34223b733a393a22626f6f747374726170223b693a303b7d),
('profiles/standard/standard.profile', 'standard', 'module', '', 1, 0, 0, 1000, 0x613a31343a7b733a343a226e616d65223b733a383a225374616e64617264223b733a31313a226465736372697074696f6e223b733a35313a22496e7374616c6c207769746820636f6d6d6f6e6c792075736564206665617475726573207072652d636f6e666967757265642e223b733a373a2276657273696f6e223b733a343a22372e3137223b733a343a22636f7265223b733a333a22372e78223b733a31323a22646570656e64656e63696573223b613a32313a7b693a303b733a353a22626c6f636b223b693a313b733a353a22636f6c6f72223b693a323b733a373a22636f6d6d656e74223b693a333b733a31303a22636f6e7465787475616c223b693a343b733a393a2264617368626f617264223b693a353b733a343a2268656c70223b693a363b733a353a22696d616765223b693a373b733a343a226c697374223b693a383b733a343a226d656e75223b693a393b733a363a226e756d626572223b693a31303b733a373a226f7074696f6e73223b693a31313b733a343a2270617468223b693a31323b733a383a227461786f6e6f6d79223b693a31333b733a353a2264626c6f67223b693a31343b733a363a22736561726368223b693a31353b733a383a2273686f7274637574223b693a31363b733a373a22746f6f6c626172223b693a31373b733a373a226f7665726c6179223b693a31383b733a383a226669656c645f7569223b693a31393b733a343a2266696c65223b693a32303b733a333a22726466223b7d733a373a2270726f6a656374223b733a363a2264727570616c223b733a393a22646174657374616d70223b733a31303a2231333532333235333537223b733a373a227061636b616765223b733a353a224f74686572223b733a333a22706870223b733a353a22352e322e34223b733a353a2266696c6573223b613a303a7b7d733a393a22626f6f747374726170223b693a303b733a363a2268696464656e223b623a313b733a383a227265717569726564223b623a313b733a31373a22646973747269627574696f6e5f6e616d65223b733a363a2244727570616c223b7d);
INSERT INTO `drup_system` VALUES
('themes/bartik/bartik.info', 'bartik', 'theme', 'themes/engines/phptemplate/phptemplate.engine', 1, 0, -1, 0, 0x[encoded data, 4126 characters]),
('themes/garland/garland.info', 'garland', 'theme', 'themes/engines/phptemplate/phptemplate.engine', 0, 0, -1, 0, 0x613a31383a7b733a343a226e616d65223b733a373a224761726c616e64223b733a31313a226465736372697074696f6e223b733a3131313a2241206d756c74692d636f6c756d6e207468656d652077686963682063616e20626520636f6e6669677572656420746f206d6f6469667920636f6c6f727320616e6420737769746368206265747765656e20666978656420616e6420666c756964207769647468206c61796f7574732e223b733a373a227061636b616765223b733a343a22436f7265223b733a373a2276657273696f6e223b733a343a22372e3137223b733a343a22636f7265223b733a333a22372e78223b733a31313a227374796c65736865657473223b613a323a7b733a333a22616c6c223b613a313a7b733a393a227374796c652e637373223b733a32343a227468656d65732f6761726c616e642f7374796c652e637373223b7d733a353a227072696e74223b613a313a7b733a393a227072696e742e637373223b733a32343a227468656d65732f6761726c616e642f7072696e742e637373223b7d7d733a383a2273657474696e6773223b613a313a7b733a31333a226761726c616e645f7769647468223b733a353a22666c756964223b7d733a373a2270726f6a656374223b733a363a2264727570616c223b733a393a22646174657374616d70223b733a31303a2231333532333235333537223b733a363a22656e67696e65223b733a31313a2270687074656d706c617465223b733a373a22726567696f6e73223b613a31323a7b733a31333a22736964656261725f6669727374223b733a31323a224c6566742073696465626172223b733a31343a22736964656261725f7365636f6e64223b733a31333a2252696768742073696465626172223b733a373a22636f6e74656e74223b733a373a22436f6e74656e74223b733a363a22686561646572223b733a363a22486561646572223b733a363a22666f6f746572223b733a363a22466f6f746572223b733a31313a22686967686c696768746564223b733a31313a22486967686c696768746564223b733a343a2268656c70223b733a343a2248656c70223b733a383a22706167655f746f70223b733a383a225061676520746f70223b733a31313a22706167655f626f74746f6d223b733a31313a225061676520626f74746f6d223b733a31343a2264617368626f6172645f6d61696e223b733a31363a2244617368626f61726420286d61696e29223b733a31373a2264617368626f6172645f73696465626172223b733a31393a2244617368626f61726420287369646562617229223b733a31383a2264617368626f6172645f696e616374697665223b733a32303a2244617368626f6172642028696e61637469766529223b7d733a383a226665617475726573223b613a393a7b693a303b733a343a226c6f676f223b693a313b733a373a2266617669636f6e223b693a323b733a343a226e616d65223b693a333b733a363a22736c6f67616e223b693a343b733a31373a226e6f64655f757365725f70696374757265223b693a353b733a32303a22636f6d6d656e745f757365725f70696374757265223b693a363b733a32353a22636f6d6d656e745f757365725f766572696669636174696f6e223b693a373b733a393a226d61696e5f6d656e75223b693a383b733a31343a227365636f6e646172795f6d656e75223b7d733a31303a2273637265656e73686f74223b733a32393a227468656d65732f6761726c616e642f73637265656e73686f742e706e67223b733a333a22706870223b733a353a22352e322e34223b733a373a2273637269707473223b613a303a7b7d733a31353a226f7665726c61795f726567696f6e73223b613a353a7b693a303b733a31343a2264617368626f6172645f6d61696e223b693a313b733a31373a2264617368626f6172645f73696465626172223b693a323b733a31383a2264617368626f6172645f696e616374697665223b693a333b733a373a22636f6e74656e74223b693a343b733a343a2268656c70223b7d733a31343a22726567696f6e735f68696464656e223b613a323a7b693a303b733a383a22706167655f746f70223b693a313b733a31313a22706167655f626f74746f6d223b7d733a32383a226f7665726c61795f737570706c656d656e74616c5f726567696f6e73223b613a313a7b693a303b733a383a22706167655f746f70223b7d7d),
('themes/seven/seven.info', 'seven', 'theme', 'themes/engines/phptemplate/phptemplate.engine', 1, 0, -1, 0, 0x613a31383a7b733a343a226e616d65223b733a353a22536576656e223b733a31313a226465736372697074696f6e223b733a36353a22412073696d706c65206f6e652d636f6c756d6e2c207461626c656c6573732c20666c7569642077696474682061646d696e697374726174696f6e207468656d652e223b733a373a227061636b616765223b733a343a22436f7265223b733a373a2276657273696f6e223b733a343a22372e3137223b733a343a22636f7265223b733a333a22372e78223b733a31313a227374796c65736865657473223b613a313a7b733a363a2273637265656e223b613a323a7b733a393a2272657365742e637373223b733a32323a227468656d65732f736576656e2f72657365742e637373223b733a393a227374796c652e637373223b733a32323a227468656d65732f736576656e2f7374796c652e637373223b7d7d733a383a2273657474696e6773223b613a313a7b733a32303a2273686f72746375745f6d6f64756c655f6c696e6b223b733a313a2231223b7d733a373a22726567696f6e73223b613a383a7b733a373a22636f6e74656e74223b733a373a22436f6e74656e74223b733a343a2268656c70223b733a343a2248656c70223b733a383a22706167655f746f70223b733a383a225061676520746f70223b733a31313a22706167655f626f74746f6d223b733a31313a225061676520626f74746f6d223b733a31333a22736964656261725f6669727374223b733a31333a2246697273742073696465626172223b733a31343a2264617368626f6172645f6d61696e223b733a31363a2244617368626f61726420286d61696e29223b733a31373a2264617368626f6172645f73696465626172223b733a31393a2244617368626f61726420287369646562617229223b733a31383a2264617368626f6172645f696e616374697665223b733a32303a2244617368626f6172642028696e61637469766529223b7d733a31343a22726567696f6e735f68696464656e223b613a333a7b693a303b733a31333a22736964656261725f6669727374223b693a313b733a383a22706167655f746f70223b693a323b733a31313a22706167655f626f74746f6d223b7d733a373a2270726f6a656374223b733a363a2264727570616c223b733a393a22646174657374616d70223b733a31303a2231333532333235333537223b733a363a22656e67696e65223b733a31313a2270687074656d706c617465223b733a383a226665617475726573223b613a393a7b693a303b733a343a226c6f676f223b693a313b733a373a2266617669636f6e223b693a323b733a343a226e616d65223b693a333b733a363a22736c6f67616e223b693a343b733a31373a226e6f64655f757365725f70696374757265223b693a353b733a32303a22636f6d6d656e745f757365725f70696374757265223b693a363b733a32353a22636f6d6d656e745f757365725f766572696669636174696f6e223b693a373b733a393a226d61696e5f6d656e75223b693a383b733a31343a227365636f6e646172795f6d656e75223b7d733a31303a2273637265656e73686f74223b733a32373a227468656d65732f736576656e2f73637265656e73686f742e706e67223b733a333a22706870223b733a353a22352e322e34223b733a373a2273637269707473223b613a303a7b7d733a31353a226f7665726c61795f726567696f6e73223b613a353a7b693a303b733a31343a2264617368626f6172645f6d61696e223b693a313b733a31373a2264617368626f6172645f73696465626172223b693a323b733a31383a2264617368626f6172645f696e616374697665223b693a333b733a373a22636f6e74656e74223b693a343b733a343a2268656c70223b7d733a32383a226f7665726c61795f737570706c656d656e74616c5f726567696f6e73223b613a313a7b693a303b733a383a22706167655f746f70223b7d7d),
('themes/stark/stark.info', 'stark', 'theme', 'themes/engines/phptemplate/phptemplate.engine', 0, 0, -1, 0, 0x613a31373a7b733a343a226e616d65223b733a353a22537461726b223b733a31313a226465736372697074696f6e223b733a3230383a2254686973207468656d652064656d6f6e737472617465732044727570616c27732064656661756c742048544d4c206d61726b757020616e6420435353207374796c65732e20546f206c6561726e20686f7720746f206275696c6420796f7572206f776e207468656d6520616e64206f766572726964652044727570616c27732064656661756c7420636f64652c2073656520746865203c6120687265663d22687474703a2f2f64727570616c2e6f72672f7468656d652d6775696465223e5468656d696e672047756964653c2f613e2e223b733a373a227061636b616765223b733a343a22436f7265223b733a373a2276657273696f6e223b733a343a22372e3137223b733a343a22636f7265223b733a333a22372e78223b733a31313a227374796c65736865657473223b613a313a7b733a333a22616c6c223b613a313a7b733a31303a226c61796f75742e637373223b733a32333a227468656d65732f737461726b2f6c61796f75742e637373223b7d7d733a373a2270726f6a656374223b733a363a2264727570616c223b733a393a22646174657374616d70223b733a31303a2231333532333235333537223b733a363a22656e67696e65223b733a31313a2270687074656d706c617465223b733a373a22726567696f6e73223b613a31323a7b733a31333a22736964656261725f6669727374223b733a31323a224c6566742073696465626172223b733a31343a22736964656261725f7365636f6e64223b733a31333a2252696768742073696465626172223b733a373a22636f6e74656e74223b733a373a22436f6e74656e74223b733a363a22686561646572223b733a363a22486561646572223b733a363a22666f6f746572223b733a363a22466f6f746572223b733a31313a22686967686c696768746564223b733a31313a22486967686c696768746564223b733a343a2268656c70223b733a343a2248656c70223b733a383a22706167655f746f70223b733a383a225061676520746f70223b733a31313a22706167655f626f74746f6d223b733a31313a225061676520626f74746f6d223b733a31343a2264617368626f6172645f6d61696e223b733a31363a2244617368626f61726420286d61696e29223b733a31373a2264617368626f6172645f73696465626172223b733a31393a2244617368626f61726420287369646562617229223b733a31383a2264617368626f6172645f696e616374697665223b733a32303a2244617368626f6172642028696e61637469766529223b7d733a383a226665617475726573223b613a393a7b693a303b733a343a226c6f676f223b693a313b733a373a2266617669636f6e223b693a323b733a343a226e616d65223b693a333b733a363a22736c6f67616e223b693a343b733a31373a226e6f64655f757365725f70696374757265223b693a353b733a32303a22636f6d6d656e745f757365725f70696374757265223b693a363b733a32353a22636f6d6d656e745f757365725f766572696669636174696f6e223b693a373b733a393a226d61696e5f6d656e75223b693a383b733a31343a227365636f6e646172795f6d656e75223b7d733a31303a2273637265656e73686f74223b733a32373a227468656d65732f737461726b2f73637265656e73686f742e706e67223b733a333a22706870223b733a353a22352e322e34223b733a373a2273637269707473223b613a303a7b7d733a31353a226f7665726c61795f726567696f6e73223b613a353a7b693a303b733a31343a2264617368626f6172645f6d61696e223b693a313b733a31373a2264617368626f6172645f73696465626172223b693a323b733a31383a2264617368626f6172645f696e616374697665223b693a333b733a373a22636f6e74656e74223b693a343b733a343a2268656c70223b7d733a31343a22726567696f6e735f68696464656e223b613a323a7b693a303b733a383a22706167655f746f70223b693a313b733a31313a22706167655f626f74746f6d223b7d733a32383a226f7665726c61795f737570706c656d656e74616c5f726567696f6e73223b613a313a7b693a303b733a383a22706167655f746f70223b7d7d);

CREATE TABLE `drup_taxonomy_index` (
  `nid` int(10) unsigned NOT NULL DEFAULT '0' COMMENT 'The aVc3_node.nid this record tracks.',
  `tid` int(10) unsigned NOT NULL DEFAULT '0' COMMENT 'The term ID.',
  `sticky` tinyint(4) DEFAULT '0' COMMENT 'Boolean indicating whether the node is sticky.',
  `created` int(11) NOT NULL DEFAULT '0' COMMENT 'The Unix timestamp when the node was created.',
  KEY `term_node` (`tid`,`sticky`,`created`),
  KEY `nid` (`nid`)
) TYPE=InnoDB COMMENT='Maintains denormalized information about node/term...';

CREATE TABLE `drup_taxonomy_term_data` (
  `tid` int(10) unsigned NOT NULL AUTO_INCREMENT COMMENT 'Primary Key: Unique term ID.',
  `vid` int(10) unsigned NOT NULL DEFAULT '0' COMMENT 'The aVc3_taxonomy_vocabulary.vid of the vocabulary to which the term is assigned.',
  `name` varchar(255) NOT NULL DEFAULT '' COMMENT 'The term name.',
  `description` longtext COMMENT 'A description of the term.',
  `format` varchar(255) DEFAULT NULL COMMENT 'The aVc3_filter_format.format of the description.',
  `weight` int(11) NOT NULL DEFAULT '0' COMMENT 'The weight of this term in relation to other terms.',
  PRIMARY KEY (`tid`),
  KEY `taxonomy_tree` (`vid`,`weight`,`name`),
  KEY `vid_name` (`vid`,`name`),
  KEY `name` (`name`)
) TYPE=InnoDB COMMENT='Stores term information.';

CREATE TABLE `drup_taxonomy_term_hierarchy` (
  `tid` int(10) unsigned NOT NULL DEFAULT '0' COMMENT 'Primary Key: The aVc3_taxonomy_term_data.tid of the term.',
  `parent` int(10) unsigned NOT NULL DEFAULT '0' COMMENT 'Primary Key: The aVc3_taxonomy_term_data.tid of the term’s parent. 0 indicates no parent.',
  PRIMARY KEY (`tid`,`parent`),
  KEY `parent` (`parent`)
) TYPE=InnoDB COMMENT='Stores the hierarchical relationship between terms.';

CREATE TABLE `drup_taxonomy_vocabulary` (
  `vid` int(10) unsigned NOT NULL AUTO_INCREMENT COMMENT 'Primary Key: Unique vocabulary ID.',
  `name` varchar(255) NOT NULL DEFAULT '' COMMENT 'Name of the vocabulary.',
  `machine_name` varchar(255) NOT NULL DEFAULT '' COMMENT 'The vocabulary machine name.',
  `description` longtext COMMENT 'Description of the vocabulary.',
  `hierarchy` tinyint(3) unsigned NOT NULL DEFAULT '0' COMMENT 'The type of hierarchy allowed within the vocabulary. (0 = disabled, 1 = single, 2 = multiple)',
  `module` varchar(255) NOT NULL DEFAULT '' COMMENT 'The module which created the vocabulary.',
  `weight` int(11) NOT NULL DEFAULT '0' COMMENT 'The weight of this vocabulary in relation to other vocabularies.',
  PRIMARY KEY (`vid`),
  UNIQUE KEY `machine_name` (`machine_name`),
  KEY `list` (`weight`,`name`)
) TYPE=InnoDB  COMMENT='Stores vocabulary information.';

INSERT INTO `drup_taxonomy_vocabulary` VALUES
(1, 'Tags', 'tags', 'Use tags to group articles on similar topics into categories.', 0, 'taxonomy', 0);

CREATE TABLE `drup_url_alias` (
  `pid` int(10) unsigned NOT NULL AUTO_INCREMENT COMMENT 'A unique path alias identifier.',
  `source` varchar(255) NOT NULL DEFAULT '' COMMENT 'The Drupal path this alias is for; e.g. node/12.',
  `alias` varchar(255) NOT NULL DEFAULT '' COMMENT 'The alias for this path; e.g. title-of-the-story.',
  `language` varchar(12) NOT NULL DEFAULT '' COMMENT 'The language this alias is for; if ’und’, the alias will be used for unknown languages. Each Drupal path can have an alias for each supported language.',
  PRIMARY KEY (`pid`),
  KEY `alias_language_pid` (`alias`,`language`,`pid`),
  KEY `source_language_pid` (`source`,`language`,`pid`)
) TYPE=InnoDB COMMENT='A list of URL aliases for Drupal paths; a user may visit...';

CREATE TABLE `drup_users_roles` (
  `uid` int(10) unsigned NOT NULL DEFAULT '0' COMMENT 'Primary Key: aVc3_users.uid for user.',
  `rid` int(10) unsigned NOT NULL DEFAULT '0' COMMENT 'Primary Key: aVc3_role.rid for role.',
  PRIMARY KEY (`uid`,`rid`),
  KEY `rid` (`rid`)
) TYPE=InnoDB COMMENT='Maps users to roles.';

INSERT INTO `drup_users_roles` VALUES
(1, 3);

CREATE TABLE `drup_variable` (
  `name` varchar(128) NOT NULL DEFAULT '' COMMENT 'The name of the variable.',
  `value` longblob NOT NULL COMMENT 'The value of the variable.',
  PRIMARY KEY (`name`)
) TYPE=InnoDB COMMENT='Named variable/value pairs created by Drupal core or any...';

INSERT INTO `drup_variable` VALUES
('admin_theme', 0x733a353a22736576656e223b),
('clean_url', 0x733a313a2230223b),
('comment_page', 0x693a303b),
('cron_key', 0x733a34333a226a3370756c44666b6c64585f5a495f686867773743496249335362757a306b6a49625061634d3271382d63223b),
('cron_last', 0x693a313335323335393635303b),
('css_js_query_string', 0x733a363a226d6435726b79223b),
('date_default_timezone', 0x733a31363a22416d65726963612f4e65775f596f726b223b),
('drupal_http_request_fails', 0x623a303b),
('drupal_private_key', 0x733a34333a22686d5a766771496b767736774b7a5538766c6255454d4f7779624f6c386547434c59613748524576664a41223b),
('file_temporary_path', 0x733a31313a22746d706c65326842453050223b),
('filter_fallback_format', 0x733a31303a22706c61696e5f74657874223b),
('install_profile', 0x733a383a227374616e64617264223b),
('install_task', 0x733a343a22646f6e65223b),
('install_time', 0x693a313239343232383338393b),
('javascript_parsed', 0x613a353a7b693a303b733a31343a226d6973632f64727570616c2e6a73223b693a313b733a31343a226d6973632f6a71756572792e6a73223b693a323b733a31393a226d6973632f6a71756572792e6f6e63652e6a73223b693a333b733a32313a226d6973632f6a71756572792e636f6f6b69652e6a73223b693a343b733a32363a226d6f64756c65732f746f6f6c6261722f746f6f6c6261722e6a73223b7d),
('language_default', 0x4f3a383a22737464436c617373223a31313a7b733a383a226c616e6775616765223b733a323a22656e223b733a343a226e616d65223b733a373a22456e676c697368223b733a363a226e6174697665223b733a373a22456e676c697368223b733a393a22646972656374696f6e223b733a313a2230223b733a373a22656e61626c6564223b733a313a2231223b733a373a22706c7572616c73223b733a313a2230223b733a373a22666f726d756c61223b733a303a22223b733a363a22646f6d61696e223b733a303a22223b733a363a22707265666978223b733a303a22223b733a363a22776569676874223b733a313a2230223b733a31303a226a617661736372697074223b733a303a22223b7d),
('language_negotiation_language', 0x613a303a7b7d),
('language_negotiation_language_content', 0x613a313a7b733a31363a226c6f63616c652d696e74657266616365223b613a323a7b733a393a2263616c6c6261636b73223b613a313a7b733a383a226c616e6775616765223b733a33303a226c6f63616c655f6c616e67756167655f66726f6d5f696e74657266616365223b7d733a343a2266696c65223b733a31393a22696e636c756465732f6c6f63616c652e696e63223b7d7d),
('language_negotiation_language_url', 0x613a323a7b733a31303a226c6f63616c652d75726c223b613a323a7b733a393a2263616c6c6261636b73223b613a333a7b733a383a226c616e6775616765223b733a32343a226c6f63616c655f6c616e67756167655f66726f6d5f75726c223b733a383a227377697463686572223b733a32383a226c6f63616c655f6c616e67756167655f73776974636865725f75726c223b733a31313a2275726c5f72657772697465223b733a33313a226c6f63616c655f6c616e67756167655f75726c5f726577726974655f75726c223b7d733a343a2266696c65223b733a31393a22696e636c756465732f6c6f63616c652e696e63223b7d733a31393a226c6f63616c652d75726c2d66616c6c6261636b223b613a323a7b733a393a2263616c6c6261636b73223b613a313a7b733a383a226c616e6775616765223b733a32383a226c6f63616c655f6c616e67756167655f75726c5f66616c6c6261636b223b7d733a343a2266696c65223b733a31393a22696e636c756465732f6c6f63616c652e696e63223b7d7d),
('language_types', 0x613a333a7b733a383a226c616e6775616765223b623a313b733a31363a226c616e67756167655f636f6e74656e74223b623a303b733a31323a226c616e67756167655f75726c223b623a303b7d),
('maintenance_mode', 0x623a303b),
('menu_expanded', 0x613a303a7b7d),
('menu_masks', 0x613a33343a7b693a303b693a3530313b693a313b693a3439333b693a323b693a3235303b693a333b693a3234373b693a343b693a3234363b693a353b693a3234353b693a363b693a3132353b693a373b693a3132333b693a383b693a3132323b693a393b693a3132313b693a31303b693a3131373b693a31313b693a36333b693a31323b693a36323b693a31333b693a36313b693a31343b693a36303b693a31353b693a35393b693a31363b693a35383b693a31373b693a34343b693a31383b693a33313b693a31393b693a33303b693a32303b693a32393b693a32313b693a32383b693a32323b693a32343b693a32333b693a32313b693a32343b693a31353b693a32353b693a31343b693a32363b693a31333b693a32373b693a31313b693a32383b693a373b693a32393b693a363b693a33303b693a353b693a33313b693a333b693a33323b693a323b693a33333b693a313b7d),
('node_admin_theme', 0x733a313a2231223b),
('node_options_page', 0x613a313a7b693a303b733a363a22737461747573223b7d),
('node_submitted_page', 0x623a303b),
('path_alias_whitelist', 0x613a303a7b7d),
('site_default_country', 0x733a303a22223b),
('site_mail', 0x733a32373a2261646d696e40777777312e696e7374616c6c6174726f6e2e636f6d223b),
('site_name', 0x733a363a224d7920636d73223b),
('theme_default', 0x733a363a2262617274696b223b),
('user_admin_role', 0x733a313a2233223b),
('user_pictures', 0x733a313a2231223b),
('user_picture_dimensions', 0x733a393a22313032347831303234223b),
('user_picture_file_size', 0x733a333a22383030223b),
('user_picture_style', 0x733a393a227468756d626e61696c223b),
('user_register', 0x693a323b);

CREATE TABLE `drup_watchdog` (
  `wid` int(11) NOT NULL AUTO_INCREMENT COMMENT 'Primary Key: Unique watchdog event ID.',
  `uid` int(11) NOT NULL DEFAULT '0' COMMENT 'The aVc3_users.uid of the user who triggered the event.',
  `type` varchar(64) NOT NULL DEFAULT '' COMMENT 'Type of log message, for example "user" or "page not found."',
  `message` longtext NOT NULL COMMENT 'Text of log message to be passed into the t() function.',
  `variables` longblob NOT NULL COMMENT 'Serialized array of variables that match the message string and that is passed into the t() function.',
  `severity` tinyint(3) unsigned NOT NULL DEFAULT '0' COMMENT 'The severity level of the event; ranges from 0 (Emergency) to 7 (Debug)',
  `link` varchar(255) DEFAULT '' COMMENT 'Link to view the result of the event.',
  `location` text NOT NULL COMMENT 'URL of the origin of the event.',
  `referer` text COMMENT 'URL of referring page.',
  `hostname` varchar(128) NOT NULL DEFAULT '' COMMENT 'Hostname of the user who triggered the event.',
  `timestamp` int(11) NOT NULL DEFAULT '0' COMMENT 'Unix timestamp of when event occurred.',
  PRIMARY KEY (`wid`),
  KEY `type` (`type`),
  KEY `uid` (`uid`)
) TYPE=InnoDB  COMMENT='Table that contains logs of all system events.';

